{"id":10324,"date":"2023-05-26T09:53:58","date_gmt":"2023-05-26T02:53:58","guid":{"rendered":"https:\/\/www.konicaminolta.vn\/business\/?page_id=10324"},"modified":"2023-05-29T17:11:54","modified_gmt":"2023-05-29T10:11:54","slug":"thuc-day-cac-kha-nang-in-an","status":"publish","type":"page","link":"https:\/\/www.konicaminolta.vn\/business\/thuc-day-cac-kha-nang-in-an\/","title":{"rendered":"Th\u00fac \u0111\u1ea9y c\u00e1c kh\u1ea3 n\u0103ng in \u1ea5n"},"content":{"rendered":"<div class=\"wpb-content-wrapper\"><p>[vc_row 0=&#8221;&#8221;][vc_column 0=&#8221;&#8221;][rev_slider_vc alias=&#8221;igniting-print&#8221;][vc_empty_space height=&#8221;16px&#8221;][\/vc_column][\/vc_row][vc_row 0=&#8221;&#8221;][vc_column 0=&#8221;&#8221;][vc_column_text 0=&#8221;&#8221;]<\/p>\n<h3 style=\"text-align: center;\"><span style=\"font-size: 22pt; color: #0062c2;\">TH\u00daC \u0110\u1ea8Y C\u00c1C KH\u1ea2 N\u0102NG IN \u1ea4N<\/span><\/h3>\n<p>[\/vc_column_text][vc_empty_space height=&#8221;16px&#8221;][vc_column_text 0=&#8221;&#8221;]<\/p>\n<p class=\"hideonsmallscreen\" style=\"text-align: center;\">M\u1edf r\u1ed9ng t\u1ea7m m\u1eaft c\u1ee7a b\u1ea1n v\u1edbi ngh\u1ec7 thu\u1eadt c\u1ee7a nh\u1eefng \u0111i\u1ec1u c\u00f3 th\u1ec3. Ch\u00fang t\u00f4i \u0111ang k\u00edch ho\u1ea1t kh\u1ea3 n\u0103ng in \u1ea5n. T\u1eeb vi\u1ec7c chinh ph\u1ee5c c\u00e1c th\u1ecb tr\u01b0\u1eddng m\u1edbi, \u0111\u1ebfn n\u1eafm b\u1eaft c\u00e1c k\u1ef9 thu\u1eadt m\u1edbi v\u00e0 t\u1ea1o ra nh\u1eefng tr\u1ea3i nghi\u1ec7m kh\u00e1ch h\u00e0ng \u0111\u1ed9c \u0111\u00e1o h\u01a1n bao gi\u1edd h\u1ebft. C\u00f9ng nhau, ch\u00fang t\u00f4i s\u1ebd \u0111\u01b0a doanh nghi\u1ec7p c\u1ee7a b\u1ea1n \u0111\u1ebfn nh\u1eefng n\u01a1i b\u1ea1n ch\u01b0a t\u1eebng t\u01b0\u1edfng t\u01b0\u1ee3ng.<\/p>\n<p>[\/vc_column_text][\/vc_column][\/vc_row][vc_row 0=&#8221;&#8221;][vc_column 0=&#8221;&#8221;][vc_empty_space height=&#8221;16px&#8221;][vc_raw_html 0=&#8221;&#8221;]JTNDZGl2JTIwc3R5bGUlM0QlMjJwb3NpdGlvbiUzQSUyMHJlbGF0aXZlJTNCJTIwcGFkZGluZy1ib3R0b20lM0ElMjA1Ni4yNSUyNSUzQiUyMiUzRSUzQ2lmcmFtZSUyMHN0eWxlJTNEJTIyd2lkdGglM0ElMjAxMDAlMjUlM0IlMjBoZWlnaHQlM0ElMjAxMDAlMjUlM0IlMjBwb3NpdGlvbiUzQSUyMGFic29sdXRlJTNCJTIwbGVmdCUzQSUyMDBweCUzQiUyMHRvcCUzQSUyMDBweCUzQiUyMiUyMHNyYyUzRCUyMmh0dHBzJTNBJTJGJTJGd3d3LmtvbmljYW1pbm9sdGEuc2clMkZidXNpbmVzcyUyRndwLWNvbnRlbnQlMkZ1cGxvYWRzJTJGMjAyMiUyRjA1JTJGSVBQJTI1MjBDYW1wYWlnbiUyNTIwLSUyNTIwSGVybyUyNTIwTW92aWUlMjUyMFNIT1JUJTI1MjAwLTQyJTI1MjAtJTI1MjBIRCUyNTIwMTA4MHAubXA0JTIyJTIwd2lkdGglM0QlMjIxMDAlMjUlMjIlMjBoZWlnaHQlM0QlMjIxMDAlMjUlMjIlMjBmcmFtZWJvcmRlciUzRCUyMjAlMjIlMjBhbGxvd2Z1bGxzY3JlZW4lM0QlMjJhbGxvd2Z1bGxzY3JlZW4lMjIlMjBhdXRvcGxheSUzRCUyMmZhbHNlJTIyJTNFJTBBJTNDJTJGaWZyYW1lJTNFJTNDJTJGZGl2JTNF[\/vc_raw_html][\/vc_column][\/vc_row][vc_row css=&#8221;.vc_custom_1631179037118{background-color: #ffffff !important;}&#8221;][vc_column 0=&#8221;&#8221;][vc_empty_space height=&#8221;16px&#8221;][vc_column_text 0=&#8221;&#8221;]<\/p>\n<h3 style=\"text-align: center;\"><span style=\"font-size: 22pt; color: #0062c2;\">C\u00f3 \u00fd ngh\u0129a g\u00ec \u0111\u1ed1i v\u1edbi doanh nghi\u1ec7p c\u1ee7a b\u1ea1n?<\/span><\/h3>\n<p>[\/vc_column_text][vc_row_inner equal_height=&#8221;yes&#8221; gap=&#8221;15&#8243; css=&#8221;.vc_custom_1631772476463{margin-top: 10px !important;margin-right: 10px !important;margin-left: 10px !important;}&#8221;][vc_column_inner width=&#8221;1\/3&#8243; css=&#8221;.vc_custom_1631772333080{margin-right: 0px !important;margin-left: 0px !important;padding-top: 16px !important;padding-right: 26px !important;padding-bottom: 5px !important;padding-left: 26px !important;background-color: #def2f5 !important;border-radius: 10px !important;}&#8221;][vc_empty_space height=&#8221;16px&#8221;][vc_single_image image=&#8221;10328&#8243; img_size=&#8221;full&#8221; alignment=&#8221;center&#8221;][vc_column_text css_animation=&#8221;fadeIn&#8221;]<strong><span style=\"font-size: 14pt; color: #0062c2;\">N\u0103ng su\u1ea5t<\/span><\/strong><br \/>\nH\u1ee3p l\u00fd h\u00f3a t\u01b0\u01a1ng lai b\u1eb1ng c\u00e1ch t\u1ed1i \u0111a h\u00f3a c\u00e1c c\u01a1 h\u1ed9i th\u1ecb tr\u01b0\u1eddng v\u00e0 t\u1ea1o ra nhi\u1ec1u vi\u1ec7c l\u00e0m h\u01a1n m\u1ed7i ca.[\/vc_column_text][vc_empty_space height=&#8221;12px&#8221;][vc_btn title=&#8221;KH\u00c1M PH\u00c1 TH\u00caM &gt;&#8221; style=&#8221;flat&#8221; color=&#8221;info&#8221; size=&#8221;sm&#8221; align=&#8221;left&#8221; link=&#8221;url:www.konicaminolta.vn\/business\/product\/accuriopress-6136-6136p-6120|||&#8221;][vc_empty_space height=&#8221;16px&#8221;][\/vc_column_inner][vc_column_inner width=&#8221;1\/3&#8243; css=&#8221;.vc_custom_1631772341269{margin-right: 0px !important;margin-left: 0px !important;padding-top: 16px !important;padding-right: 26px !important;padding-bottom: 5px !important;padding-left: 26px !important;background-color: #def2f5 !important;border-radius: 10px !important;}&#8221;][vc_empty_space height=&#8221;16px&#8221;][vc_single_image image=&#8221;10329&#8243; img_size=&#8221;full&#8221; alignment=&#8221;center&#8221;][vc_column_text css_animation=&#8221;fadeIn&#8221;]<strong><span style=\"font-size: 14pt; color: #0062c2;\">Hi\u1ec7u qu\u1ea3<\/span><\/strong><br \/>\nGi\u1ea3m th\u1eddi gian l\u00e0m th\u00eam gi\u1edd b\u1eb1ng c\u00e1ch t\u1ef1 \u0111\u1ed9ng h\u00f3a v\u00e0 t\u1ed1i \u01b0u h\u00f3a quy tr\u00ecnh l\u00e0m vi\u1ec7c c\u1ee7a b\u1ea1n, ch\u1ec9 d\u00e0nh th\u1eddi gian khi th\u1ef1c s\u1ef1 c\u1ea7n thi\u1ebft.[\/vc_column_text][vc_btn title=&#8221;KH\u00c1M PH\u00c1 TH\u00caM &gt;&#8221; style=&#8221;flat&#8221; color=&#8221;info&#8221; size=&#8221;sm&#8221; align=&#8221;left&#8221; link=&#8221;url:www.konicaminolta.vn\/business\/product\/accuriopress-c14000-c12000|||&#8221;][vc_empty_space height=&#8221;16px&#8221;][\/vc_column_inner][vc_column_inner width=&#8221;1\/3&#8243; css=&#8221;.vc_custom_1631772349864{margin-right: 0px !important;margin-left: 0px !important;padding-top: 16px !important;padding-right: 26px !important;padding-bottom: 5px !important;padding-left: 26px !important;background-color: #def2f5 !important;border-radius: 10px !important;}&#8221;][vc_empty_space height=&#8221;16px&#8221;][vc_single_image image=&#8221;10330&#8243; img_size=&#8221;full&#8221; alignment=&#8221;center&#8221;][vc_column_text css_animation=&#8221;fadeIn&#8221;]<span style=\"color: #0062c2;\"><span style=\"font-size: 18.6667px;\"><b>T\u00ednh linh ho\u1ea1t<\/b><\/span><\/span><br \/>\nN\u1ed5i b\u1eadt so v\u1edbi c\u00e1c \u0111\u1ed1i th\u1ee7 c\u1ea1nh tranh v\u00e0 \u0111\u1ea7u t\u01b0 cho t\u01b0\u01a1ng lai v\u1edbi \u1ee9ng d\u1ee5ng ho\u00e0n to\u00e0n m\u1edbis.[\/vc_column_text][vc_empty_space height=&#8221;12px&#8221;][vc_btn title=&#8221;KH\u00c1M PH\u00c1 TH\u00caM &gt;&#8221; style=&#8221;flat&#8221; color=&#8221;info&#8221; size=&#8221;sm&#8221; align=&#8221;left&#8221; link=&#8221;url:www.konicaminolta.vn\/business\/product\/accuriopress-c4080-c4070\/||&#8221;][vc_empty_space height=&#8221;16px&#8221;][\/vc_column_inner][\/vc_row_inner][vc_row_inner equal_height=&#8221;yes&#8221; gap=&#8221;15&#8243; css=&#8221;.vc_custom_1631772476463{margin-top: 10px !important;margin-right: 10px !important;margin-left: 10px !important;}&#8221;][vc_column_inner width=&#8221;1\/3&#8243; css=&#8221;.vc_custom_1631772333080{margin-right: 0px !important;margin-left: 0px !important;padding-top: 16px !important;padding-right: 26px !important;padding-bottom: 5px !important;padding-left: 26px !important;background-color: #def2f5 !important;border-radius: 10px !important;}&#8221;][vc_empty_space height=&#8221;16px&#8221;][vc_single_image image=&#8221;10331&#8243; img_size=&#8221;full&#8221; alignment=&#8221;center&#8221;][vc_column_text css_animation=&#8221;fadeIn&#8221;]<span style=\"color: #0062c2;\"><span style=\"font-size: 18.6667px;\"><b>S\u1ef1 b\u1ec1n v\u1eefng<br \/>\n<\/b><\/span><\/span>H\u1ed7 tr\u1ee3 m\u00f4i tr\u01b0\u1eddng b\u1eb1ng c\u00e1ch gi\u1ea3m c\u00e1c quy tr\u00ecnh th\u1ee7 c\u00f4ng v\u00e0 t\u1ef1 \u0111\u1ed9ng h\u00f3a c\u00e1c b\u01b0\u1edbc s\u1ea3n xu\u1ea5t, \u0111\u1ec3 gi\u1ea3m nguy\u00ean li\u1ec7u v\u00e0 ch\u1ea5t th\u1ea3i.[\/vc_column_text][vc_btn title=&#8221;KH\u00c1M PH\u00c1 TH\u00caM &gt;&#8221; style=&#8221;flat&#8221; color=&#8221;info&#8221; size=&#8221;sm&#8221; align=&#8221;left&#8221; link=&#8221;url:www.konicaminolta.vn\/business\/about\/environment|||&#8221;][vc_empty_space height=&#8221;16px&#8221;][\/vc_column_inner][vc_column_inner width=&#8221;1\/3&#8243; css=&#8221;.vc_custom_1631772341269{margin-right: 0px !important;margin-left: 0px !important;padding-top: 16px !important;padding-right: 26px !important;padding-bottom: 5px !important;padding-left: 26px !important;background-color: #def2f5 !important;border-radius: 10px !important;}&#8221;][vc_empty_space height=&#8221;16px&#8221;][vc_single_image image=&#8221;10332&#8243; img_size=&#8221;full&#8221; alignment=&#8221;center&#8221;][vc_column_text css_animation=&#8221;fadeIn&#8221;]<strong><span style=\"font-size: 14pt; color: #0062c2;\">S\u00e1ng t\u1ea1o<\/span><\/strong><br \/>\nT\u1ea1o \u1ea3nh h\u01b0\u1edfng v\u1edbi m\u00e0u s\u1eafc, c\u00e1 nh\u00e2n h\u00f3a v\u00e0 c\u00f4ng ngh\u1ec7 t\u00f4 \u0111i\u1ec3m.[\/vc_column_text][vc_empty_space height=&#8221;12px&#8221;][vc_btn title=&#8221;KH\u00c1M PH\u00c1 TH\u00caM &gt;&#8221; style=&#8221;flat&#8221; color=&#8221;info&#8221; size=&#8221;sm&#8221; align=&#8221;left&#8221; link=&#8221;url:www.konicaminolta.vn\/business\/product\/accuriojet-km1-e|||&#8221;][vc_empty_space height=&#8221;16px&#8221;][\/vc_column_inner][vc_column_inner width=&#8221;1\/3&#8243; css=&#8221;.vc_custom_1631772349864{margin-right: 0px !important;margin-left: 0px !important;padding-top: 16px !important;padding-right: 26px !important;padding-bottom: 5px !important;padding-left: 26px !important;background-color: #def2f5 !important;border-radius: 10px !important;}&#8221;][vc_empty_space height=&#8221;16px&#8221;][vc_single_image image=&#8221;10333&#8243; img_size=&#8221;full&#8221; alignment=&#8221;center&#8221;][vc_column_text css_animation=&#8221;fadeIn&#8221;]<strong><span style=\"font-size: 14pt; color: #0062c2;\">Nhanh nh\u1eb9n<\/span><\/strong><br \/>\nT\u1ed1i \u0111a h\u00f3a n\u0103ng su\u1ea5t v\u00e0 ti\u1ec1m n\u0103ng c\u1ee7a c\u00e1c ngu\u1ed3n l\u1ef1c c\u1ee7a b\u1ea1n b\u1eb1ng c\u00e1ch th\u1ef1c hi\u1ec7n nhi\u1ec1u lo\u1ea1i c\u00f4ng vi\u1ec7c h\u01a1n v\u1edbi t\u1ed1c \u0111\u1ed9 cao h\u01a1n.[\/vc_column_text][vc_btn title=&#8221;KH\u00c1M PH\u00c1 TH\u00caM &gt;&#8221; style=&#8221;flat&#8221; color=&#8221;info&#8221; size=&#8221;sm&#8221; align=&#8221;left&#8221; link=&#8221;url:www.konicaminolta.vn\/business\/product\/accuriopress-c7100-c7090|||&#8221;][vc_empty_space height=&#8221;16px&#8221;][\/vc_column_inner][\/vc_row_inner][vc_empty_space 0=&#8221;&#8221;][vc_single_image image=&#8221;10370&#8243; img_size=&#8221;full&#8221; alignment=&#8221;center&#8221; onclick=&#8221;custom_link&#8221; link=&#8221;https:\/\/www.konicaminolta.vn\/business\/industrial-printing&#8221;][\/vc_column][\/vc_row][vc_row css=&#8221;.vc_custom_1631179037118{background-color: #ffffff !important;}&#8221;][vc_column width=&#8221;1\/4&#8243;][\/vc_column][vc_column width=&#8221;1\/2&#8243;][vc_empty_space height=&#8221;16px&#8221;][\/vc_column][vc_column width=&#8221;1\/4&#8243;][\/vc_column][\/vc_row][vc_row css=&#8221;.vc_custom_1631179037118{background-color: #ffffff !important;}&#8221;][vc_column 0=&#8221;&#8221;][vc_empty_space height=&#8221;16px&#8221;][vc_column_text 0=&#8221;&#8221;]<\/p>\n<h3 style=\"text-align: center;\"><span style=\"font-size: 22pt; color: #0062c2;\">\u0110i\u1ec1u g\u00ec \u0111ang x\u1ea3y ra trong ng\u00e0nh?<\/span><\/h3>\n<p>[\/vc_column_text][vc_empty_space 0=&#8221;&#8221;][rev_slider_vc alias=&#8221;slider-ipp&#8221;][vc_empty_space 0=&#8221;&#8221;][\/vc_column][\/vc_row][vc_row css=&#8221;.vc_custom_1631179037118{background-color: #ffffff !important;}&#8221;][vc_column 0=&#8221;&#8221;][vc_empty_space 0=&#8221;&#8221;][vc_tta_accordion style=&#8221;flat&#8221; shape=&#8221;square&#8221; color=&#8221;turquoise&#8221; spacing=&#8221;1&#8243; c_align=&#8221;center&#8221; c_icon=&#8221;&#8221; active_section=&#8221;1&#8243; css_animation=&#8221;bottom-to-top&#8221; no_fill=&#8221;true&#8221;][vc_tta_section title=&#8221;Li\u00ean H\u1ec7 V\u1edbi Ch\u00fang T\u00f4i&#8221; tab_id=&#8221;1632383712800-26461e47-cfc1&#8243;][vc_empty_space height=&#8221;16px&#8221;][vc_row_inner 0=&#8221;&#8221;][vc_column_inner width=&#8221;1\/2&#8243;][vc_single_image image=&#8221;10337&#8243; img_size=&#8221;full&#8221; alignment=&#8221;center&#8221;][\/vc_column_inner][vc_column_inner width=&#8221;1\/2&#8243;][vc_raw_html 0=&#8221;&#8221;]JTNDJTIxLS0lNUJpZiUyMGx0ZSUyMElFJTIwOCU1RCUzRSUwQSUzQ3NjcmlwdCUyMGNoYXJzZXQlM0QlMjJ1dGYtOCUyMiUyMHR5cGUlM0QlMjJ0ZXh0JTJGamF2YXNjcmlwdCUyMiUyMHNyYyUzRCUyMiUyRiUyRmpzLmhzZm9ybXMubmV0JTJGZm9ybXMlMkZ2Mi1sZWdhY3kuanMlMjIlM0UlM0MlMkZzY3JpcHQlM0UlMEElM0MlMjElNUJlbmRpZiU1RC0tJTNFJTBBJTNDc2NyaXB0JTIwY2hhcnNldCUzRCUyMnV0Zi04JTIyJTIwdHlwZSUzRCUyMnRleHQlMkZqYXZhc2NyaXB0JTIyJTIwc3JjJTNEJTIyJTJGJTJGanMuaHNmb3Jtcy5uZXQlMkZmb3JtcyUyRmVtYmVkJTJGdjIuanMlMjIlM0UlM0MlMkZzY3JpcHQlM0UlMEElM0NzY3JpcHQlM0UlMEElMjAlMjBoYnNwdC5mb3Jtcy5jcmVhdGUlMjglN0IlMEElMjAlMjAlMjAlMjByZWdpb24lM0ElMjAlMjJuYTElMjIlMkMlMEElMjAlMjAlMjAlMjBwb3J0YWxJZCUzQSUyMCUyMjczODkzNzUlMjIlMkMlMEElMjAlMjAlMjAlMjBmb3JtSWQlM0ElMjAlMjI1MDk4N2UwZC0xNDQ3LTQxOGEtOTAyOC1hNTAwZWNhYTNjMmIlMjIlMEElMjAlMjAlN0QlMjklM0IlMEElM0MlMkZzY3JpcHQlM0U[\/vc_raw_html][\/vc_column_inner][\/vc_row_inner][\/vc_tta_section][\/vc_tta_accordion][vc_empty_space height=&#8221;16px&#8221;][\/vc_column][\/vc_row][vc_row css=&#8221;.vc_custom_1631175869507{background-color: #eaeaea !important;}&#8221;][vc_column 0=&#8221;&#8221;][vc_empty_space height=&#8221;16px&#8221;][vc_column_text 0=&#8221;&#8221;]<\/p>\n<h3 style=\"text-align: center;\"><span style=\"font-size: 22pt; color: #0062c2;\">\u0110\u1eccC TH\u00caM<\/span><\/h3>\n<p>[\/vc_column_text][vc_empty_space height=&#8221;16px&#8221;][\/vc_column][\/vc_row][vc_row css=&#8221;.vc_custom_1631175882522{background-color: #eaeaea !important;}&#8221;][vc_column width=&#8221;1\/4&#8243;][vc_row_inner content_placement=&#8221;middle&#8221;][vc_column_inner 0=&#8221;&#8221;][vc_single_image image=&#8221;10343&#8243; img_size=&#8221;full&#8221; onclick=&#8221;custom_link&#8221;][vc_column_text 0=&#8221;&#8221;]Gi\u1eefa m\u1ed9t bi\u1ec3n thi\u1ec7p ch\u00fac m\u1eebng v\u00e0 thi\u1ec7p qu\u00e0 t\u1eb7ng, l\u00e0m th\u1ebf n\u00e0o b\u1ea1n c\u00f3 th\u1ec3 l\u00e0m cho s\u1ea3n ph\u1ea9m c\u1ee7a m\u00ecnh n\u1ed5i b\u1eadt gi\u1eefa \u0111\u00e1m \u0111\u00f4ng? C\u00e1c c\u00f4ng ty ph\u1ea3i \u0111\u1ed1i m\u1eb7t v\u1edbi s\u1ef1 c\u1ea1nh tranh gay g\u1eaft trong ng\u00e0nh c\u00f4ng nghi\u1ec7p thi\u1ec7p ch\u00fac m\u1eebng tr\u1ecb gi\u00e1 7 t\u1ef7 \u0111\u00f4 la.[\/vc_column_text][vc_btn title=&#8221;\u0110\u1eccC TH\u00caM &gt;&#8221; style=&#8221;outline&#8221; shape=&#8221;square&#8221; color=&#8221;primary&#8221; size=&#8221;xs&#8221; link=&#8221;url:\/\/www.konicaminolta.vn\/business\/gia-tang-nhu-cau-in-an-tem-nhan-o-chau-a|||&#8221;][vc_empty_space height=&#8221;6px&#8221;][\/vc_column_inner][\/vc_row_inner][\/vc_column][vc_column width=&#8221;1\/4&#8243;][vc_row_inner 0=&#8221;&#8221;][vc_column_inner 0=&#8221;&#8221;][vc_single_image image=&#8221;10341&#8243; img_size=&#8221;full&#8221; onclick=&#8221;custom_link&#8221;][vc_column_text 0=&#8221;&#8221;]Nh\u1edd chuy\u1ec3n \u0111\u1ed5i k\u1ef9 thu\u1eadt s\u1ed1, vi\u1ec7c \u00e1p d\u1ee5ng r\u1ed9ng r\u00e3i mua s\u1eafm tr\u1ef1c tuy\u1ebfn v\u00e0 c\u00e1c s\u1ea3n ph\u1ea9m c\u00f3 th\u1ec3 in \u0111\u01b0\u1ee3c nh\u01b0 t\u00e1c ph\u1ea9m ngh\u1ec7 thu\u1eadt treo t\u01b0\u1eddng v\u00e0 t\u00fai tote \u0111\u1ec1u h\u1ed9i t\u1ee5 \u0111\u1ec3 mang \u0111\u1ebfn c\u01a1 h\u1ed9i v\u00f4 t\u1eadn cho c\u00f4ng ngh\u1ec7 in k\u1ef9 thu\u1eadt s\u1ed1 \u0111\u1ed5i m\u1edbi.[\/vc_column_text][vc_btn title=&#8221;\u0110\u1eccC TH\u00caM &gt;&#8221; style=&#8221;outline&#8221; shape=&#8221;square&#8221; color=&#8221;primary&#8221; size=&#8221;xs&#8221; link=&#8221;url:\/\/www.konicaminolta.vn\/business\/khai-thac-tiem-nang-in-an-voi-accuriojet-km-1e-va-accurioshine-3600|||&#8221;][vc_empty_space height=&#8221;6px&#8221;][\/vc_column_inner][\/vc_row_inner][\/vc_column][vc_column width=&#8221;1\/4&#8243;][vc_row_inner 0=&#8221;&#8221;][vc_column_inner 0=&#8221;&#8221;][vc_single_image image=&#8221;10342&#8243; img_size=&#8221;full&#8221; onclick=&#8221;custom_link&#8221;][vc_column_text 0=&#8221;&#8221;]Trong m\u00f4i tr\u01b0\u1eddng kinh doanh th\u1ebf k\u1ef7 21, m\u1ed9t n\u1ec1n t\u1ea3ng b\u00e1o ch\u00ed k\u1ef9 thu\u1eadt s\u1ed1 hi\u1ec7u qu\u1ea3 c\u00f3 th\u1ec3 mang l\u1ea1i v\u00f4 s\u1ed1 l\u1ee3i \u00edch. T\u00ecm hi\u1ec3u c\u00e1ch nhi\u1ec1u t\u00ednh n\u0103ng c\u1ee7a AccurioJet KM-1e c\u00f3 th\u1ec3 h\u1ee3p l\u00fd h\u00f3a v\u00e0 c\u1ea3i thi\u1ec7n k\u1ebft qu\u1ea3 in.[\/vc_column_text][vc_btn title=&#8221;\u0110\u1eccC TH\u00caM &gt;&#8221; style=&#8221;outline&#8221; shape=&#8221;square&#8221; color=&#8221;primary&#8221; size=&#8221;xs&#8221; link=&#8221;url:\/\/www.konicaminolta.vn\/business\/nhung-tien-ich-vuot-troi-cua-cong-nghe-in-ky-thuat-so-ma-dong-may-accuriopress-c4080-c4070-mang-lai|||&#8221;][vc_empty_space height=&#8221;6px&#8221;][\/vc_column_inner][\/vc_row_inner][\/vc_column][vc_column width=&#8221;1\/4&#8243;][vc_row_inner 0=&#8221;&#8221;][vc_column_inner 0=&#8221;&#8221;][vc_single_image image=&#8221;10340&#8243; img_size=&#8221;full&#8221; onclick=&#8221;custom_link&#8221;][vc_column_text 0=&#8221;&#8221;]Introducing the\u00a0<a href=\"\/\/www.konicaminolta.vn\/business\/nang-cao-chat-luong-in-thiep-chuc-mung-voi-nhung-ung-dung-trang-tri-thanh-pham\/\"><strong>D\u00f2ng AccurioPress C4080<\/strong><\/a>, c\u00f2n \u0111\u01b0\u1ee3c g\u1ecdi l\u00e0 d\u00f2ng s\u1ea3n ph\u1ea9m thay \u0111\u1ed5i, nh\u00e0 m\u00e1y s\u1ea3n xu\u1ea5t in t\u1ea5t c\u1ea3 trong m\u1ed9t cung c\u1ea5p cho doanh nghi\u1ec7p n\u0103ng su\u1ea5t t\u1ed1i \u0111a[\/vc_column_text][vc_btn title=&#8221;\u0110\u1eccC TH\u00caM &gt;&#8221; style=&#8221;outline&#8221; shape=&#8221;square&#8221; color=&#8221;primary&#8221; size=&#8221;xs&#8221; link=&#8221;url:\/\/www.konicaminolta.vn\/business\/nang-cao-chat-luong-in-thiep-chuc-mung-voi-nhung-ung-dung-trang-tri-thanh-pham\/|||&#8221;][vc_empty_space height=&#8221;6px&#8221;][\/vc_column_inner][\/vc_row_inner][\/vc_column][\/vc_row][vc_row 0=&#8221;&#8221;][vc_column 0=&#8221;&#8221;][vc_empty_space height=&#8221;12px&#8221;][vc_separator 0=&#8221;&#8221;][vc_empty_space height=&#8221;16px&#8221;][\/vc_column][\/vc_row][vc_row 0=&#8221;&#8221;][vc_column 0=&#8221;&#8221;][vc_raw_js 0=&#8221;&#8221;]JTNDc2NyaXB0JTNFJTIwJTBBalF1ZXJ5JTI4JTIwJTIyJTIzYmVuZWZpdF9zZWN0aW9uJTIyJTIwJTI5LndyYXBBbGwlMjglMjAlMjIlM0NkaXYlMjBjbGFzcyUzRCUyN2JlbmVmaXQlMjclMjAlMkYlM0UlMjIlMjklMEElMjAlMjAlMjBqUXVlcnklMjglMjAlMjIuc3VjY2Vzc19zZWN0aW9uJTIyJTIwJTI5LndyYXBBbGwlMjglMjAlMjIlM0NkaXYlMjBjbGFzcyUzRCUyN3N1Y2Nlc3MlMjclMjAlMkYlM0UlMjIlMjAlMjklMEElMjAlMjAlMjAlMjAlMjAlMjAlMEElM0MlMkZzY3JpcHQlM0U=[\/vc_raw_js][\/vc_column][\/vc_row]<\/p>\n<\/div>","protected":false},"excerpt":{"rendered":"<p>[vc_row 0=&#8221;&#8221;][vc_column 0=&#8221;&#8221;][rev_slider_vc alias=&#8221;igniting-print&#8221;][vc_empty_space height=&#8221;16px&#8221;][\/vc_column][\/vc_row][vc_row 0=&#8221;&#8221;][vc_column 0=&#8221;&#8221;][vc_column_text 0=&#8221;&#8221;] TH\u00daC \u0110\u1ea8Y C\u00c1C KH\u1ea2 N\u0102NG IN \u1ea4N [\/vc_column_text][vc_empty_space height=&#8221;16px&#8221;][vc_column_text 0=&#8221;&#8221;] M\u1edf r\u1ed9ng t\u1ea7m m\u1eaft c\u1ee7a b\u1ea1n v\u1edbi ngh\u1ec7 thu\u1eadt c\u1ee7a nh\u1eefng \u0111i\u1ec1u c\u00f3 th\u1ec3. Ch\u00fang t\u00f4i \u0111ang k\u00edch ho\u1ea1t kh\u1ea3 n\u0103ng in \u1ea5n. T\u1eeb vi\u1ec7c chinh ph\u1ee5c c\u00e1c th\u1ecb tr\u01b0\u1eddng m\u1edbi, \u0111\u1ebfn n\u1eafm b\u1eaft c\u00e1c k\u1ef9 thu\u1eadt<\/p>\n","protected":false},"author":1,"featured_media":0,"parent":0,"menu_order":0,"comment_status":"closed","ping_status":"closed","template":"","meta":{"footnotes":""},"class_list":["post-10324","page","type-page","status-publish","hentry"],"_links":{"self":[{"href":"https:\/\/www.konicaminolta.vn\/business\/wp-json\/wp\/v2\/pages\/10324","targetHints":{"allow":["GET"]}}],"collection":[{"href":"https:\/\/www.konicaminolta.vn\/business\/wp-json\/wp\/v2\/pages"}],"about":[{"href":"https:\/\/www.konicaminolta.vn\/business\/wp-json\/wp\/v2\/types\/page"}],"author":[{"embeddable":true,"href":"https:\/\/www.konicaminolta.vn\/business\/wp-json\/wp\/v2\/users\/1"}],"replies":[{"embeddable":true,"href":"https:\/\/www.konicaminolta.vn\/business\/wp-json\/wp\/v2\/comments?post=10324"}],"version-history":[{"count":5,"href":"https:\/\/www.konicaminolta.vn\/business\/wp-json\/wp\/v2\/pages\/10324\/revisions"}],"predecessor-version":[{"id":10380,"href":"https:\/\/www.konicaminolta.vn\/business\/wp-json\/wp\/v2\/pages\/10324\/revisions\/10380"}],"wp:attachment":[{"href":"https:\/\/www.konicaminolta.vn\/business\/wp-json\/wp\/v2\/media?parent=10324"}],"curies":[{"name":"wp","href":"https:\/\/api.w.org\/{rel}","templated":true}]}}