{"id":5092,"date":"2017-06-23T02:25:59","date_gmt":"2017-06-22T18:25:59","guid":{"rendered":"http:\/\/konicaminolta.me\/solutions\/"},"modified":"2018-06-25T23:47:57","modified_gmt":"2018-06-25T16:47:57","slug":"solutions","status":"publish","type":"page","link":"https:\/\/www.konicaminolta.vn\/business\/solutions\/","title":{"rendered":"Gi\u1ea3i ph\u00e1p"},"content":{"rendered":"<div class=\"wpb-content-wrapper\"><p>[vc_row content_placement=&#8221;middle&#8221;][vc_column][rev_slider_vc alias=&#8221;solution_vi&#8221;][vc_empty_space height=&#8221;50&#8243;][\/vc_column][\/vc_row][vc_row][vc_column][ucaddon_uc_side_carousel_content image=&#8221;2774&#8243; primary_color=&#8221;#003366&#8243; secondary_color=&#8221;#404040&#8243; title=&#8221;X\u00e2y d\u1ef1ng kh\u1ea3 n\u0103ng k\u1ef9 thu\u1eadt s\u1ed1 c\u1ee7a b\u1ea1n v\u1edbi ch\u00fang t\u00f4i&#8221; btn_text=&#8221;T\u00ecm hi\u1ec3u th\u00eam&#8221; link=&#8221;https:\/\/www.konicaminolta.vn\/business\/solutions\/build-up-your-digital-capabilities-with-us\/&#8221; uc_init_settings=&#8221;&#8221;]V\u1edbi s\u1ef1 s\u1eb5n c\u00f3 r\u1ed9ng r\u00e3i c\u1ee7a \u0111\u1ed5i m\u1edbi c\u00f4ng ngh\u1ec7, c\u00f4ng nh\u00e2n tri th\u1ee9c ng\u00e0y c\u00e0ng di \u0111\u1ed9ng. H\u1ea7u h\u1ebft nh\u00e2n vi\u00ean v\u0103n ph\u00f2ng kh\u00f4ng c\u00f2n c\u1ea7n ph\u1ea3i d\u00e0nh to\u00e0n b\u1ed9 th\u1eddi gian l\u00e0m vi\u1ec7c t\u1ea1i c\u01a1 s\u1edf c\u1ee7a c\u00f4ng ty nh\u01b0ng c\u00f3 th\u1ec3 ho\u1ea1t \u0111\u1ed9ng linh ho\u1ea1t t\u1eeb m\u1ed9t \u0111\u1ecba \u0111i\u1ec3m m\u00e0 h\u1ecd l\u1ef1a ch\u1ecdn. C\u00e1c chuy\u00ean gia d\u1ef1 \u0111o\u00e1n r\u1eb1ng s\u1ed1 nh\u00e2n vi\u00ean di \u0111\u1ed9ng s\u1ebd s\u1edbm v\u01b0\u1ee3t qu\u00e1 m\u1ed9t t\u1ef7 ho\u1eb7c h\u01a1n 35% t\u1ed5ng l\u1ef1c l\u01b0\u1ee3ng lao \u0111\u1ed9ng. Nh\u1eefng \u0111i\u1ec1u ki\u1ec7n l\u00e0m vi\u1ec7c thay \u0111\u1ed5i n\u00e0y c\u00f3 t\u00e1c \u0111\u1ed9ng c\u01a1 b\u1ea3n \u0111\u1ebfn s\u1ef1 c\u1ed9ng t\u00e1c gi\u1eefa c\u00e1c \u0111\u1ed3ng nghi\u1ec7p, v\u1edbi th\u00f4ng tin v\u00e0 t\u00e0i li\u1ec7u c\u1ea7n thi\u1ebft \u0111\u1ec3 c\u00f3 s\u1eb5n \u1edf m\u1ecdi n\u01a1i. L\u1ef1c l\u01b0\u1ee3ng lao \u0111\u1ed9ng di \u0111\u1ed9ng n\u00e0y ph\u1ee5 thu\u1ed9c nhi\u1ec1u nh\u1ea5t v\u00e0o t\u00ednh linh ho\u1ea1t n\u00e2ng cao, \u0111i\u1ec1u n\u00e0y l\u00e0m t\u0103ng \u0111\u00e1ng k\u1ec3 vi\u1ec7c s\u1eed d\u1ee5ng c\u00e1c thi\u1ebft b\u1ecb di \u0111\u1ed9ng th\u00f4ng minh.[\/ucaddon_uc_side_carousel_content][\/vc_column][\/vc_row][vc_row][vc_column][vc_empty_space height=&#8221;50px&#8221;][\/vc_column][\/vc_row]<\/p>\n<\/div>","protected":false},"excerpt":{"rendered":"<p>[vc_row content_placement=&#8221;middle&#8221;][vc_column][rev_slider_vc alias=&#8221;solution_vi&#8221;][vc_empty_space height=&#8221;50&#8243;][\/vc_column][\/vc_row][vc_row][vc_column][ucaddon_uc_side_carousel_content image=&#8221;2774&#8243; primary_color=&#8221;#003366&#8243; secondary_color=&#8221;#404040&#8243; title=&#8221;X\u00e2y d\u1ef1ng kh\u1ea3 n\u0103ng k\u1ef9 thu\u1eadt s\u1ed1 c\u1ee7a b\u1ea1n v\u1edbi ch\u00fang t\u00f4i&#8221; btn_text=&#8221;T\u00ecm hi\u1ec3u th\u00eam&#8221; link=&#8221;https:\/\/www.konicaminolta.vn\/business\/solutions\/build-up-your-digital-capabilities-with-us\/&#8221; uc_init_settings=&#8221;&#8221;]V\u1edbi s\u1ef1 s\u1eb5n c\u00f3 r\u1ed9ng r\u00e3i c\u1ee7a \u0111\u1ed5i m\u1edbi c\u00f4ng ngh\u1ec7, c\u00f4ng nh\u00e2n tri th\u1ee9c ng\u00e0y c\u00e0ng di \u0111\u1ed9ng. H\u1ea7u h\u1ebft nh\u00e2n vi\u00ean v\u0103n ph\u00f2ng kh\u00f4ng c\u00f2n c\u1ea7n ph\u1ea3i d\u00e0nh to\u00e0n b\u1ed9<\/p>\n","protected":false},"author":1,"featured_media":0,"parent":0,"menu_order":0,"comment_status":"closed","ping_status":"closed","template":"","meta":{"footnotes":""},"class_list":["post-5092","page","type-page","status-publish","hentry"],"_links":{"self":[{"href":"https:\/\/www.konicaminolta.vn\/business\/wp-json\/wp\/v2\/pages\/5092","targetHints":{"allow":["GET"]}}],"collection":[{"href":"https:\/\/www.konicaminolta.vn\/business\/wp-json\/wp\/v2\/pages"}],"about":[{"href":"https:\/\/www.konicaminolta.vn\/business\/wp-json\/wp\/v2\/types\/page"}],"author":[{"embeddable":true,"href":"https:\/\/www.konicaminolta.vn\/business\/wp-json\/wp\/v2\/users\/1"}],"replies":[{"embeddable":true,"href":"https:\/\/www.konicaminolta.vn\/business\/wp-json\/wp\/v2\/comments?post=5092"}],"version-history":[{"count":2,"href":"https:\/\/www.konicaminolta.vn\/business\/wp-json\/wp\/v2\/pages\/5092\/revisions"}],"predecessor-version":[{"id":5452,"href":"https:\/\/www.konicaminolta.vn\/business\/wp-json\/wp\/v2\/pages\/5092\/revisions\/5452"}],"wp:attachment":[{"href":"https:\/\/www.konicaminolta.vn\/business\/wp-json\/wp\/v2\/media?parent=5092"}],"curies":[{"name":"wp","href":"https:\/\/api.w.org\/{rel}","templated":true}]}}