{"id":5095,"date":"2017-06-25T03:00:00","date_gmt":"2017-06-24T19:00:00","guid":{"rendered":"http:\/\/konicaminolta.me\/solutions\/build-up-your-digital-capabilities-with-us\/"},"modified":"2018-06-25T23:57:10","modified_gmt":"2018-06-25T16:57:10","slug":"build-up-your-digital-capabilities-with-us","status":"publish","type":"page","link":"https:\/\/www.konicaminolta.vn\/business\/solutions\/build-up-your-digital-capabilities-with-us\/","title":{"rendered":"X\u00e2y d\u1ef1ng kh\u1ea3 n\u0103ng k\u1ef9 thu\u1eadt s\u1ed1 c\u1ee7a b\u1ea1n v\u1edbi ch\u00fang t\u00f4i"},"content":{"rendered":"<div class=\"wpb-content-wrapper\"><p>[vc_row disable_element=&#8221;yes&#8221;][vc_column][vc_single_image image=&#8221;2445&#8243; img_size=&#8221;full&#8221;][vc_column_text]<\/p>\n<h6>Click the links below for more information:<\/h6>\n<p>[\/vc_column_text][vc_separator][\/vc_column][\/vc_row][vc_row disable_element=&#8221;yes&#8221;][vc_column width=&#8221;1\/6&#8243;][vc_column_text]<\/p>\n<p style=\"text-align: right;\"><a href=\"https:\/\/www.biz.konicaminolta.com\/services\/\"><i>\u25ba<\/i>\u00a0Learn More<\/a><\/p>\n<p>[\/vc_column_text][vc_column_text]<\/p>\n<p style=\"text-align: right;\"><a href=\"https:\/\/www.biz.konicaminolta.com\/services\/\"><i>\u25ba<\/i>\u00a0Learn More<\/a><\/p>\n<p>[\/vc_column_text][\/vc_column][vc_column width=&#8221;2\/3&#8243;][vc_column_text]<a href=\"https:\/\/www.konicaminolta.vn\/business\/services-solutions\/solutions\/build-up-your-digital-capabilities-with-us\/document-capture-management-applications\/\">Document Capture &amp; Management Applications<\/a>[\/vc_column_text][vc_column_text]<a href=\"https:\/\/www.konicaminolta.vn\/business\/services-solutions\/solutions\/build-up-your-digital-capabilities-with-us\/cloud-and-mobile-printing-applications\/\">Cloud &amp; Mobile Printing Applications<\/a>[\/vc_column_text][\/vc_column][vc_column width=&#8221;1\/6&#8243;][\/vc_column][\/vc_row][vc_row content_placement=&#8221;middle&#8221;][vc_column][rev_slider_vc alias=&#8221;build-up_vi&#8221;][\/vc_column][\/vc_row][vc_row][vc_column][vc_tta_tabs alignment=&#8221;center&#8221; active_section=&#8221;1&#8243;][vc_tta_section title=&#8221;\u1ee8ng d\u1ee5ng qu\u1ea3n l\u00fd v\u00e0 ch\u1ee5p \u1ea3nh t\u00e0i li\u1ec7u&#8221; tab_id=&#8221;1500312390862-497cbc51-59789dbb-c5f1&#8243;][vc_column_text]<\/p>\n<h4>\u1ee8ng d\u1ee5ng qu\u1ea3n l\u00fd v\u00e0 n\u1eafm b\u1eaft t\u00e0i li\u1ec7u<\/h4>\n<p>[\/vc_column_text][vc_column_text]<img loading=\"lazy\" decoding=\"async\" class=\"alignnone wp-image-2775\" src=\"https:\/\/www.konicaminolta.vn\/business\/wp-content\/uploads\/2017\/06\/icon_challenge.png\" alt=\"\" width=\"41\" height=\"39\" \/> <strong>\u00a0Th\u1eed th\u00e1ch kinh doanh<\/strong><\/p>\n<div class=\"cxhead\"><strong>N\u0103ng su\u1ea5t quy tr\u00ecnh l\u00e0m vi\u1ec7c<\/strong><\/div>\n<p>[\/vc_column_text][vc_column_text]Adoanh nghi\u1ec7p c\u1ee7a b\u1ea1n \u0111i\u1ec1u h\u01b0\u1edbng th\u00f4ng qua xu h\u01b0\u1edbng c\u00f4ng ngh\u1ec7 hi\u1ec7n t\u1ea1i, b\u1ea1n th\u1ea5y ng\u00e0y c\u00e0ng nhi\u1ec1u th\u00f4ng tin &#8211; c\u00f3 c\u1ea5u tr\u00fac v\u00e0 kh\u00f4ng c\u00f3 c\u1ea5u tr\u00fac. Vi\u1ec7c x\u00e1c \u0111\u1ecbnh c\u00e1c giai \u0111o\u1ea1n v\u00e0 c\u00f4ng ngh\u1ec7 h\u1ed7 tr\u1ee3 kh\u00e1c nhau trong v\u00f2ng \u0111\u1eddi t\u00e0i li\u1ec7u c\u00f3 th\u1ec3 l\u00e0 m\u1ed9t nhi\u1ec7m v\u1ee5 kh\u00f3 kh\u0103n trong th\u1ebf gi\u1edbi c\u1ee7a Big Data ng\u00e0y nay. S\u1ef1 \u0111a d\u1ea1ng d\u1eef li\u1ec7u \u0111ang gia t\u0103ng, v\u1edbi h\u01a1n 90% d\u1eef li\u1ec7u kh\u00f4ng c\u1ea5u tr\u00fac \u0111\u1ebfn t\u1eeb c\u00e1c ngu\u1ed3n kh\u00f4ng \u0111\u1ed3ng nh\u1ea5t. Trong th\u1eddi gian th\u00f4ng tin v\u00e0 qu\u00e1 t\u1ea3i d\u1eef li\u1ec7u, b\u1ea1n c\u1ea7n ph\u1ea3i gi\u1ea3i quy\u1ebft s\u1ef1 ri\u00eang t\u01b0, an ninh, s\u1edf h\u1eefu tr\u00ed tu\u1ec7 v\u00e0 th\u1eadm ch\u00ed c\u1ea3 c\u00e1c ch\u00ednh s\u00e1ch tr\u00e1ch nhi\u1ec7m ph\u00e1p l\u00fd. T\u1ed5 ch\u1ee9c c\u1ee7a b\u1ea1n kh\u00f4ng ch\u1ec9 ph\u1ea3i \u0111\u1eb7t \u0111\u00fang t\u00e0i n\u0103ng v\u00e0 c\u00f4ng ngh\u1ec7 t\u1ea1i ch\u1ed7 &#8211; b\u1ea1n c\u0169ng c\u1ea7n ph\u1ea3i c\u1ea5u tr\u00fac quy tr\u00ecnh c\u00f4ng vi\u1ec7c v\u00e0 \u01b0u \u0111\u00e3i \u0111\u1ec3 t\u1ed1i \u01b0u h\u00f3a vi\u1ec7c s\u1eed d\u1ee5ng d\u1eef li\u1ec7u l\u1edbn c\u1ee7a b\u1ea1n.<\/p>\n<p><strong>L\u00e0m c\u00e1ch n\u00e0o \u0111\u1ec3 t\u1ed5 ch\u1ee9c c\u1ee7a b\u1ea1n qu\u1ea3n l\u00fd t\u1ed1t h\u01a1n s\u1ef1 gia t\u0103ng d\u1eef li\u1ec7u v\u00e0 th\u00f4ng tin?<\/strong>[\/vc_column_text][vc_separator][vc_column_text]<\/p>\n<div class=\"inTouchico\">\n<p><strong><img loading=\"lazy\" decoding=\"async\" class=\"alignnone wp-image-2778\" src=\"https:\/\/www.konicaminolta.vn\/business\/wp-content\/uploads\/2017\/06\/icon_solution.png\" alt=\"\" width=\"39\" height=\"37\" \/>\u00a0 C\u00e2u tr\u1ea3 l\u1eddi c\u1ee7a ch\u00fang t\u00f4i<\/strong><\/p>\n<div class=\"cxhead\"><strong>\u1ee8ng d\u1ee5ng qu\u1ea3n l\u00fd v\u00e0 n\u1eafm b\u1eaft t\u00e0i li\u1ec7u<\/strong><\/div>\n<\/div>\n<p>[\/vc_column_text][vc_column_text]\u0110i\u1ec1u quan tr\u1ecdng \u0111\u1ed1i v\u1edbi doanh nghi\u1ec7p c\u1ee7a b\u1ea1n l\u00e0 ph\u1ea3i \u0111\u1ed1i m\u1eb7t v\u1edbi v\u1ea5n \u0111\u1ec1 l\u1edbn v\u1ec1 d\u1eef li\u1ec7u v\u00e0 gi\u1ea3i quy\u1ebft c\u00e1c t\u00e1c \u0111\u1ed9ng c\u1ee7a n\u00f3. Ch\u00fang t\u00f4i khuy\u00ean b\u1ea1n n\u00ean t\u1ed1i \u01b0u h\u00f3a quy tr\u00ecnh giao ti\u1ebfp n\u1ed9i b\u1ed9 v\u00e0 b\u00ean ngo\u00e0i v\u1edbi c\u00e1c \u1ee9ng d\u1ee5ng qu\u1ea3n l\u00fd v\u00e0 ch\u1ee5p t\u00e0i li\u1ec7u chuy\u00ean nghi\u1ec7p. C\u1ea3i thi\u1ec7n vi\u1ec7c x\u1eed l\u00fd th\u00f4ng tin \u0111\u1ebfn v\u00e0 \u0111i c\u1ee7a b\u1ea1n v\u1edbi c\u00e1c \u1ee9ng d\u1ee5ng qu\u00e9t v\u00e0 ch\u1ee5p hi\u1ec7u qu\u1ea3. K\u1ebft h\u1ee3p nh\u1eefng n\u1ed9i dung n\u00e0y v\u1edbi c\u00e1c gi\u1ea3i ph\u00e1p qu\u1ea3n l\u00fd t\u00e0i li\u1ec7u v\u00e0 n\u1ed9i dung to\u00e0n di\u1ec7n, b\u1ea1n \u0111\u1ea3m b\u1ea3o ph\u00e2n ph\u1ed1i m\u01b0\u1ee3t m\u00e0 v\u00e0 nhanh ch\u00f3ng, ph\u00e2n ph\u1ed1i v\u00e0 qu\u1ea3n l\u00fd m\u1ecdi th\u00f4ng tin v\u00e0o tay ph\u1ea3i.<\/p>\n<p>Konica Minolta cung c\u1ea5p cho b\u1ea1n nhi\u1ec1u \u1ee9ng d\u1ee5ng qu\u1ea3n l\u00fd v\u00e0 ch\u1ee5p t\u00e0i li\u1ec7u kh\u00e1c nhau, \u0111\u00e1p \u1ee9ng c\u00e1c y\u00eau c\u1ea7u c\u1ee7a ng\u01b0\u1eddi d\u00f9ng trong m\u00f4i tr\u01b0\u1eddng c\u00f4ng ty, nh\u1eefng ng\u01b0\u1eddi l\u00e0m vi\u1ec7c v\u1edbi m\u00e1y in \u0111a ch\u1ee9c n\u0103ng v\u00e0 c\u1ea7n t\u1ed1i \u01b0u h\u00f3a quy tr\u00ecnh c\u00f4ng vi\u1ec7c t\u00e0i li\u1ec7u.[\/vc_column_text][vc_separator][vc_empty_space][\/vc_tta_section][vc_tta_section title=&#8221;\u1ee8ng d\u1ee5ng in tr\u00ean \u0111\u00e1m m\u00e2y v\u00e0 di \u0111\u1ed9ng&#8221; tab_id=&#8221;1500312390912-3b8fd1c7-bc4b9dbb-c5f1&#8243;][vc_column_text]<\/p>\n<h4>\u1ee8ng d\u1ee5ng in tr\u00ean \u0111\u00e1m m\u00e2y v\u00e0 di \u0111\u1ed9ng<\/h4>\n<p>[\/vc_column_text][vc_column_text]<img loading=\"lazy\" decoding=\"async\" class=\"alignnone wp-image-2775\" src=\"https:\/\/www.konicaminolta.vn\/business\/wp-content\/uploads\/2017\/06\/icon_challenge.png\" alt=\"\" width=\"41\" height=\"39\" \/>\u00a0 \u00a0<strong>Th\u1eed th\u00e1ch kinh doanh<\/strong><\/p>\n<div class=\"cxhead\"><strong>Quy tr\u00ecnh kinh doanh<\/strong><\/div>\n<p>[\/vc_column_text][vc_column_text]V\u1edbi s\u1ef1 s\u1eb5n c\u00f3 r\u1ed9ng r\u00e3i c\u1ee7a \u0111\u1ed5i m\u1edbi c\u00f4ng ngh\u1ec7, c\u00f4ng nh\u00e2n tri th\u1ee9c ng\u00e0y c\u00e0ng di \u0111\u1ed9ng. H\u1ea7u h\u1ebft nh\u00e2n vi\u00ean v\u0103n ph\u00f2ng kh\u00f4ng c\u00f2n c\u1ea7n ph\u1ea3i d\u00e0nh to\u00e0n b\u1ed9 th\u1eddi gian l\u00e0m vi\u1ec7c t\u1ea1i c\u01a1 s\u1edf c\u1ee7a c\u00f4ng ty nh\u01b0ng c\u00f3 th\u1ec3 ho\u1ea1t \u0111\u1ed9ng linh ho\u1ea1t t\u1eeb m\u1ed9t \u0111\u1ecba \u0111i\u1ec3m m\u00e0 h\u1ecd l\u1ef1a ch\u1ecdn. C\u00e1c chuy\u00ean gia d\u1ef1 \u0111o\u00e1n r\u1eb1ng s\u1ed1 nh\u00e2n vi\u00ean di \u0111\u1ed9ng s\u1ebd s\u1edbm v\u01b0\u1ee3t qu\u00e1 m\u1ed9t t\u1ef7 ho\u1eb7c h\u01a1n 35% t\u1ed5ng l\u1ef1c l\u01b0\u1ee3ng lao \u0111\u1ed9ng. Nh\u1eefng \u0111i\u1ec1u ki\u1ec7n l\u00e0m vi\u1ec7c thay \u0111\u1ed5i n\u00e0y c\u00f3 t\u00e1c \u0111\u1ed9ng c\u01a1 b\u1ea3n \u0111\u1ebfn s\u1ef1 c\u1ed9ng t\u00e1c gi\u1eefa c\u00e1c \u0111\u1ed3ng nghi\u1ec7p, v\u1edbi th\u00f4ng tin v\u00e0 t\u00e0i li\u1ec7u c\u1ea7n thi\u1ebft \u0111\u1ec3 c\u00f3 s\u1eb5n \u1edf m\u1ecdi n\u01a1i. L\u1ef1c l\u01b0\u1ee3ng lao \u0111\u1ed9ng di \u0111\u1ed9ng n\u00e0y ph\u1ee5 thu\u1ed9c nhi\u1ec1u nh\u1ea5t v\u00e0o t\u00ednh linh ho\u1ea1t n\u00e2ng cao, \u0111i\u1ec1u n\u00e0y l\u00e0m t\u0103ng \u0111\u00e1ng k\u1ec3 vi\u1ec7c s\u1eed d\u1ee5ng c\u00e1c thi\u1ebft b\u1ecb di \u0111\u1ed9ng th\u00f4ng minh.<\/p>\n<p><strong>L\u00e0m c\u00e1ch n\u00e0o b\u1ea1n c\u00f3 th\u1ec3 c\u1ea3i thi\u1ec7n lu\u1ed3ng th\u00f4ng tin trong m\u00f4i tr\u01b0\u1eddng di \u0111\u1ed9ng v\u00e0 to\u00e0n c\u1ea7u c\u1ee7a m\u00ecnh<\/strong>?[\/vc_column_text][vc_separator][vc_column_text]<img loading=\"lazy\" decoding=\"async\" class=\"alignnone wp-image-2778\" src=\"https:\/\/www.konicaminolta.vn\/business\/wp-content\/uploads\/2017\/06\/icon_solution.png\" alt=\"\" width=\"39\" height=\"37\" \/>\u00a0 \u00a0 <strong>C\u00e2u tr\u1ea3 l\u1eddi c\u1ee7a ch\u00fang t\u00f4i<\/strong><\/p>\n<div class=\"cxhead\"><strong>\u1ee8ng d\u1ee5ng in tr\u00ean \u0111\u00e1m m\u00e2y v\u00e0 di \u0111\u1ed9ng<\/strong><\/div>\n<p>[\/vc_column_text][vc_column_text]\u0110\u1ec3 \u0111\u00e1p \u1ee9ng nhu c\u1ea7u c\u1ee7a nh\u00e2n vi\u00ean di \u0111\u1ed9ng ng\u00e0y c\u00e0ng t\u0103ng, b\u1ea1n c\u1ea7n \u1ee9ng d\u1ee5ng in \u1ea5n di \u0111\u1ed9ng v\u00e0 \u0111\u00e1m m\u00e2y chuy\u00ean nghi\u1ec7p \u0111\u1ec3 cung c\u1ea5p in \u1ea5n an to\u00e0n \u0111\u00e1ng tin c\u1eady, cung c\u1ea5p c\u00f4ng vi\u1ec7c linh ho\u1ea1t (ch\u1eb3ng h\u1ea1n nh\u01b0 in g\u1ed1c t\u1eeb thi\u1ebft b\u1ecb iOS qua AirPrint) v\u00e0 h\u1ed7 tr\u1ee3 l\u1ef1a ch\u1ecdn thi\u1ebft b\u1ecb di \u0111\u1ed9ng nh\u01b0 m\u1ed9t ph\u1ea7n c\u1ee7a ch\u00ednh s\u00e1ch mang theo thi\u1ebft b\u1ecb c\u1ee7a b\u1ea1n c\u1ee7a t\u1ed5 ch\u1ee9c (BYOD). C\u00e1c \u1ee9ng d\u1ee5ng nh\u01b0 v\u1eady c\u0169ng n\u00ean t\u1ea1o \u0111i\u1ec1u ki\u1ec7n k\u1ebf to\u00e1n v\u00e0 t\u00ednh ph\u00ed, v\u00e0 t\u1ef1 nhi\u00ean cung c\u1ea5p h\u1ed7 tr\u1ee3 cho c\u00e1c \u0111\u1ecbnh d\u1ea1ng t\u1ec7p v\u00e0 c\u00e0i \u0111\u1eb7t \u0111\u1ea7u ra kh\u00e1c nhau.<\/p>\n<p>Danh m\u1ee5c Konica Minolta cung c\u1ea5p nhi\u1ec1u \u1ee9ng d\u1ee5ng in tr\u00ean n\u1ec1n t\u1ea3ng \u0111\u00e1m m\u00e2y v\u00e0 di \u0111\u1ed9ng \u0111\u00e1p \u1ee9ng c\u00e1c y\u00eau c\u1ea7u n\u00e0y.[\/vc_column_text][\/vc_tta_section][\/vc_tta_tabs][vc_separator][vc_empty_space][\/vc_column][\/vc_row]<\/p>\n<\/div>","protected":false},"excerpt":{"rendered":"<p>[vc_row disable_element=&#8221;yes&#8221;][vc_column][vc_single_image image=&#8221;2445&#8243; img_size=&#8221;full&#8221;][vc_column_text] Click the links below for more information: [\/vc_column_text][vc_separator][\/vc_column][\/vc_row][vc_row disable_element=&#8221;yes&#8221;][vc_column width=&#8221;1\/6&#8243;][vc_column_text] \u25ba\u00a0Learn More [\/vc_column_text][vc_column_text] \u25ba\u00a0Learn More [\/vc_column_text][\/vc_column][vc_column width=&#8221;2\/3&#8243;][vc_column_text]Document Capture &amp; Management Applications[\/vc_column_text][vc_column_text]Cloud &amp; Mobile Printing Applications[\/vc_column_text][\/vc_column][vc_column width=&#8221;1\/6&#8243;][\/vc_column][\/vc_row][vc_row content_placement=&#8221;middle&#8221;][vc_column][rev_slider_vc alias=&#8221;build-up_vi&#8221;][\/vc_column][\/vc_row][vc_row][vc_column][vc_tta_tabs alignment=&#8221;center&#8221; active_section=&#8221;1&#8243;][vc_tta_section title=&#8221;\u1ee8ng d\u1ee5ng qu\u1ea3n l\u00fd v\u00e0 ch\u1ee5p \u1ea3nh t\u00e0i li\u1ec7u&#8221; tab_id=&#8221;1500312390862-497cbc51-59789dbb-c5f1&#8243;][vc_column_text] \u1ee8ng d\u1ee5ng qu\u1ea3n l\u00fd v\u00e0 n\u1eafm b\u1eaft t\u00e0i li\u1ec7u [\/vc_column_text][vc_column_text] \u00a0Th\u1eed<\/p>\n","protected":false},"author":1,"featured_media":0,"parent":5092,"menu_order":0,"comment_status":"closed","ping_status":"closed","template":"","meta":{"footnotes":""},"class_list":["post-5095","page","type-page","status-publish","hentry"],"_links":{"self":[{"href":"https:\/\/www.konicaminolta.vn\/business\/wp-json\/wp\/v2\/pages\/5095","targetHints":{"allow":["GET"]}}],"collection":[{"href":"https:\/\/www.konicaminolta.vn\/business\/wp-json\/wp\/v2\/pages"}],"about":[{"href":"https:\/\/www.konicaminolta.vn\/business\/wp-json\/wp\/v2\/types\/page"}],"author":[{"embeddable":true,"href":"https:\/\/www.konicaminolta.vn\/business\/wp-json\/wp\/v2\/users\/1"}],"replies":[{"embeddable":true,"href":"https:\/\/www.konicaminolta.vn\/business\/wp-json\/wp\/v2\/comments?post=5095"}],"version-history":[{"count":4,"href":"https:\/\/www.konicaminolta.vn\/business\/wp-json\/wp\/v2\/pages\/5095\/revisions"}],"predecessor-version":[{"id":5456,"href":"https:\/\/www.konicaminolta.vn\/business\/wp-json\/wp\/v2\/pages\/5095\/revisions\/5456"}],"up":[{"embeddable":true,"href":"https:\/\/www.konicaminolta.vn\/business\/wp-json\/wp\/v2\/pages\/5092"}],"wp:attachment":[{"href":"https:\/\/www.konicaminolta.vn\/business\/wp-json\/wp\/v2\/media?parent=5095"}],"curies":[{"name":"wp","href":"https:\/\/api.w.org\/{rel}","templated":true}]}}