{"id":5104,"date":"2017-07-17T16:42:24","date_gmt":"2017-07-17T08:42:24","guid":{"rendered":"http:\/\/konicaminolta.me\/service\/ops-bizhub-secure\/"},"modified":"2018-07-11T09:32:04","modified_gmt":"2018-07-11T02:32:04","slug":"ops-bizhub-secure","status":"publish","type":"page","link":"https:\/\/www.konicaminolta.vn\/business\/service\/ops-bizhub-secure\/","title":{"rendered":"D\u1ecbch v\u1ee5 in \u1ea5n t\u1ed1i \u01b0u v\u00e0 b\u1ea3o m\u1eadt"},"content":{"rendered":"<div class=\"wpb-content-wrapper\"><p>[vc_row css=&#8221;.vc_custom_1513676264432{margin-top: -75px !important;}&#8221;][vc_column][rev_slider_vc alias=&#8221;ops_vi&#8221;][\/vc_column][\/vc_row][vc_row][vc_column][vc_empty_space height=&#8221;15px&#8221;][\/vc_column][\/vc_row][vc_row][vc_column width=&#8221;2\/3&#8243;][vc_tta_tabs shape=&#8221;square&#8221; color=&#8221;white&#8221; spacing=&#8221;3&#8243; active_section=&#8221;1&#8243; pagination_style=&#8221;outline-square&#8221; pagination_color=&#8221;white&#8221;][vc_tta_section title=&#8221;Gi\u1edbi thi\u1ec7u&#8221; tab_id=&#8221;1498066910571-031a6d46-cdde7bd8-b54273f0-02f0f06b-cf9f&#8221;][vc_empty_space][vc_row_inner][vc_column_inner][vc_column_text]<\/p>\n<p style=\"text-align: justify;\">D\u1eef li\u1ec7u l\u00e0 t\u00e0i s\u1ea3n qu\u00fd gi\u00e1 nh\u1ea5t trong c\u00f4ng ty c\u00f3 th\u1ec3 ch\u1ee9a quy\u1ec1n s\u1edf h\u1eefu tr\u00ed tu\u1ec7, th\u00f4ng tin x\u00e1c th\u1ef1c, h\u1ed3 s\u01a1 c\u00e1 nh\u00e2n v\u00e0 th\u00f4ng tin chi ti\u1ebft v\u1ec1 doanh nghi\u1ec7p v\u00e0 c\u0169ng c\u00f3 th\u1ec3 d\u1ec5 b\u1ecb tr\u1ed9m c\u1eafp. C\u00e1c c\u00f4ng ty c\u00f3 th\u1ec3 chi h\u00e0ng tri\u1ec7u \u0111\u00f4 la v\u00e0o c\u00f4ng ngh\u1ec7 b\u1ea3o m\u1eadt nh\u01b0ng th\u01b0\u1eddng b\u1ecf b\u00ea d\u1eef li\u1ec7u \u0111\u01b0\u1ee3c l\u01b0u tr\u1eef trong M\u00e1y in \u0111a ch\u1ee9c n\u0103ng ch\u1ee9a \u1ed5 c\u1ee9ng l\u01b0u tr\u1eef h\u00ecnh \u1ea3nh t\u00e0i li\u1ec7u \u0111\u01b0\u1ee3c in, qu\u00e9t, sao ch\u00e9p v\u00e0 g\u1eedi qua email. V\u1edbi d\u1eef li\u1ec7u nh\u1ea1y c\u1ea3m v\u00e0 d\u1eef li\u1ec7u \u0111\u01b0\u1ee3c l\u01b0u tr\u1eef trong \u1ed5 \u0111\u0129a c\u1ee9ng, n\u00f3 \u0111\u1eb7t ra c\u00e1c l\u1ed7 h\u1ed5ng b\u1ea3o m\u1eadt ti\u1ec1m \u1ea9n.<\/p>\n<p style=\"text-align: justify;\">D\u1ecbch v\u1ee5 in t\u1ed1i \u01b0u h\u00f3a v\u1edbi bizhub SECURE gi\u00fap \u0111\u1ea3m b\u1ea3o th\u00f4ng tin c\u00f4ng ty c\u1ee7a b\u1ea1n nh\u1eadn \u0111\u01b0\u1ee3c s\u1ef1 b\u1ea3o v\u1ec7 b\u1ea3o m\u1eadt cao nh\u1ea5t c\u00f3 th\u1ec3 trong khi qu\u1ea3n l\u00fd m\u00f4i tr\u01b0\u1eddng in.<\/p>\n<p>[\/vc_column_text][\/vc_column_inner][\/vc_row_inner][\/vc_tta_section][vc_tta_section title=&#8221;Nghi\u00ean c\u1ee9u \u0111i\u1ec3n h\u00ecnh&#8221; tab_id=&#8221;1514281884017-3cd70b6f-e18a&#8221;][vc_column_text]<\/p>\n<h4><strong>T\u1ea3i xu\u1ed1ng nghi\u00ean c\u1ee9u \u0111i\u1ec3n h\u00ecnh:<\/strong><\/h4>\n<p>[\/vc_column_text][vc_row_inner][vc_column_inner width=&#8221;1\/2&#8243;][vc_column_text]<strong>Xe h\u01a1i<\/strong><\/p>\n<p><a href=\"https:\/\/www.konicaminolta.vn\/business\/wp-content\/uploads\/2017\/12\/moroting.pdf\" target=\"_blank\" rel=\"noopener noreferrer\"><img loading=\"lazy\" decoding=\"async\" class=\"alignnone wp-image-4452\" src=\"https:\/\/www.konicaminolta.vn\/business\/wp-content\/uploads\/2017\/07\/motoring.png\" alt=\"\" width=\"211\" height=\"300\" srcset=\"https:\/\/www.konicaminolta.vn\/business\/wp-content\/uploads\/2017\/07\/motoring.png 616w, https:\/\/www.konicaminolta.vn\/business\/wp-content\/uploads\/2017\/07\/motoring-211x300.png 211w\" sizes=\"auto, (max-width: 211px) 100vw, 211px\" \/><\/a>[\/vc_column_text][\/vc_column_inner][vc_column_inner width=&#8221;1\/2&#8243;][vc_column_text]<strong>Vi\u1ec5n th\u00f4ng<\/strong><\/p>\n<p><a href=\"https:\/\/www.konicaminolta.vn\/business\/wp-content\/uploads\/2017\/07\/Optimised-Print-Services-with-Print-Management-Myanmar-Telecommunication-Case-Study.pdf\" target=\"_blank\" rel=\"noopener noreferrer\"><img loading=\"lazy\" decoding=\"async\" class=\"alignnone wp-image-4458\" src=\"https:\/\/www.konicaminolta.vn\/business\/wp-content\/uploads\/2017\/07\/Telecommunication.png\" alt=\"\" width=\"212\" height=\"300\" srcset=\"https:\/\/www.konicaminolta.vn\/business\/wp-content\/uploads\/2017\/07\/Telecommunication.png 619w, https:\/\/www.konicaminolta.vn\/business\/wp-content\/uploads\/2017\/07\/Telecommunication-212x300.png 212w\" sizes=\"auto, (max-width: 212px) 100vw, 212px\" \/><\/a>[\/vc_column_text][\/vc_column_inner][\/vc_row_inner][vc_row_inner][vc_column_inner width=&#8221;1\/2&#8243;][vc_column_text]<strong>Gi\u00e1o d\u1ee5c<\/strong><\/p>\n<p><a href=\"https:\/\/www.konicaminolta.vn\/business\/wp-content\/uploads\/2017\/07\/Optimised-Print-Services-with-Print-Management-Solution-Customer-Case-Study-Thailand-Education-Industry.pdf\" target=\"_blank\" rel=\"noopener noreferrer\"><img loading=\"lazy\" decoding=\"async\" class=\"alignnone wp-image-4465\" src=\"https:\/\/www.konicaminolta.vn\/business\/wp-content\/uploads\/2017\/07\/education.png\" alt=\"\" width=\"211\" height=\"300\" srcset=\"https:\/\/www.konicaminolta.vn\/business\/wp-content\/uploads\/2017\/07\/education.png 618w, https:\/\/www.konicaminolta.vn\/business\/wp-content\/uploads\/2017\/07\/education-211x300.png 211w\" sizes=\"auto, (max-width: 211px) 100vw, 211px\" \/><\/a>[\/vc_column_text][\/vc_column_inner][vc_column_inner width=&#8221;1\/2&#8243;][vc_column_text]<strong>S\u1eafc \u0111\u1eb9p<\/strong><\/p>\n<p><a href=\"https:\/\/www.konicaminolta.vn\/business\/wp-content\/uploads\/2017\/07\/Optimised-Print-Services-with-Print-Management-Solution-Malaysia-Beauty-industry-Case-Study.pdf\" target=\"_blank\" rel=\"noopener noreferrer\"><img loading=\"lazy\" decoding=\"async\" class=\"alignnone wp-image-4467\" src=\"https:\/\/www.konicaminolta.vn\/business\/wp-content\/uploads\/2017\/07\/beauty-1.png\" alt=\"\" width=\"212\" height=\"300\" srcset=\"https:\/\/www.konicaminolta.vn\/business\/wp-content\/uploads\/2017\/07\/beauty-1.png 618w, https:\/\/www.konicaminolta.vn\/business\/wp-content\/uploads\/2017\/07\/beauty-1-212x300.png 212w\" sizes=\"auto, (max-width: 212px) 100vw, 212px\" \/><\/a>[\/vc_column_text][\/vc_column_inner][\/vc_row_inner][vc_row_inner][vc_column_inner width=&#8221;1\/2&#8243;][vc_column_text]<strong>Th\u1ec3 d\u1ee5c<\/strong><\/p>\n<p><a href=\"https:\/\/www.konicaminolta.vn\/business\/wp-content\/uploads\/2017\/07\/Optimised-Print-Services-with-Print-Management-Solution-Vietnam-Fitness-Case-Study.pdf\" target=\"_blank\" rel=\"noopener noreferrer\"><img loading=\"lazy\" decoding=\"async\" class=\"alignnone wp-image-4470\" src=\"https:\/\/www.konicaminolta.vn\/business\/wp-content\/uploads\/2017\/07\/fitness-1.png\" alt=\"\" width=\"211\" height=\"300\" srcset=\"https:\/\/www.konicaminolta.vn\/business\/wp-content\/uploads\/2017\/07\/fitness-1.png 619w, https:\/\/www.konicaminolta.vn\/business\/wp-content\/uploads\/2017\/07\/fitness-1-211x300.png 211w\" sizes=\"auto, (max-width: 211px) 100vw, 211px\" \/><\/a>[\/vc_column_text][\/vc_column_inner][vc_column_inner width=&#8221;1\/2&#8243;][\/vc_column_inner][\/vc_row_inner][\/vc_tta_section][vc_tta_section title=&#8221;T\u00e0i li\u1ec7u&#8221; tab_id=&#8221;1498123218093-c6acbbe6-13287bd8-b54273f0-02f0f06b-cf9f&#8221;][vc_empty_space][vc_row_inner][vc_column_inner width=&#8221;1\/4&#8243;][vc_single_image image=&#8221;4326&#8243; img_size=&#8221;full&#8221; onclick=&#8221;custom_link&#8221; img_link_target=&#8221;_blank&#8221; link=&#8221;https:\/\/www.konicaminolta.vn\/business\/wp-content\/uploads\/2017\/11\/OPS-bh_Secure_brochure-copy.pdf&#8221;][\/vc_column_inner][vc_column_inner width=&#8221;3\/4&#8243;][vc_column_text]<\/p>\n<h4><\/h4>\n<p><i>\u25ba<\/i> <a href=\"https:\/\/www.konicaminolta.vn\/business\/wp-content\/uploads\/2017\/11\/OPS-bh_Secure_brochure-copy.pdf\" target=\"_blank\" rel=\"noopener noreferrer\">T\u1ea3i xu\u1ed1ng c\u00e1c d\u1ecbch v\u1ee5 in Optismised + bizhub<\/a>[\/vc_column_text][\/vc_column_inner][\/vc_row_inner][\/vc_tta_section][\/vc_tta_tabs][vc_empty_space][\/vc_column][vc_column width=&#8221;1\/3&#8243;][vc_widget_sidebar sidebar_id=&#8221;consulting-left-sidebar&#8221;][\/vc_column][\/vc_row][vc_row disable_element=&#8221;yes&#8221;][vc_column][vc_row_inner][vc_column_inner width=&#8221;1\/4&#8243;][vc_wp_custommenu nav_menu=&#8221;136&#8243;][\/vc_column_inner][vc_column_inner width=&#8221;1\/2&#8243;][vc_single_image image=&#8221;1975&#8243; img_size=&#8221;full&#8221; alignment=&#8221;center&#8221;][\/vc_column_inner][vc_column_inner width=&#8221;1\/4&#8243;][vc_widget_sidebar sidebar_id=&#8221;consulting-left-sidebar&#8221;][\/vc_column_inner][\/vc_row_inner][vc_empty_space height=&#8221;32&#8243;][\/vc_column][\/vc_row]<\/p>\n<\/div>","protected":false},"excerpt":{"rendered":"<p>[vc_row css=&#8221;.vc_custom_1513676264432{margin-top: -75px !important;}&#8221;][vc_column][rev_slider_vc alias=&#8221;ops_vi&#8221;][\/vc_column][\/vc_row][vc_row][vc_column][vc_empty_space height=&#8221;15px&#8221;][\/vc_column][\/vc_row][vc_row][vc_column width=&#8221;2\/3&#8243;][vc_tta_tabs shape=&#8221;square&#8221; color=&#8221;white&#8221; spacing=&#8221;3&#8243; active_section=&#8221;1&#8243; pagination_style=&#8221;outline-square&#8221; pagination_color=&#8221;white&#8221;][vc_tta_section title=&#8221;Gi\u1edbi thi\u1ec7u&#8221; tab_id=&#8221;1498066910571-031a6d46-cdde7bd8-b54273f0-02f0f06b-cf9f&#8221;][vc_empty_space][vc_row_inner][vc_column_inner][vc_column_text] D\u1eef li\u1ec7u l\u00e0 t\u00e0i s\u1ea3n qu\u00fd gi\u00e1 nh\u1ea5t trong c\u00f4ng ty c\u00f3 th\u1ec3 ch\u1ee9a quy\u1ec1n s\u1edf h\u1eefu tr\u00ed tu\u1ec7, th\u00f4ng tin x\u00e1c th\u1ef1c, h\u1ed3 s\u01a1 c\u00e1 nh\u00e2n v\u00e0 th\u00f4ng tin chi ti\u1ebft v\u1ec1 doanh nghi\u1ec7p v\u00e0 c\u0169ng c\u00f3 th\u1ec3<\/p>\n","protected":false},"author":1,"featured_media":0,"parent":5093,"menu_order":0,"comment_status":"closed","ping_status":"closed","template":"","meta":{"footnotes":""},"class_list":["post-5104","page","type-page","status-publish","hentry"],"_links":{"self":[{"href":"https:\/\/www.konicaminolta.vn\/business\/wp-json\/wp\/v2\/pages\/5104","targetHints":{"allow":["GET"]}}],"collection":[{"href":"https:\/\/www.konicaminolta.vn\/business\/wp-json\/wp\/v2\/pages"}],"about":[{"href":"https:\/\/www.konicaminolta.vn\/business\/wp-json\/wp\/v2\/types\/page"}],"author":[{"embeddable":true,"href":"https:\/\/www.konicaminolta.vn\/business\/wp-json\/wp\/v2\/users\/1"}],"replies":[{"embeddable":true,"href":"https:\/\/www.konicaminolta.vn\/business\/wp-json\/wp\/v2\/comments?post=5104"}],"version-history":[{"count":4,"href":"https:\/\/www.konicaminolta.vn\/business\/wp-json\/wp\/v2\/pages\/5104\/revisions"}],"predecessor-version":[{"id":5938,"href":"https:\/\/www.konicaminolta.vn\/business\/wp-json\/wp\/v2\/pages\/5104\/revisions\/5938"}],"up":[{"embeddable":true,"href":"https:\/\/www.konicaminolta.vn\/business\/wp-json\/wp\/v2\/pages\/5093"}],"wp:attachment":[{"href":"https:\/\/www.konicaminolta.vn\/business\/wp-json\/wp\/v2\/media?parent=5104"}],"curies":[{"name":"wp","href":"https:\/\/api.w.org\/{rel}","templated":true}]}}