{"id":5838,"date":"2018-07-06T23:40:53","date_gmt":"2018-07-06T16:40:53","guid":{"rendered":"https:\/\/www.konicaminolta.vn\/business\/?page_id=5838"},"modified":"2019-06-13T14:11:58","modified_gmt":"2019-06-13T07:11:58","slug":"smart-digital-office","status":"publish","type":"page","link":"https:\/\/www.konicaminolta.vn\/business\/smart-digital-office\/","title":{"rendered":"Gi\u1ea3i ph\u00e1p v\u0103n ph\u00f2ng th\u00f4ng minh"},"content":{"rendered":"<div class=\"wpb-content-wrapper\"><p>[vc_row][vc_column width=&#8221;1\/3&#8243;][ucaddon_uc_image_carousel_content_box image=&#8221;4373&#8243; title=&#8221;MCS&#8221; title_color=&#8221;#002f67&#8243; content_color=&#8221;#002f67&#8243; btn_text=&#8221;T\u00ecm hi\u1ec3u th\u00eam&#8221; btn_color=&#8221;#002f67&#8243; link=&#8221;\/business\/service\/mcs\/&#8221; uc_init_settings=&#8221;&#8221;]D\u1ecbch v\u1ee5 qu\u1ea3n l\u00fd n\u1ed9i dung[\/ucaddon_uc_image_carousel_content_box][vc_empty_space][\/vc_column]<\/p>\n<p>[vc_column width=&#8221;1\/3&#8243;][ucaddon_uc_image_carousel_content_box image=&#8221;4424&#8243; title=&#8221;OPS&#8221; title_color=&#8221;#002f67&#8243; content_color=&#8221;#002f67&#8243; btn_text=&#8221;T\u00ecm hi\u1ec3u th\u00eam&#8221; btn_color=&#8221;#002f67&#8243; link=&#8221;\/business\/service\/ops-bizhub-secure\/&#8221; uc_init_settings=&#8221;&#8221;]D\u1ecbch v\u1ee5 in Optismised + bizhub an to\u00e0n[\/ucaddon_uc_image_carousel_content_box][vc_empty_space][\/vc_column]<\/p>\n<p>[vc_column width=&#8221;1\/3&#8243;][ucaddon_uc_image_carousel_content_box image=&#8221;4432&#8243; title=&#8221;DPA&#8221; title_color=&#8221;#002f67&#8243; content_color=&#8221;#002f67&#8243; btn_text=&#8221;T\u00ecm hi\u1ec3u th\u00eam&#8221; btn_color=&#8221;#002f67&#8243; link=&#8221;\/business\/service\/document-process-automation\/&#8221; uc_init_settings=&#8221;&#8221;]T\u1ef1 \u0111\u1ed9ng h\u00f3a quy tr\u00ecnh t\u00e0i li\u1ec7u[\/ucaddon_uc_image_carousel_content_box][vc_empty_space][\/vc_column][\/vc_row]<\/p>\n<p>[vc_row][vc_column width=&#8221;1\/3&#8243;][ucaddon_uc_image_carousel_content_box image=&#8221;4433&#8243; title=&#8221;DPO&#8221; title_color=&#8221;#002f67&#8243; content_color=&#8221;#002f67&#8243; btn_text=&#8221;T\u00ecm hi\u1ec3u th\u00eam&#8221; btn_color=&#8221;#002f67&#8243; link=&#8221;\/business\/service\/dpo\/&#8221; uc_init_settings=&#8221;&#8221;]Gia c\u00f4ng ph\u1ea7n m\u1ec1m t\u00e0i li\u1ec7u[\/ucaddon_uc_image_carousel_content_box][vc_empty_space][\/vc_column]<\/p>\n<p>[vc_column width=&#8221;1\/3&#8243;][ucaddon_uc_image_carousel_content_box image=&#8221;4434&#8243; title=&#8221;ECM&#8221; title_color=&#8221;#002f67&#8243; content_color=&#8221;#002f67&#8243; btn_text=&#8221;T\u00ecm hi\u1ec3u th\u00eam&#8221; btn_color=&#8221;#002f67&#8243; link=&#8221;\/business\/solutions\/ecm\/&#8221; uc_init_settings=&#8221;&#8221;]Qu\u1ea3n l\u00fd n\u1ed9i dung doanh nghi\u1ec7p[\/ucaddon_uc_image_carousel_content_box][vc_empty_space][\/vc_column]<\/p>\n<p>[vc_column width=&#8221;1\/3&#8243;][ucaddon_uc_image_carousel_content_box image=&#8221;4394&#8243; title=&#8221;DP&#8221; title_color=&#8221;#002f67&#8243; content_color=&#8221;#002f67&#8243; btn_text=&#8221;T\u00ecm hi\u1ec3u th\u00eam&#8221; btn_color=&#8221;#002f67&#8243; link=&#8221;\/business\/service\/dispatcher-phoenix\/&#8221; uc_init_settings=&#8221;&#8221;]Dispatcher Phoenix[\/ucaddon_uc_image_carousel_content_box][vc_empty_space][\/vc_column][\/vc_row]<\/p>\n<p>[vc_row][vc_column width=&#8221;1\/3&#8243;][ucaddon_uc_image_carousel_content_box image=&#8221;4435&#8243; title=&#8221;IMS&#8221; title_color=&#8221;#002f67&#8243; content_color=&#8221;#002f67&#8243; btn_text=&#8221;T\u00ecm hi\u1ec3u th\u00eam&#8221; btn_color=&#8221;#002f67&#8243; link=&#8221;\/business\/service\/infrastructure-management-services\/&#8221; uc_init_settings=&#8221;&#8221;]D\u1ecbch v\u1ee5 qu\u1ea3n l\u00fd c\u01a1 s\u1edf h\u1ea1 t\u1ea7ng[\/ucaddon_uc_image_carousel_content_box][vc_empty_space][\/vc_column]<\/p>\n<p>[vc_column width=&#8221;1\/3&#8243;][ucaddon_uc_image_carousel_content_box image=&#8221;4436&#8243; title=&#8221;ODP&#8221; title_color=&#8221;#002f67&#8243; content_color=&#8221;#002f67&#8243; btn_text=&#8221;T\u00ecm hi\u1ec3u th\u00eam&#8221; btn_color=&#8221;#002f67&#8243; link=&#8221;\/business\/service\/odp\/&#8221; uc_init_settings=&#8221;&#8221;]In theo y\u00eau c\u1ea7u[\/ucaddon_uc_image_carousel_content_box][vc_empty_space][\/vc_column]<\/p>\n<p>[vc_column width=&#8221;1\/3&#8243;][ucaddon_uc_image_carousel_content_box image=&#8221;4437&#8243; title=&#8221;MPM&#8221; title_color=&#8221;#002f67&#8243; content_color=&#8221;#002f67&#8243; btn_text=&#8221;T\u00ecm hi\u1ec3u th\u00eam&#8221; btn_color=&#8221;#002f67&#8243; link=&#8221;\/business\/service\/mpm\/&#8221; uc_init_settings=&#8221;&#8221;]Qu\u1ea3n l\u00fd in ti\u1ebfp th\u1ecb[\/ucaddon_uc_image_carousel_content_box][vc_empty_space][\/vc_column]<br \/>\n[\/vc_row]<\/p>\n<p>[vc_row][vc_column width=&#8221;1\/3&#8243;][ucaddon_uc_image_carousel_content_box image=&#8221;6246&#8243; title=&#8221;CSP&#8221; title_color=&#8221;#002f67&#8243; content_color=&#8221;#002f67&#8243; btn_text=&#8221;T\u00ecm hi\u1ec3u th\u00eam&#8221; btn_color=&#8221;#002f67&#8243; link=&#8221;\/business\/service\/nen-tang-cybersecure\/&#8221; uc_init_settings=&#8221;&#8221;]N\u1ec1n t\u1ea3ng CyberSecure[\/ucaddon_uc_image_carousel_content_box][vc_empty_space][\/vc_column]<\/p>\n<p>[vc_column width=&#8221;1\/3&#8243;][ucaddon_uc_image_carousel_content_box image=&#8221;6265&#8243; title=&#8221;EESS&#8221; title_color=&#8221;#002f67&#8243; content_color=&#8221;#002f67&#8243; btn_text=&#8221;T\u00ecm hi\u1ec3u th\u00eam&#8221; btn_color=&#8221;#002f67&#8243; link=&#8221;\/business\/service\/giai-phap-bao-mat-dau-cuoi\/&#8221; uc_init_settings=&#8221;&#8221;]Gi\u1ea3i ph\u00e1p b\u1ea3o m\u1eadt \u0111\u1ea7u cu\u1ed1i[\/ucaddon_uc_image_carousel_content_box][vc_empty_space][\/vc_column]<\/p>\n<p>[vc_column width=&#8221;1\/3&#8243;][ucaddon_uc_image_carousel_content_box image=&#8221;6299&#8243; title=&#8221;DS&#8221; title_color=&#8221;#002f67&#8243; content_color=&#8221;#002f67&#8243; btn_text=&#8221;T\u00ecm hi\u1ec3u th\u00eam&#8221; btn_color=&#8221;#002f67&#8243; link=&#8221;\/business\/service\/bo-dieu-phoi\/&#8221; uc_init_settings=&#8221;&#8221;]B\u1ed9 \u0111i\u1ec1u ph\u1ed1i[\/ucaddon_uc_image_carousel_content_box][vc_empty_space][\/vc_column]<br \/>\n[\/vc_row]<\/p>\n<\/div>","protected":false},"excerpt":{"rendered":"<p>[vc_row][vc_column width=&#8221;1\/3&#8243;][ucaddon_uc_image_carousel_content_box image=&#8221;4373&#8243; title=&#8221;MCS&#8221; title_color=&#8221;#002f67&#8243; content_color=&#8221;#002f67&#8243; btn_text=&#8221;T\u00ecm hi\u1ec3u th\u00eam&#8221; btn_color=&#8221;#002f67&#8243; link=&#8221;\/business\/service\/mcs\/&#8221; uc_init_settings=&#8221;&#8221;]D\u1ecbch v\u1ee5 qu\u1ea3n l\u00fd n\u1ed9i dung[\/ucaddon_uc_image_carousel_content_box][vc_empty_space][\/vc_column] [vc_column width=&#8221;1\/3&#8243;][ucaddon_uc_image_carousel_content_box image=&#8221;4424&#8243; title=&#8221;OPS&#8221; title_color=&#8221;#002f67&#8243; content_color=&#8221;#002f67&#8243; btn_text=&#8221;T\u00ecm hi\u1ec3u th\u00eam&#8221; btn_color=&#8221;#002f67&#8243; link=&#8221;\/business\/service\/ops-bizhub-secure\/&#8221; uc_init_settings=&#8221;&#8221;]D\u1ecbch v\u1ee5 in Optismised + bizhub an to\u00e0n[\/ucaddon_uc_image_carousel_content_box][vc_empty_space][\/vc_column] [vc_column width=&#8221;1\/3&#8243;][ucaddon_uc_image_carousel_content_box image=&#8221;4432&#8243; title=&#8221;DPA&#8221; title_color=&#8221;#002f67&#8243; content_color=&#8221;#002f67&#8243; btn_text=&#8221;T\u00ecm hi\u1ec3u th\u00eam&#8221; btn_color=&#8221;#002f67&#8243; link=&#8221;\/business\/service\/document-process-automation\/&#8221; uc_init_settings=&#8221;&#8221;]T\u1ef1 \u0111\u1ed9ng h\u00f3a quy tr\u00ecnh t\u00e0i li\u1ec7u[\/ucaddon_uc_image_carousel_content_box][vc_empty_space][\/vc_column][\/vc_row] [vc_row][vc_column<\/p>\n","protected":false},"author":1,"featured_media":0,"parent":0,"menu_order":0,"comment_status":"closed","ping_status":"closed","template":"","meta":{"footnotes":""},"class_list":["post-5838","page","type-page","status-publish","hentry"],"_links":{"self":[{"href":"https:\/\/www.konicaminolta.vn\/business\/wp-json\/wp\/v2\/pages\/5838","targetHints":{"allow":["GET"]}}],"collection":[{"href":"https:\/\/www.konicaminolta.vn\/business\/wp-json\/wp\/v2\/pages"}],"about":[{"href":"https:\/\/www.konicaminolta.vn\/business\/wp-json\/wp\/v2\/types\/page"}],"author":[{"embeddable":true,"href":"https:\/\/www.konicaminolta.vn\/business\/wp-json\/wp\/v2\/users\/1"}],"replies":[{"embeddable":true,"href":"https:\/\/www.konicaminolta.vn\/business\/wp-json\/wp\/v2\/comments?post=5838"}],"version-history":[{"count":5,"href":"https:\/\/www.konicaminolta.vn\/business\/wp-json\/wp\/v2\/pages\/5838\/revisions"}],"predecessor-version":[{"id":6325,"href":"https:\/\/www.konicaminolta.vn\/business\/wp-json\/wp\/v2\/pages\/5838\/revisions\/6325"}],"wp:attachment":[{"href":"https:\/\/www.konicaminolta.vn\/business\/wp-json\/wp\/v2\/media?parent=5838"}],"curies":[{"name":"wp","href":"https:\/\/api.w.org\/{rel}","templated":true}]}}