{"id":5842,"date":"2018-07-06T23:43:24","date_gmt":"2018-07-06T16:43:24","guid":{"rendered":"https:\/\/www.konicaminolta.vn\/business\/?page_id=5842"},"modified":"2018-07-10T10:53:16","modified_gmt":"2018-07-10T03:53:16","slug":"vertical-solutions","status":"publish","type":"page","link":"https:\/\/www.konicaminolta.vn\/business\/vertical-solutions\/","title":{"rendered":"Gi\u1ea3i ph\u00e1p kh\u00e1c"},"content":{"rendered":"<div class=\"wpb-content-wrapper\"><p>[vc_row][vc_column width=&#8221;1\/3&#8243;][ucaddon_uc_image_carousel_content_box image=&#8221;3486&#8243; title=&#8221;Gi\u00e1o d\u1ee5c&#8221; title_color=&#8221;#002f67&#8243; content_color=&#8221;#002f67&#8243; btn_text=&#8221;T\u00ecm hi\u1ec3u th\u00eam&#8221; btn_color=&#8221;#002f67&#8243; link=&#8221;\/education\/&#8221; uc_init_settings=&#8221;&#8221;]N\u00e2ng cao n\u0103ng su\u1ea5t v\u1edbi Konica Minolta[\/ucaddon_uc_image_carousel_content_box][vc_empty_space][\/vc_column][vc_column width=&#8221;1\/3&#8243;][ucaddon_uc_image_carousel_content_box image=&#8221;3489&#8243; title=&#8221;Ch\u0103m s\u00f3c s\u1ee9c kh\u1ecfe&#8221; title_color=&#8221;#002f67&#8243; content_color=&#8221;#002f67&#8243; btn_text=&#8221;T\u00ecm hi\u1ec3u th\u00eam&#8221; btn_color=&#8221;#002f67&#8243; link=&#8221;\/healthcare\/&#8221; uc_init_settings=&#8221;&#8221;]\u0110\u1ed1i t\u00e1c ch\u0103m s\u00f3c s\u1ee9c kh\u1ecfe s\u00e1ng t\u1ea1o c\u1ee7a b\u1ea1n[\/ucaddon_uc_image_carousel_content_box][vc_empty_space][\/vc_column][vc_column width=&#8221;1\/3&#8243;][\/vc_column][\/vc_row]<\/p>\n<\/div>","protected":false},"excerpt":{"rendered":"<p>[vc_row][vc_column width=&#8221;1\/3&#8243;][ucaddon_uc_image_carousel_content_box image=&#8221;3486&#8243; title=&#8221;Gi\u00e1o d\u1ee5c&#8221; title_color=&#8221;#002f67&#8243; content_color=&#8221;#002f67&#8243; btn_text=&#8221;T\u00ecm hi\u1ec3u th\u00eam&#8221; btn_color=&#8221;#002f67&#8243; link=&#8221;\/education\/&#8221; uc_init_settings=&#8221;&#8221;]N\u00e2ng cao n\u0103ng su\u1ea5t v\u1edbi Konica Minolta[\/ucaddon_uc_image_carousel_content_box][vc_empty_space][\/vc_column][vc_column width=&#8221;1\/3&#8243;][ucaddon_uc_image_carousel_content_box image=&#8221;3489&#8243; title=&#8221;Ch\u0103m s\u00f3c s\u1ee9c kh\u1ecfe&#8221; title_color=&#8221;#002f67&#8243; content_color=&#8221;#002f67&#8243; btn_text=&#8221;T\u00ecm hi\u1ec3u th\u00eam&#8221; btn_color=&#8221;#002f67&#8243; link=&#8221;\/healthcare\/&#8221; uc_init_settings=&#8221;&#8221;]\u0110\u1ed1i t\u00e1c ch\u0103m s\u00f3c s\u1ee9c kh\u1ecfe s\u00e1ng t\u1ea1o c\u1ee7a b\u1ea1n[\/ucaddon_uc_image_carousel_content_box][vc_empty_space][\/vc_column][vc_column width=&#8221;1\/3&#8243;][\/vc_column][\/vc_row]<\/p>\n","protected":false},"author":1,"featured_media":0,"parent":0,"menu_order":0,"comment_status":"closed","ping_status":"closed","template":"","meta":{"footnotes":""},"class_list":["post-5842","page","type-page","status-publish","hentry"],"_links":{"self":[{"href":"https:\/\/www.konicaminolta.vn\/business\/wp-json\/wp\/v2\/pages\/5842","targetHints":{"allow":["GET"]}}],"collection":[{"href":"https:\/\/www.konicaminolta.vn\/business\/wp-json\/wp\/v2\/pages"}],"about":[{"href":"https:\/\/www.konicaminolta.vn\/business\/wp-json\/wp\/v2\/types\/page"}],"author":[{"embeddable":true,"href":"https:\/\/www.konicaminolta.vn\/business\/wp-json\/wp\/v2\/users\/1"}],"replies":[{"embeddable":true,"href":"https:\/\/www.konicaminolta.vn\/business\/wp-json\/wp\/v2\/comments?post=5842"}],"version-history":[{"count":4,"href":"https:\/\/www.konicaminolta.vn\/business\/wp-json\/wp\/v2\/pages\/5842\/revisions"}],"predecessor-version":[{"id":5906,"href":"https:\/\/www.konicaminolta.vn\/business\/wp-json\/wp\/v2\/pages\/5842\/revisions\/5906"}],"wp:attachment":[{"href":"https:\/\/www.konicaminolta.vn\/business\/wp-json\/wp\/v2\/media?parent=5842"}],"curies":[{"name":"wp","href":"https:\/\/api.w.org\/{rel}","templated":true}]}}