{"id":6929,"date":"2020-05-20T11:29:59","date_gmt":"2020-05-20T04:29:59","guid":{"rendered":"https:\/\/www.konicaminolta.vn\/business\/?page_id=6929"},"modified":"2025-03-19T08:53:15","modified_gmt":"2025-03-19T01:53:15","slug":"tuyen-dung","status":"publish","type":"page","link":"https:\/\/www.konicaminolta.vn\/business\/about\/tuyen-dung\/","title":{"rendered":"Tuy\u1ec3n d\u1ee5ng"},"content":{"rendered":"<p style=\"text-align: justify;\">Nh\u1eb1m kh\u00f4ng ng\u1eebng m\u1edf r\u1ed9ng ho\u1ea1t \u0111\u1ed9ng kinh doanh tr\u00ean to\u00e0n qu\u1ed1c, C\u00f4ng ty TNHH Konica Minolta Business Solutions Vi\u1ec7t Nam \u0111ang t\u00edch c\u1ef1c t\u00ecm ki\u1ebfm nh\u1eefng \u1ee9ng vi\u00ean ti\u1ec1m n\u0103ng c\u00f3 \u0111\u1ee7 t\u00e0i n\u0103ng v\u00e0 \u0111am m\u00ea. Ch\u00fang t\u00f4i mong mu\u1ed1n tuy\u1ec3n d\u1ee5ng nh\u1eefng c\u00e1 nh\u00e2n xu\u1ea5t s\u1eafc, s\u1eb5n s\u00e0ng gia nh\u1eadp \u0111\u1ed9i ng\u0169 n\u0103ng \u0111\u1ed9ng c\u1ee7a ch\u00fang t\u00f4i \u0111\u1ec3 c\u00f9ng nhau chinh ph\u1ee5c nh\u1eefng th\u1eed th\u00e1ch m\u1edbi, kh\u1eb3ng \u0111\u1ecbnh v\u1ecb th\u1ebf c\u1ee7a Konica Minolta t\u1ea1i th\u1ecb tr\u01b0\u1eddng Vi\u1ec7t Nam N\u1ebfu c\u00e1c \u1ee9ng vi\u00ean mu\u1ed1n \u1ee9ng tuy\u1ec3n c\u00e1c v\u1ecb tr\u00ed tr\u00ean, vui l\u00f2ng g\u1eedi CV ti\u1ebfng anh v\u1ec1 Ph\u00f2ng Nh\u00e2n s\u1ef1 theo \u0111\u1ecba ch\u1ec9: <a href=\"mailto:thao.nguyenthithu@konicaminolta.com\">thao.nguyenthithu@konicaminolta.com<\/a> ho\u1eb7c <a href=\"mailto:ha.lethithu@konicaminolta.com\">ha.lethithu@konicaminolta.com<\/a><\/p>\n<p><strong><span style=\"color: #0062c2;\">V\u1ecb tr\u00ed tuy\u1ec3n d\u1ee5ng:<\/span><\/strong><\/p>\n<p><strong>1. Chuy\u00ean vi\u00ean Kinh doanh Tr\u1ef1c ti\u1ebfp:<\/strong> V\u0103n ph\u00f2ng ch\u00ednh H\u1ed3 Ch\u00ed Minh &amp; V\u0103n ph\u00f2ng \u0110\u00e0 N\u1eb5ng<br \/>\n<strong>2. Chuy\u00ean vi\u00ean Kinh doanh K\u00eanh Ph\u00e2n ph\u1ed1i: <\/strong>V\u0103n ph\u00f2ng ch\u00ednh H\u1ed3 Ch\u00ed Minh<br \/>\n<strong>3. Chuy\u00ean vi\u00ean Marketing (H\u1ee3p \u0111\u1ed3ng t\u1ea1m th\u1eddi 6 th\u00e1ng):<\/strong> V\u0103n ph\u00f2ng ch\u00ednh H\u1ed3 Ch\u00ed Minh<br \/>\n<strong>4. K\u1ef9 s\u01b0 D\u1ecbch v\u1ee5 K\u1ef9 thu\u1eadt:<\/strong> V\u0103n ph\u00f2ng ch\u00ednh H\u1ed3 Ch\u00ed Minh<\/p>\n<p><span style=\"color: #0062c2;\"><strong>\u0110\u1ecba \u0111i\u1ec3m l\u00e0m vi\u1ec7c:<\/strong><\/span><\/p>\n<p><strong>+ V\u0103n ph\u00f2ng tr\u1ee5 s\u1edf ch\u00ednh t\u1ea1i H\u1ed3 Ch\u00ed Minh:<\/strong> T\u1ea7ng 2, T\u00f2a nh\u00e0 Pearl 5, S\u1ed1 05 L\u00ea Qu\u00fd \u0110\u00f4n, Ph\u01b0\u1eddng V\u00f5 Th\u1ecb S\u00e1u, Qu\u1eadn 3, Th\u00e0nh ph\u1ed1 H\u1ed3 Ch\u00ed Minh.<br \/>\n<strong>+ V\u0103n ph\u00f2ng \u0111\u1ea1i di\u1ec7n t\u1ea1i \u0110\u00e0 N\u1eb5ng:<\/strong> T\u1ea7ng 5, T\u00f2a nh\u00e0 \u0110\u1ed7 Gia, T\u1ea7ng 5, S\u1ed1 685 Ng\u00f4 Quy\u1ec1n, S\u01a1n Tr\u00e0, \u0110\u00e0 N\u1eb5ng.<\/p>\n<p><span style=\"color: #0062c2;\"><strong>Y\u00eau c\u1ea7u chung:<\/strong><\/span><\/p>\n<p>+ T\u1ed1t nghi\u1ec7p \u0110\u1ea1i h\u1ecdc\/Cao \u0111\u1eb3ng c\u00e1c chuy\u00ean ng\u00e0nh li\u00ean quan<br \/>\n+ T\u1eeb 1-2 n\u0103m kinh nghi\u1ec7m l\u00e0m vi\u1ec7c \u1edf c\u00e1c v\u1ecb tr\u00ed t\u01b0\u01a1ng \u0111\u01b0\u01a1ng (Sinh vi\u00ean m\u1edbi ra tr\u01b0\u1eddng s\u1ebd \u0111\u01b0\u1ee3c \u0111\u00e0o t\u1ea1o)<br \/>\n+ C\u00f3 ki\u1ebfn th\u1ee9c\/kinh nghi\u1ec7m trong ng\u00e0nh in \u1ea5n l\u00e0 m\u1ed9t l\u1ee3i th\u1ebf<br \/>\n+ K\u1ef9 n\u0103ng l\u1eadp k\u1ebf ho\u1ea1ch v\u00e0 ph\u00e2n t\u00edch t\u1ed1t, k\u1ef9 n\u0103ng giao ti\u1ebfp, \u0111\u00e0m ph\u00e1n v\u00e0 thuy\u1ebft tr\u00ecnh t\u1ed1t<br \/>\n+ C\u00f3 t\u1ed5 ch\u1ee9c, tinh th\u1ea7n tr\u00e1ch nhi\u1ec7m cao, l\u00e0m vi\u1ec7c nh\u00f3m t\u1ed1t, ch\u0103m ch\u1ec9, n\u0103ng \u0111\u1ed9ng<br \/>\n+ Ham h\u1ecdc h\u1ecfi ki\u1ebfn th\u1ee9c v\u00e0 kinh nghi\u1ec7m m\u1edbi, nhi\u1ec7t t\u00ecnh, th\u1ec3 hi\u1ec7n th\u00e1i \u0111\u1ed9 &#8220;lu\u00f4n s\u1eb5n s\u00e0ng&#8221;<br \/>\n+ Giao ti\u1ebfp t\u1ed1t b\u1eb1ng c\u1ea3 ti\u1ebfng Anh v\u00e0 ti\u1ebfng Vi\u1ec7t<\/p>\n<p><strong><span style=\"color: #0062c2;\">Quy\u1ec1n l\u1ee3i \u0111\u01b0\u1ee3c h\u01b0\u1edfng:<\/span><\/strong><\/p>\n<p>+ C\u00f3 c\u01a1 h\u1ed9i h\u1ecdc h\u1ecfi v\u00e0 l\u00e0m vi\u1ec7c trong m\u1ed9t c\u00f4ng ty \u0111a qu\u1ed1c gia<br \/>\n+ T\u00ecm hi\u1ec3u v\u1ec1 c\u00e1c s\u1ea3n ph\u1ea9m\/d\u1ecbch v\u1ee5 c\u00f4ng ngh\u1ec7 cao, tr\u1ea3i nghi\u1ec7m trong m\u00f4i tr\u01b0\u1eddng l\u00e0m vi\u1ec7c chuy\u00ean nghi\u1ec7p<br \/>\n+ Tham gia c\u00e1c kh\u00f3a \u0111\u00e0o t\u1ea1o chuy\u00ean nghi\u1ec7p b\u1edfi c\u00e1c chuy\u00ean gia n\u01b0\u1edbc ngo\u00e0i v\u00e0 \u0111\u00e0o t\u1ea1o \u1edf n\u01b0\u1edbc ngo\u00e0i theo y\u00eau c\u1ea7u c\u00f4ng vi\u1ec7c<br \/>\n+ M\u1ee9c l\u01b0\u01a1ng c\u1ea1nh tranh + ph\u1ee5 c\u1ea5p \u0103n tr\u01b0a\/g\u1eedi xe\/\u0111i l\u1ea1i, th\u01b0\u1edfng th\u00e1ng 13, phi\u1ebfu mua s\u1eafm cho c\u00e1c ng\u00e0y l\u1ec5 l\u1edbn<br \/>\n+ Tham gia c\u00e1c s\u1ef1 ki\u1ec7n c\u1ee7a c\u00f4ng ty: sinh nh\u1eadt h\u00e0ng th\u00e1ng, ti\u1ec7c h\u00e0ng qu\u00fd, du l\u1ecbch c\u00f4ng ty, ng\u00e0y gia \u0111\u00ecnh, c\u00e1c ho\u1ea1t \u0111\u1ed9ng CSR<br \/>\n+ B\u1ea3o hi\u1ec3m tai n\u1ea1n 24h + B\u1ea3o hi\u1ec3m s\u1ee9c kh\u1ecfe c\u00e1 nh\u00e2n<\/p>\n<h4 style=\"text-align: center;\"><span style=\"color: #c0167b;\">M\u00d4 T\u1ea2 C\u00d4NG VI\u1ec6C<\/span><\/h4>\n<p><strong><span style=\"color: #0062c2;\">1. Chuy\u00ean vi\u00ean kinh doanh tr\u1ef1c ti\u1ebfp: L\u00e0m vi\u1ec7c t\u1ea1i V\u0103n ph\u00f2ng H\u1ed3 Ch\u00ed Minh &amp; V\u0103n ph\u00f2ng \u0110\u00e0 N\u1eb5ng<\/span><\/strong><\/p>\n<p>&#8211; T\u00ecm ki\u1ebfm kh\u00e1ch h\u00e0ng ti\u1ec1m n\u0103ng<br \/>\n&#8211; T\u01b0 v\u1ea5n, qu\u1ea3ng b\u00e1, b\u00e1n s\u1ea3n ph\u1ea9m, gi\u1ea3i ph\u00e1p, d\u1ecbch v\u1ee5 tr\u1ef1c ti\u1ebfp cho ng\u01b0\u1eddi d\u00f9ng cu\u1ed1i theo m\u1ee5c ti\u00eau c\u1ee7a c\u00f4ng ty<br \/>\n&#8211; Thi\u1ebft l\u1eadp, qu\u1ea3n l\u00fd k\u1ebf ho\u1ea1ch b\u00e1n h\u00e0ng, k\u1ebf ho\u1ea1ch t\u01b0 v\u1ea5n cho kh\u00e1ch h\u00e0ng \u0111\u01b0\u1ee3c giao<br \/>\n&#8211; H\u01b0\u1edbng d\u1eabn v\u00e0 t\u01b0 v\u1ea5n c\u00e1c th\u1eafc m\u1eafc t\u1eeb kh\u00e1ch h\u00e0ng<br \/>\n&#8211; Theo d\u00f5i v\u00e0 b\u00e1o c\u00e1o v\u1ec1 l\u0129nh v\u1ef1c in \u1ea5n, th\u00f4ng tin th\u1ecb tr\u01b0\u1eddng, xu h\u01b0\u1edbng th\u1ecb tr\u01b0\u1eddng, ph\u00e1t tri\u1ec3n th\u01b0\u01a1ng m\u1ea1i, ho\u1ea1t \u0111\u1ed9ng c\u1ee7a \u0111\u1ed1i th\u1ee7 c\u1ea1nh tranh<br \/>\n&#8211; Th\u1ef1c hi\u1ec7n c\u00e1c h\u00e0nh \u0111\u1ed9ng c\u1ea7n thi\u1ebft \u0111\u1ec3 ph\u00e1t tri\u1ec3n m\u1ed1i quan h\u1ec7 v\u1edbi kh\u00e1ch h\u00e0ng, th\u1ef1c hi\u1ec7n \u0111\u00e0m ph\u00e1n v\u00e0 ch\u1ed1t giao d\u1ecbch<br \/>\n&#8211; Nghi\u00ean c\u1ee9u th\u00f4ng tin s\u1ea3n ph\u1ea9m tr\u00ean SIP, nh\u1eadp d\u1eef li\u1ec7u b\u00e1n h\u00e0ng tr\u00ean C4<br \/>\n&#8211; Chu\u1ea9n b\u1ecb b\u00e1o c\u00e1o h\u00e0ng tu\u1ea7n cho Tr\u01b0\u1edfng ph\u00f2ng Kinh doanh Tr\u1ef1c ti\u1ebfp<br \/>\n&#8211; C\u00e1c nhi\u1ec7m v\u1ee5 kh\u00e1c theo y\u00eau c\u1ea7u c\u1ee7a Tr\u01b0\u1edfng ph\u00f2ng Kinh doanh Tr\u1ef1c ti\u1ebfp<\/p>\n<p><strong><span style=\"color: #0062c2;\">2. Chuy\u00ean vi\u00ean kinh doanh k\u00eanh ph\u00e2n ph\u1ed1i: L\u00e0m vi\u1ec7c t\u1ea1i V\u0103n ph\u00f2ng H\u1ed3 Ch\u00ed Minh<\/span><\/strong><\/p>\n<p>&#8211; Th\u1ef1c hi\u1ec7n c\u00e1c k\u1ebf ho\u1ea1ch h\u00e0nh \u0111\u1ed9ng marketing \u0111\u1ec3 h\u1ed7 tr\u1ee3 c\u00e1c s\u00e1ng ki\u1ebfn b\u00e1n h\u00e0ng<br \/>\n&#8211; \u0110\u1ec1 xu\u1ea5t, qu\u1ea3n l\u00fd c\u00e1c chi\u1ebfn d\u1ecbch EDM h\u00e0ng tu\u1ea7n\/h\u00e0ng th\u00e1ng b\u1eb1ng c\u00e1ch s\u1eed d\u1ee5ng c\u00e1c h\u1ec7 th\u1ed1ng t\u1ef1 \u0111\u1ed9ng h\u00f3a marketing<br \/>\n&#8211; T\u1ea1o v\u00e0 th\u1ef1c hi\u1ec7n c\u00e1c d\u1ef1 \u00e1n thi\u1ebft k\u1ebf s\u00e1ng t\u1ea1o v\u00e0 video kh\u00e1c nhau \u0111\u1ec3 n\u00e2ng cao kh\u1ea3 n\u0103ng hi\u1ec3n th\u1ecb th\u01b0\u01a1ng hi\u1ec7u<br \/>\n&#8211; D\u1ecbch thu\u1eadt v\u00e0 \u0111\u1ecbnh d\u1ea1ng t\u00e0i li\u1ec7u marketing (brochures, catalogs) b\u1eb1ng ti\u1ebfng Vi\u1ec7t v\u00e0 ti\u1ebfng Anh<br \/>\n&#8211; Chu\u1ea9n b\u1ecb n\u1ed9i dung cho b\u1ea3n tin n\u1ed9i b\u1ed9 v\u00e0 b\u00ean ngo\u00e0i<br \/>\n&#8211; T\u1ed5 ch\u1ee9c c\u00e1c s\u1ef1 ki\u1ec7n c\u00f4ng ty, c\u00e1c cu\u1ed9c h\u1ecdp kinh doanh v\u00e0 c\u00e1c cu\u1ed9c g\u1ecdi h\u1ed9i ngh\u1ecb khi c\u1ea7n thi\u1ebft<br \/>\n&#8211; Gi\u00e1m s\u00e1t showroom v\u00e0 thi\u1ebft b\u1ecb cho c\u00e1c bu\u1ed5i tr\u00ecnh di\u1ec5n, s\u1ef1 ki\u1ec7n, h\u1ed9i th\u1ea3o<br \/>\n&#8211; Thi\u1ebft k\u1ebf t\u00e0i li\u1ec7u marketing v\u00e0 t\u00e0i li\u1ec7u b\u00e1n h\u00e0ng \u0111\u1ed3ng th\u1eddi chu\u1ea9n b\u1ecb c\u00e1c v\u1eadt ph\u1ea9m qu\u1ea3ng c\u00e1o<br \/>\n&#8211; Theo d\u00f5i, ph\u00e2n t\u00edch xu h\u01b0\u1edbng, th\u1ecb ph\u1ea7n trong ng\u00e0nh in \u1ea5n<br \/>\n&#8211; T\u1ed5ng h\u1ee3p b\u00e1o c\u00e1o ho\u1ea1t \u0111\u1ed9ng marketing h\u00e0ng tu\u1ea7n<br \/>\n&#8211; Ho\u00e0n th\u00e0nh c\u00e1c nhi\u1ec7m v\u1ee5 b\u1ed5 sung \u0111\u01b0\u1ee3c giao b\u1edfi Qu\u1ea3n l\u00fd tr\u1ef1c ti\u1ebfp<\/p>\n<p><strong><span style=\"color: #0062c2;\">3. Chuy\u00ean vi\u00ean Marketing: L\u00e0m vi\u1ec7c t\u1ea1i V\u0103n ph\u00f2ng H\u1ed3 Ch\u00ed Minh | H\u1ee3p \u0111\u1ed3ng t\u1ea1m th\u1eddi 6 th\u00e1ng<\/span><\/strong><\/p>\n<p>&#8211; Th\u1ef1c hi\u1ec7n c\u00e1c k\u1ebf ho\u1ea1ch h\u00e0nh \u0111\u1ed9ng marketing \u0111\u1ec3 h\u1ed7 tr\u1ee3 c\u00e1c s\u00e1ng ki\u1ebfn b\u00e1n h\u00e0ng<br \/>\n&#8211; \u0110\u1ec1 xu\u1ea5t, qu\u1ea3n l\u00fd c\u00e1c chi\u1ebfn d\u1ecbch EDM h\u00e0ng tu\u1ea7n\/h\u00e0ng th\u00e1ng b\u1eb1ng c\u00e1ch s\u1eed d\u1ee5ng c\u00e1c h\u1ec7 th\u1ed1ng t\u1ef1 \u0111\u1ed9ng h\u00f3a marketing<br \/>\n-T\u1ea1o v\u00e0 th\u1ef1c hi\u1ec7n c\u00e1c d\u1ef1 \u00e1n thi\u1ebft k\u1ebf s\u00e1ng t\u1ea1o v\u00e0 video kh\u00e1c nhau \u0111\u1ec3 n\u00e2ng cao kh\u1ea3 n\u0103ng hi\u1ec3n th\u1ecb th\u01b0\u01a1ng hi\u1ec7u<br \/>\n&#8211; D\u1ecbch thu\u1eadt v\u00e0 \u0111\u1ecbnh d\u1ea1ng t\u00e0i li\u1ec7u marketing (brochures, catalogs) b\u1eb1ng ti\u1ebfng Vi\u1ec7t v\u00e0 ti\u1ebfng Anh<br \/>\n&#8211; Chu\u1ea9n b\u1ecb n\u1ed9i dung cho b\u1ea3n tin n\u1ed9i b\u1ed9 v\u00e0 b\u00ean ngo\u00e0i<br \/>\n&#8211; T\u1ed5 ch\u1ee9c c\u00e1c s\u1ef1 ki\u1ec7n c\u00f4ng ty, c\u00e1c cu\u1ed9c h\u1ecdp kinh doanh v\u00e0 c\u00e1c cu\u1ed9c g\u1ecdi h\u1ed9i ngh\u1ecb khi c\u1ea7n thi\u1ebft<br \/>\n&#8211; Gi\u00e1m s\u00e1t showroom v\u00e0 thi\u1ebft b\u1ecb cho c\u00e1c bu\u1ed5i tr\u00ecnh di\u1ec5n, s\u1ef1 ki\u1ec7n, h\u1ed9i th\u1ea3o<br \/>\n&#8211; Thi\u1ebft k\u1ebf t\u00e0i li\u1ec7u marketing v\u00e0 t\u00e0i li\u1ec7u b\u00e1n h\u00e0ng \u0111\u1ed3ng th\u1eddi chu\u1ea9n b\u1ecb c\u00e1c v\u1eadt ph\u1ea9m qu\u1ea3ng c\u00e1o<br \/>\n&#8211; Theo d\u00f5i, ph\u00e2n t\u00edch xu h\u01b0\u1edbng, th\u1ecb ph\u1ea7n trong ng\u00e0nh in \u1ea5n<br \/>\n&#8211; T\u1ed5ng h\u1ee3p b\u00e1o c\u00e1o ho\u1ea1t \u0111\u1ed9ng marketing h\u00e0ng tu\u1ea7n<br \/>\n&#8211; Ho\u00e0n th\u00e0nh c\u00e1c nhi\u1ec7m v\u1ee5 b\u1ed5 sung \u0111\u01b0\u1ee3c giao b\u1edfi Qu\u1ea3n l\u00fd tr\u1ef1c ti\u1ebfp<\/p>\n<p><span style=\"color: #0062c2;\"><strong>4. K\u1ef9 s\u01b0 D\u1ecbch v\u1ee5 K\u1ef9 thu\u1eadt: L\u00e0m vi\u1ec7c t\u1ea1i V\u0103n ph\u00f2ng H\u1ed3 Ch\u00ed Minh<\/strong><\/span><\/p>\n<p>&#8211; L\u1eafp \u0111\u1eb7t m\u00e1y m\u00f3c t\u1ea1i \u0111\u1ecba \u0111i\u1ec3m c\u1ee7a kh\u00e1ch h\u00e0ng<br \/>\n&#8211; Th\u1ef1c hi\u1ec7n b\u1ea3o tr\u00ec, kh\u1eafc ph\u1ee5c s\u1ef1 c\u1ed1 tr\u00ean c\u00e1c s\u1ea3n ph\u1ea9m \u0111\u01b0\u1ee3c ch\u1ec9 \u0111\u1ecbnh bao g\u1ed3m ch\u1ea9n \u0111o\u00e1n k\u1ef9 thu\u1eadt \u0111\u1ec3 s\u1eeda ch\u1eefa, l\u1eafp \u0111\u1eb7t, th\u00e1o g\u1ee1<br \/>\n&#8211; H\u1ed7 tr\u1ee3 c\u00e1c cu\u1ed9c g\u1ecdi c\u1ee7a kh\u00e1ch h\u00e0ng<br \/>\n&#8211; D\u1ef1 b\u00e1o vi\u1ec7c \u0111\u1eb7t h\u00e0ng ph\u1ee5 t\u00f9ng, l\u01b0u kho v\u00e0 ki\u1ec3m so\u00e1t h\u00e0ng t\u1ed3n kho<br \/>\n&#8211; \u0110\u00e0o t\u1ea1o ng\u01b0\u1eddi d\u00f9ng cu\u1ed1i v\u1ec1 c\u00e1ch ch\u0103m s\u00f3c v\u00e0 s\u1eed d\u1ee5ng m\u00e1y m\u00f3c \u0111\u00fang c\u00e1ch, bao g\u1ed3m h\u1ed7 tr\u1ee3 qua \u0111i\u1ec7n tho\u1ea1i, \u0111\u00e0o t\u1ea1o t\u1ea1i ch\u1ed7 v\u00e0 gi\u1ea3i th\u00edch hi\u1ec7u su\u1ea5t d\u1ecbch v\u1ee5<br \/>\n&#8211; Qu\u1ea3n l\u00fd h\u00e0ng t\u1ed3n kho ph\u1ee5 t\u00f9ng, c\u00e1c ho\u1ea1t \u0111\u1ed9ng g\u1ecdi d\u1ecbch v\u1ee5 v\u00e0 th\u1ef1c hi\u1ec7n c\u00e1c nhi\u1ec7m v\u1ee5 h\u00e0nh ch\u00ednh li\u00ean quan<br \/>\n&#8211; Cung c\u1ea5p \u0111\u00e0o t\u1ea1o cho kh\u00e1ch h\u00e0ng v\u1ec1 c\u00e1c s\u1ea3n ph\u1ea9m \u0111\u01b0\u1ee3c ch\u1ec9 \u0111\u1ecbnh theo quy tr\u00ecnh hi\u1ec7n t\u1ea1i<br \/>\n&#8211; Nh\u1eadp d\u1eef li\u1ec7u phi\u1ebfu c\u00f4ng vi\u1ec7c v\u00e0 nh\u00e2n c\u00f4ng v\u00e0o h\u1ec7 th\u1ed1ng theo d\u00f5i tr\u00ean m\u00e1y t\u00ednh<br \/>\n&#8211; Hi\u1ec3u v\u00e0 \u0111\u1ea3m b\u1ea3o s\u1ef1 h\u00e0i l\u00f2ng c\u1ee7a kh\u00e1ch h\u00e0ng<br \/>\n&#8211; H\u1ee3p t\u00e1c v\u1edbi nh\u1eefng ng\u01b0\u1eddi kh\u00e1c \u0111\u1ec3 th\u1ef1c hi\u1ec7n c\u00e1c d\u1ef1 \u00e1n li\u00ean ph\u00f2ng ban<br \/>\n&#8211; C\u00e1c nhi\u1ec7m v\u1ee5 kh\u00e1c theo y\u00eau c\u1ea7u c\u1ee7a c\u1ea5p tr\u00ean tr\u1ef1c ti\u1ebfp<\/p>\n","protected":false},"excerpt":{"rendered":"<p>Nh\u1eb1m kh\u00f4ng ng\u1eebng m\u1edf r\u1ed9ng ho\u1ea1t \u0111\u1ed9ng kinh doanh tr\u00ean to\u00e0n qu\u1ed1c, C\u00f4ng ty TNHH Konica Minolta Business Solutions Vi\u1ec7t Nam \u0111ang t\u00edch c\u1ef1c t\u00ecm ki\u1ebfm nh\u1eefng \u1ee9ng vi\u00ean ti\u1ec1m n\u0103ng c\u00f3 \u0111\u1ee7 t\u00e0i n\u0103ng v\u00e0 \u0111am m\u00ea. Ch\u00fang t\u00f4i mong mu\u1ed1n tuy\u1ec3n d\u1ee5ng nh\u1eefng c\u00e1 nh\u00e2n xu\u1ea5t s\u1eafc, s\u1eb5n s\u00e0ng gia nh\u1eadp \u0111\u1ed9i ng\u0169<\/p>\n","protected":false},"author":1,"featured_media":0,"parent":5068,"menu_order":0,"comment_status":"closed","ping_status":"closed","template":"","meta":{"footnotes":""},"class_list":["post-6929","page","type-page","status-publish","hentry"],"_links":{"self":[{"href":"https:\/\/www.konicaminolta.vn\/business\/wp-json\/wp\/v2\/pages\/6929","targetHints":{"allow":["GET"]}}],"collection":[{"href":"https:\/\/www.konicaminolta.vn\/business\/wp-json\/wp\/v2\/pages"}],"about":[{"href":"https:\/\/www.konicaminolta.vn\/business\/wp-json\/wp\/v2\/types\/page"}],"author":[{"embeddable":true,"href":"https:\/\/www.konicaminolta.vn\/business\/wp-json\/wp\/v2\/users\/1"}],"replies":[{"embeddable":true,"href":"https:\/\/www.konicaminolta.vn\/business\/wp-json\/wp\/v2\/comments?post=6929"}],"version-history":[{"count":4,"href":"https:\/\/www.konicaminolta.vn\/business\/wp-json\/wp\/v2\/pages\/6929\/revisions"}],"predecessor-version":[{"id":11233,"href":"https:\/\/www.konicaminolta.vn\/business\/wp-json\/wp\/v2\/pages\/6929\/revisions\/11233"}],"up":[{"embeddable":true,"href":"https:\/\/www.konicaminolta.vn\/business\/wp-json\/wp\/v2\/pages\/5068"}],"wp:attachment":[{"href":"https:\/\/www.konicaminolta.vn\/business\/wp-json\/wp\/v2\/media?parent=6929"}],"curies":[{"name":"wp","href":"https:\/\/api.w.org\/{rel}","templated":true}]}}