{"id":10067,"date":"2023-02-13T11:22:01","date_gmt":"2023-02-13T04:27:37","guid":{"rendered":"https:\/\/www.konicaminolta.vn\/business\/?post_type=product&#038;p=10067"},"modified":"2023-11-14T18:25:19","modified_gmt":"2023-11-14T11:25:19","slug":"accuriolabel-400","status":"publish","type":"product","link":"https:\/\/www.konicaminolta.vn\/business\/product\/accuriolabel-400\/","title":{"rendered":"AccurioLabel 400"},"content":{"rendered":"<p><img loading=\"lazy\" decoding=\"async\" class=\"aligncenter wp-image-10233\" src=\"https:\/\/www.konicaminolta.vn\/business\/wp-content\/uploads\/2023\/02\/AccurioLabel-400_Web_Banner_Desktop_Mobile4.png\" alt=\"\" width=\"600\" height=\"300\" srcset=\"https:\/\/www.konicaminolta.vn\/business\/wp-content\/uploads\/2023\/02\/AccurioLabel-400_Web_Banner_Desktop_Mobile4.png 1208w, https:\/\/www.konicaminolta.vn\/business\/wp-content\/uploads\/2023\/02\/AccurioLabel-400_Web_Banner_Desktop_Mobile4-300x150.png 300w, https:\/\/www.konicaminolta.vn\/business\/wp-content\/uploads\/2023\/02\/AccurioLabel-400_Web_Banner_Desktop_Mobile4-768x384.png 768w, https:\/\/www.konicaminolta.vn\/business\/wp-content\/uploads\/2023\/02\/AccurioLabel-400_Web_Banner_Desktop_Mobile4-1024x512.png 1024w, https:\/\/www.konicaminolta.vn\/business\/wp-content\/uploads\/2023\/02\/AccurioLabel-400_Web_Banner_Desktop_Mobile4-600x300.png 600w\" sizes=\"auto, (max-width: 600px) 100vw, 600px\" \/><\/p>\n<p style=\"text-align: justify;\">C\u00e1c th\u00e0nh ph\u1ea9m nh\u00e3n v\u00e0 m\u00e1y in c\u00f4ng nghi\u1ec7p \u0111ang ph\u1ea3i \u0111\u1ed1i m\u1eb7t v\u1edbi s\u1ed1 l\u01b0\u1ee3ng c\u00e1c l\u1ec7nh in ng\u00e0y c\u00e0ng t\u0103ng \u0111\u1ed1i v\u1edbi c\u00e1c s\u1ea3n ph\u1ea9m in v\u1eeba v\u00e0 nh\u1ecf, \u0111\u01b0\u1ee3c ho\u00e0n th\u00e0nh trong th\u1eddi ng\u1eafn. V\u1edbi vi\u1ec7c in offset v\u00e0 flexo th\u00f4ng th\u01b0\u1eddng, r\u1ea5t kh\u00f3 c\u00f3 th\u1ec3 mang l\u1ea1i l\u1ee3i nhu\u1eadn cho doanh nghi\u1ec7p khi s\u1ea3n xu\u1ea5t c\u00e1c \u0111\u01a1n \u0111\u1eb7t h\u00e0ng nh\u01b0 v\u1eady. Tuy nhi\u00ean, v\u1edbi in k\u1ef9 thu\u1eadt s\u1ed1 linh ho\u1ea1t cho ph\u00e9p doanh nghi\u1ec7p th\u1ef1c hi\u1ec7n c\u00e1c l\u1ec7nh in ng\u1eafn h\u1ea1n m\u1ed9t c\u00e1ch d\u1ec5 d\u00e0ng v\u00e0 \u0111\u1ea1t hi\u1ec7u qu\u1ea3 t\u1ed1i \u0111a.<\/p>\n<p><strong><span style=\"color: #c0167b;\">C\u00c1C T\u00cdNH N\u0102NG N\u1ed4I TR\u1ed8I<\/span><\/strong><\/p>\n<p><span style=\"color: #0062c2;\">\u00a0<strong>N\u0103ng su\u1ea5t cao<\/strong><\/span><\/p>\n<ul>\n<li>T\u1ed1c \u0111\u1ed9 in \u2013 T\u1ed1c \u0111\u1ed9 in t\u1ed1i \u0111a c\u1ee7a AccurioLabel 400 l\u00e0 39.9 m\/ph\u00fat<\/li>\n<li>Th\u1eddi gian th\u1ef1c hi\u1ec7n l\u1ec7nh in d\u00e0i h\u01a1n &#8211; T\u1ed5ng th\u1eddi l\u01b0\u1ee3ng cho m\u1ed7i l\u1ec7nh in c\u00f3 th\u1ec3 \u0111\u01b0\u1ee3c c\u00e0i \u0111\u1eb7t t\u1ed1i \u0111a. 3.000m tuy\u1ebfn t\u00ednh<\/li>\n<\/ul>\n<p><span style=\"color: #0062c2;\"><strong>\u00a0<\/strong><strong>\u0110a d\u1ea1ng t\u00e1c v\u1ee5 in<\/strong><\/span><\/p>\n<ul>\n<li>H\u1ec7 m\u00e0u s\u1eafc th\u1ebf h\u1ec7 th\u1ee9 5 ho\u00e0n to\u00e0n m\u1edbi v\u1edbi m\u1ef1c in m\u00e0u tr\u1eafng \u2013 Cho ph\u00e9p th\u1ef1c hi\u1ec7n \u0111a d\u1ea1ng nhi\u1ec1u \u1ee9ng d\u1ee5ng in v\u00e0 m\u1ee9c \u0111\u1ed9 m\u1edd \u0111\u1ee5c c\u1ee7a m\u00e0u tr\u1eafng cao.<\/li>\n<li>In ch\u1ed3ng m\u00e0u \u2013 \u0110\u1ea1t ti\u00eau chu\u1ea9n v\u1edbi b\u1ed9 c\u1ea3m bi\u1ebfn in ch\u1ed3ng m\u00e0u, canh ch\u1ec9nh l\u1ec7nh in cho v\u1eadt li\u1ec7u \u0111\u00e3 in s\u1eb5n.<\/li>\n<\/ul>\n<p><span style=\"color: #0062c2;\">\u00a0<strong>Kh\u1ea3 n\u0103ng t\u01b0\u01a1ng th\u00edch cao<\/strong><\/span><\/p>\n<ul>\n<li>Kh\u00f4ng c\u1ea7n l\u1edbp ph\u1ee7 b\u1ec1 m\u1eb7t<\/li>\n<li>Kh\u00f4ng y\u00eau c\u1ea7u ph\u01b0\u01a1ng ti\u1ec7n \u201ck\u1ef9 thu\u1eadt s\u1ed1\u201d \u0111\u1eb7c bi\u1ec7t<\/li>\n<\/ul>\n<p><span style=\"color: #0062c2;\"><strong>D\u1ec5 d\u00e0ng s\u1eed d\u1ee5ng<\/strong><\/span><\/p>\n<ul>\n<li>AccurioPro Flux v\u1edbi Label Impose \u2013 C\u00f4ng c\u1ee5 quy tr\u00ecnh l\u00e0m vi\u1ec7c d\u1ef1a tr\u00ean PDF \u0111\u1ec3 d\u1ec5 d\u00e0ng \u00e1p d\u1ee5ng, s\u1eafp x\u1ebfp c\u00e1c nh\u00e3n, bao g\u1ed3m c\u00e1c ch\u1ee9c n\u0103ng VDP<\/li>\n<li>B\u1ea3ng \u0111i\u1ec1u khi\u1ec3n c\u1ea3m \u1ee9ng tr\u1ef1c quan &#8211; v\u1eadn h\u00e0nh t\u1eeb b\u1ea3ng \u0111i\u1ec1u khi\u1ec3n c\u1ea3m \u1ee9ng ch\u00ednh, m\u00e0n h\u00ecnh c\u1ea3m \u1ee9ng d\u1ec5 s\u1eed d\u1ee5ng trong su\u1ed1t qu\u00e1 tr\u00ecnh cu\u1ed9n v\u00e0 x\u1ea3 v\u1eadt li\u1ec7u<\/li>\n<\/ul>\n<p><span style=\"color: #0062c2;\"><strong>Ch\u1ea5t l\u01b0\u1ee3ng v\u01b0\u1ee3t tr\u1ed9i<\/strong><\/span><\/p>\n<ul>\n<li>\u0110\u1ed9 ph\u00e2n gi\u1ea3i t\u01b0\u01a1ng \u0111\u01b0\u01a1ng in offset \u2013 \u0110\u1ed9 ph\u00e2n gi\u1ea3i 1.200 dpi (t\u01b0\u01a1ng \u0111\u01b0\u01a1ng 3.600 dpi) x 2.400 dpi t\u1ea1o ra h\u00ecnh \u1ea3nh in c\u00f3 \u0111\u1ed9 ch\u00ednh x\u00e1c cao.<\/li>\n<li>B\u1ed9 ph\u1eadn ki\u1ec3m so\u00e1t ch\u1ea5t l\u01b0\u1ee3ng th\u00f4ng minh<\/li>\n<\/ul>\n","protected":false},"excerpt":{"rendered":"<p style=\"text-align: justify;\"><strong>Kh\u00e1m ph\u00e1 ti\u1ec1m n\u0103ng c\u1ee7a t\u01b0\u01a1ng lai v\u1edbi d\u00f2ng m\u00e1y in tem nh\u00e3n th\u1ebf h\u1ec7 m\u1edbi c\u1ee7a ch\u00fang t\u00f4i<\/strong><\/p>\n<p style=\"text-align: justify;\">D\u00f2ng m\u00e1y in tem nh\u00e3n k\u1ef9 thu\u1eadt s\u1ed1 ho\u00e0n to\u00e0n m\u1edbi mang \u0111\u1ebfn n\u0103ng su\u1ea5t v\u01b0\u1ee3t tr\u1ed9i, ch\u1ea5t l\u01b0\u1ee3ng h\u00ecnh \u1ea3nh s\u1ed1ng \u0111\u1ed9ng v\u00e0 d\u1ec5 d\u00e0ng s\u1eed d\u1ee5ng. Trang b\u1ecb t\u1ed1c \u0111\u1ed9 in nhanh ch\u00f3ng, b\u1ed5 sung th\u00eam m\u1ef1c tr\u1eafng, th\u1eddi gian in \u0111\u01b0\u1ee3c k\u00e9o d\u00e0i h\u01a1n c\u0169ng nh\u01b0 c\u00e1c c\u00f4ng c\u1ee5 t\u1ef1 \u0111\u1ed9ng h\u00f3a th\u00e2n thi\u1ec7n v\u1edbi ng\u01b0\u1eddi d\u00f9ng.<\/p>\n","protected":false},"featured_media":10520,"comment_status":"closed","ping_status":"closed","template":"","meta":[],"product_cat":[146],"product_tag":[],"class_list":["post-10067","product","type-product","status-publish","has-post-thumbnail","hentry","product_cat-in-cong-nghiep"],"_links":{"self":[{"href":"https:\/\/www.konicaminolta.vn\/business\/wp-json\/wp\/v2\/product\/10067","targetHints":{"allow":["GET"]}}],"collection":[{"href":"https:\/\/www.konicaminolta.vn\/business\/wp-json\/wp\/v2\/product"}],"about":[{"href":"https:\/\/www.konicaminolta.vn\/business\/wp-json\/wp\/v2\/types\/product"}],"replies":[{"embeddable":true,"href":"https:\/\/www.konicaminolta.vn\/business\/wp-json\/wp\/v2\/comments?post=10067"}],"wp:featuredmedia":[{"embeddable":true,"href":"https:\/\/www.konicaminolta.vn\/business\/wp-json\/wp\/v2\/media\/10520"}],"wp:attachment":[{"href":"https:\/\/www.konicaminolta.vn\/business\/wp-json\/wp\/v2\/media?parent=10067"}],"wp:term":[{"taxonomy":"product_cat","embeddable":true,"href":"https:\/\/www.konicaminolta.vn\/business\/wp-json\/wp\/v2\/product_cat?post=10067"},{"taxonomy":"product_tag","embeddable":true,"href":"https:\/\/www.konicaminolta.vn\/business\/wp-json\/wp\/v2\/product_tag?post=10067"}],"curies":[{"name":"wp","href":"https:\/\/api.w.org\/{rel}","templated":true}]}}