{"id":10939,"date":"2024-10-02T15:39:06","date_gmt":"2024-10-02T08:39:06","guid":{"rendered":"https:\/\/www.konicaminolta.vn\/business\/product\/bizhub-751i\/"},"modified":"2025-01-21T15:39:28","modified_gmt":"2025-01-21T08:39:28","slug":"bizhub-751i","status":"publish","type":"product","link":"https:\/\/www.konicaminolta.vn\/business\/product\/bizhub-751i\/","title":{"rendered":"bizhub 751i"},"content":{"rendered":"<h5 style=\"text-align: center;\"><span style=\"color: #0062c2;\"><strong>BIZHUB I-SERIES C\u1ea2I TI\u1ebeN M\u1edaI N\u00c2NG CAO T\u00cdNH B\u1ea2O M\u1eacT V\u00c0 D\u1ec4 D\u00c0NG S\u1eec D\u1ee4NG.<\/strong><\/span><\/h5>\n<p style=\"text-align: justify;\">C\u00e1ch m\u1ea1ng k\u1ef9 thu\u1eadt s\u1ed1 kh\u00f4ng ng\u1eebng thay \u0111\u1ed5i ph\u01b0\u01a1ng th\u1ee9c ho\u1ea1t \u0111\u1ed9ng c\u1ee7a doanh nghi\u1ec7p. C\u00e1c c\u00f4ng ty y\u00eau c\u1ea7u quy\u1ec1n t\u1ef1 do truy c\u1eadp d\u1eef li\u1ec7u m\u1ed9t c\u00e1ch d\u1ec5 d\u00e0ng nh\u1eb1m duy tr\u00ec c\u00f4ng vi\u1ec7c thu\u1eadn l\u1ee3i v\u1edbi t\u1ed1c \u0111\u1ed9 mong mu\u1ed1n. Tuy nhi\u00ean, quy\u1ec1n t\u1ef1 do n\u00e0y c\u00f3 th\u1ec3 d\u1eabn \u0111\u1ebfn m\u1ed9t m\u00f4i tr\u01b0\u1eddng l\u00e0m vi\u1ec7c k\u00e9m an to\u00e0n h\u01a1n n\u1ebfu ng\u01b0\u1eddi d\u00f9ng kh\u00f4ng c\u1ea3nh gi\u00e1c. \u0110\u00e2y l\u00e0 l\u00fd do th\u00fac \u0111\u1ea9y Konica Minolta ph\u00e1t tri\u1ec3n d\u00f2ng m\u00e1y bizhub i-Series m\u1edbi: v\u1edbi m\u1ee5c ti\u00eau cho ph\u00e9p c\u00e1c c\u00e1 nh\u00e2n truy c\u1eadp v\u00e0o t\u1ea5t c\u1ea3 d\u1eef li\u1ec7u quan tr\u1ecdng c\u1ee7a m\u00ecnh trong m\u1ed9t m\u00f4i tr\u01b0\u1eddng an to\u00e0n v\u00e0 d\u1ec5 s\u1eed d\u1ee5ng.<\/p>\n<p style=\"text-align: justify;\">T\u1eeb th\u00f4ng b\u00e1o v\u1ec1 c\u00e1c m\u1ed1i nguy hi\u1ec3m \u0111\u1ebfn t\u00ednh n\u0103ng b\u1ea3o m\u1eadt ch\u1ee7 \u0111\u1ed9ng, d\u00f2ng m\u00e1y bizhub i-Series m\u1edbi c\u00f2n \u0111\u01b0\u1ee3c thi\u1ebft k\u1ebf gi\u00fap b\u1ea3o v\u1ec7 d\u1eef li\u1ec7u c\u1ee7a doanh nghi\u1ec7p, gi\u00fap ng\u01b0\u1eddi d\u00f9ng y\u00ean t\u00e2m t\u1eadp trung v\u00e0o c\u00f4ng vi\u1ec7c hi\u1ec7n t\u1ea1i.\u00a0 D\u00f2ng m\u00e1y bizhub i-Series m\u1edbi n\u00e0y mang \u0111\u1ebfn cho doanh nghi\u1ec7p kh\u1ea3 n\u0103ng v\u1eadn h\u00e0nh m\u01b0\u1ee3t m\u00e0 v\u00e0 n\u0103ng su\u1ea5t cao.<\/p>\n<p><img loading=\"lazy\" decoding=\"async\" class=\"aligncenter size-large wp-image-10956\" src=\"https:\/\/www.konicaminolta.vn\/business\/wp-content\/uploads\/2024\/10\/key-visual_vi-03.jpg\" alt=\"\" width=\"1024\" height=\"536\" srcset=\"https:\/\/www.konicaminolta.vn\/business\/wp-content\/uploads\/2024\/10\/key-visual_vi-03.jpg 5000w, https:\/\/www.konicaminolta.vn\/business\/wp-content\/uploads\/2024\/10\/key-visual_vi-03-300x157.jpg 300w, https:\/\/www.konicaminolta.vn\/business\/wp-content\/uploads\/2024\/10\/key-visual_vi-03-768x402.jpg 768w, https:\/\/www.konicaminolta.vn\/business\/wp-content\/uploads\/2024\/10\/key-visual_vi-03-1024x536.jpg 1024w, https:\/\/www.konicaminolta.vn\/business\/wp-content\/uploads\/2024\/10\/key-visual_vi-03-600x314.jpg 600w\" sizes=\"auto, (max-width: 1024px) 100vw, 1024px\" \/><\/p>\n<h5 style=\"text-align: center;\"><span style=\"color: #c0167b;\"><strong>N\u00c2NG T\u1ea6M DOANH NGHI\u1ec6P C\u1ee6A B\u1ea0N<\/strong><\/span><\/h5>\n<p><strong>T\u00ednh b\u1ea3o m\u1eadt<\/strong><\/p>\n<ul>\n<li>T\u00ednh n\u0103ng b\u00e1o c\u00e1o v\u00e0 ch\u1ed1ng vi-r\u00fat n\u00e2ng cao<\/li>\n<li>T\u00ednh n\u0103ng qu\u1ea3n l\u00fd b\u1ea3o m\u1eadt ch\u1ee7 \u0111\u1ed9ng<\/li>\n<li>Quy \u0111\u1ecbnh v\u1ec1 b\u1ea3o m\u1eadt th\u00f4ng tin GDPR c\u00f3 s\u1eb5n nh\u1eb1m tu\u00e2n th\u1ee7 c\u00e1c ti\u00eau chu\u1ea9n v\u1ec1 quy\u1ec1n ri\u00eang t\u01b0<\/li>\n<\/ul>\n<p><strong>T\u0103ng n\u0103ng su\u1ea5t ho\u1ea1t \u0111\u1ed9ng<\/strong><\/p>\n<ul>\n<li>Kh\u1ea3 n\u0103ng s\u1ea3n xu\u1ea5t v\u00e0 ho\u00e0n thi\u1ec7n th\u00e0nh ph\u1ea9m v\u1edbi t\u1ed1c \u0111\u1ed9 v\u01b0\u1ee3t tr\u1ed9i<\/li>\n<li>Thi\u1ebft k\u1ebf tr\u1ef1c quan mang l\u1ea1i tr\u1ea3i nghi\u1ec7m th\u00e2n thi\u1ec7n cho ng\u01b0\u1eddi d\u00f9ng<\/li>\n<li>H\u1ed7 tr\u1ee3 c\u00e1c \u1ee9ng d\u1ee5ng b\u00ean ngo\u00e0i v\u00e0 kh\u1ea3 n\u0103ng truy c\u1eadp t\u1eeb xa<\/li>\n<\/ul>\n<p><strong>N\u00e2ng cao hi\u1ec7u qu\u1ea3 ho\u1ea1t \u0111\u1ed9ng<\/strong><\/p>\n<ul>\n<li>Kh\u1ea3 n\u0103ng v\u1eadn h\u00e0nh ch\u1ea5t l\u01b0\u1ee3ng cao v\u1edbi giao di\u1ec7n \u0111\u01b0\u1ee3c chu\u1ea9n h\u00f3a<\/li>\n<li>D\u1ef1 \u0111o\u00e1n b\u1ea3o tr\u00ec v\u00e0 b\u1ea3o tr\u00ec t\u1eeb xa<\/li>\n<li>Kh\u1ea3 n\u0103ng c\u1ea3m bi\u1ebfn v\u1eadt li\u1ec7u in th\u00f4ng minh nh\u1eb1m tr\u00e1nh t\u00ecnh tr\u1ea1ng d\u1eebng m\u00e1y<\/li>\n<\/ul>\n<h4><img loading=\"lazy\" decoding=\"async\" class=\"aligncenter size-large wp-image-10964\" src=\"https:\/\/www.konicaminolta.vn\/business\/wp-content\/uploads\/2024\/10\/bizhub-751i-location-1024x683.jpg\" alt=\"\" width=\"1024\" height=\"683\" srcset=\"https:\/\/www.konicaminolta.vn\/business\/wp-content\/uploads\/2024\/10\/bizhub-751i-location-1024x683.jpg 1024w, https:\/\/www.konicaminolta.vn\/business\/wp-content\/uploads\/2024\/10\/bizhub-751i-location-300x200.jpg 300w, https:\/\/www.konicaminolta.vn\/business\/wp-content\/uploads\/2024\/10\/bizhub-751i-location-768x512.jpg 768w, https:\/\/www.konicaminolta.vn\/business\/wp-content\/uploads\/2024\/10\/bizhub-751i-location-600x400.jpg 600w\" sizes=\"auto, (max-width: 1024px) 100vw, 1024px\" \/><\/h4>\n<h4><span style=\"color: #0062c2;\"><strong>C\u00e1c t\u00ednh n\u0103ng ch\u00ednh c\u1ee7a bizhub 751i :<\/strong><\/span><\/h4>\n<ul style=\"list-style-type: circle;\">\n<li>In \u0111\u01a1n s\u1eafc l\u00ean \u0111\u1ebfn 75 trang\/ph\u00fat<\/li>\n<li>T\u1ed1c \u0111\u1ed9 scan hai m\u1eb7t l\u00ean \u0111\u1ebfn 280 b\u1ea3n\/ph\u00fat<\/li>\n<li>Dung l\u01b0\u1ee3ng gi\u1ea5y ti\u00eau chu\u1ea9n \u0111\u1ea1t 3,650 t\u1edd, c\u00f3 th\u1ec3 m\u1edf r\u1ed9ng t\u1ed1i \u0111a l\u00ean \u0111\u1ebfn 6,650 t\u1edd<\/li>\n<li>Cung c\u1ea5p quy tr\u00ecnh qu\u00e9t \u0111\u00e1m m\u00e2y t\u1ef1 \u0111\u1ed9ng h\u00f3a v\u1edbi giao di\u1ec7n tr\u1ef1c quan<\/li>\n<li>H\u1ed7 tr\u1ee3 in di \u0111\u1ed9ng v\u1edbi kh\u1ea3 n\u0103ng truy c\u1eadp \u0111i\u1ec3m<\/li>\n<\/ul>\n<p style=\"text-align: center;\"><iframe loading=\"lazy\" src=\"\/\/www.youtube.com\/embed\/S-O5MxiuuEU\" width=\"560\" height=\"314\" allowfullscreen=\"allowfullscreen\"><\/iframe><\/p>\n","protected":false},"excerpt":{"rendered":"<p style=\"text-align: justify;\">D\u00f2ng m\u00e1y photocopy \u0111a ch\u1ee9c n\u0103ng <strong>bizhub 751i<\/strong> trang b\u1ecb \u0111\u1ed9ng c\u01a1 m\u1ea1nh m\u1ebd v\u1edbi b\u1ed9 x\u1eed l\u00fd trung t\u00e2m l\u00f5i t\u1ee9, \u00a0b\u1ed9 nh\u1edb trong 8GB v\u00e0 \u1ed5 c\u1ee9ng SSD 256GB. D\u00f2ng m\u00e1y mang \u0111\u1ebfn kh\u1ea3 n\u0103ng v\u1eadn h\u00e0nh nhanh ch\u00f3ng, n\u0103ng su\u1ea5t n\u1ed5i b\u1eadt v\u1edbi t\u1ed1c \u0111\u1ed9 in n\u00e2ng cao. K\u1ebft h\u1ee3p b\u1ed5 sung v\u1edbi c\u00e1c t\u00ednh n\u0103ng \u1ea5n t\u01b0\u1ee3ng nh\u01b0 kh\u1ea3 n\u0103ng t\u01b0\u01a1ng th\u00edch t\u1ed1i \u0111a v\u1edbi nhi\u1ec1u lo\u1ea1i gi\u1ea5y, b\u1ed9 n\u1ea1p b\u1ea3n g\u1ed1c hai m\u1eb7t t\u1ef1 \u0111\u1ed9ng \u0111\u1ed3ng th\u1eddi t\u1ed1c \u0111\u1ed9 cao, \u0111a d\u1ea1ng t\u00f9y ch\u1ecdn ho\u00e0n thi\u1ec7n th\u00e0nh ph\u1ea9m, t\u00ednh n\u0103ng \u0111i\u1ec1u ch\u1ec9nh \u0111\u1ed9 l\u1ec7ch k\u1ef9 thu\u1eadt s\u1ed1, v\u00e0 c\u00e1c khay gi\u1ea5y dung l\u01b0\u1ee3ng l\u1edbn. S\u1ef1 k\u1ebft h\u1ee3p ho\u00e0n h\u1ea3o gi\u1eefa ch\u1ee9c n\u0103ng x\u00e1c th\u1ef1c v\u00e0 kh\u1ea3 n\u0103ng h\u1ed7 tr\u1ee3 d\u1ecbch v\u1ee5 v\u01b0\u1ee3t tr\u1ed9i \u0111\u00e3 \u0111\u1eb7t ra m\u1ed9t ti\u00eau chu\u1ea9n m\u1edbi v\u1ec1 n\u0103ng su\u1ea5t v\u00e0 ch\u1ea5t l\u01b0\u1ee3ng<\/p>\n","protected":false},"featured_media":11140,"comment_status":"closed","ping_status":"closed","template":"","meta":[],"product_cat":[151,153],"product_tag":[],"class_list":["post-10939","product","type-product","status-publish","has-post-thumbnail","hentry","product_cat-in-an-van-phong","product_cat-may-in-trang-den-da-chuc-nang"],"_links":{"self":[{"href":"https:\/\/www.konicaminolta.vn\/business\/wp-json\/wp\/v2\/product\/10939","targetHints":{"allow":["GET"]}}],"collection":[{"href":"https:\/\/www.konicaminolta.vn\/business\/wp-json\/wp\/v2\/product"}],"about":[{"href":"https:\/\/www.konicaminolta.vn\/business\/wp-json\/wp\/v2\/types\/product"}],"replies":[{"embeddable":true,"href":"https:\/\/www.konicaminolta.vn\/business\/wp-json\/wp\/v2\/comments?post=10939"}],"wp:featuredmedia":[{"embeddable":true,"href":"https:\/\/www.konicaminolta.vn\/business\/wp-json\/wp\/v2\/media\/11140"}],"wp:attachment":[{"href":"https:\/\/www.konicaminolta.vn\/business\/wp-json\/wp\/v2\/media?parent=10939"}],"wp:term":[{"taxonomy":"product_cat","embeddable":true,"href":"https:\/\/www.konicaminolta.vn\/business\/wp-json\/wp\/v2\/product_cat?post=10939"},{"taxonomy":"product_tag","embeddable":true,"href":"https:\/\/www.konicaminolta.vn\/business\/wp-json\/wp\/v2\/product_tag?post=10939"}],"curies":[{"name":"wp","href":"https:\/\/api.w.org\/{rel}","templated":true}]}}