{"id":11124,"date":"2025-02-03T11:12:44","date_gmt":"2025-02-03T04:13:07","guid":{"rendered":"https:\/\/www.konicaminolta.vn\/business\/?post_type=product&#038;p=11124"},"modified":"2025-02-04T10:17:35","modified_gmt":"2025-02-04T03:17:35","slug":"bizhub-950i","status":"publish","type":"product","link":"https:\/\/www.konicaminolta.vn\/business\/product\/bizhub-950i\/","title":{"rendered":"bizhub 950i"},"content":{"rendered":"<h5 style=\"text-align: center;\"><span style=\"color: #0062c2;\"><strong>BIZHUB I-SERIES C\u1ea2I TI\u1ebeN M\u1edaI N\u00c2NG CAO T\u00cdNH B\u1ea2O M\u1eacT V\u00c0 D\u1ec4 D\u00c0NG S\u1eec D\u1ee4NG.<\/strong><\/span><\/h5>\n<p style=\"text-align: justify;\">C\u00e1ch m\u1ea1ng k\u1ef9 thu\u1eadt s\u1ed1 kh\u00f4ng ng\u1eebng thay \u0111\u1ed5i ph\u01b0\u01a1ng th\u1ee9c ho\u1ea1t \u0111\u1ed9ng c\u1ee7a doanh nghi\u1ec7p. C\u00e1c c\u00f4ng ty y\u00eau c\u1ea7u quy\u1ec1n t\u1ef1 do truy c\u1eadp d\u1eef li\u1ec7u m\u1ed9t c\u00e1ch d\u1ec5 d\u00e0ng nh\u1eb1m duy tr\u00ec c\u00f4ng vi\u1ec7c thu\u1eadn l\u1ee3i v\u1edbi t\u1ed1c \u0111\u1ed9 mong mu\u1ed1n. Tuy nhi\u00ean, quy\u1ec1n t\u1ef1 do n\u00e0y c\u00f3 th\u1ec3 d\u1eabn \u0111\u1ebfn m\u1ed9t m\u00f4i tr\u01b0\u1eddng l\u00e0m vi\u1ec7c k\u00e9m an to\u00e0n h\u01a1n n\u1ebfu ng\u01b0\u1eddi d\u00f9ng kh\u00f4ng c\u1ea3nh gi\u00e1c. \u0110\u00e2y l\u00e0 l\u00fd do th\u00fac \u0111\u1ea9y Konica Minolta ph\u00e1t tri\u1ec3n d\u00f2ng m\u00e1y bizhub i-Series m\u1edbi: v\u1edbi m\u1ee5c ti\u00eau cho ph\u00e9p c\u00e1c c\u00e1 nh\u00e2n truy c\u1eadp v\u00e0o t\u1ea5t c\u1ea3 d\u1eef li\u1ec7u quan tr\u1ecdng c\u1ee7a m\u00ecnh trong m\u1ed9t m\u00f4i tr\u01b0\u1eddng an to\u00e0n v\u00e0 d\u1ec5 s\u1eed d\u1ee5ng.<\/p>\n<p style=\"text-align: justify;\">T\u1eeb th\u00f4ng b\u00e1o v\u1ec1 c\u00e1c m\u1ed1i nguy hi\u1ec3m \u0111\u1ebfn t\u00ednh n\u0103ng b\u1ea3o m\u1eadt ch\u1ee7 \u0111\u1ed9ng, d\u00f2ng m\u00e1y bizhub i-Series m\u1edbi c\u00f2n \u0111\u01b0\u1ee3c thi\u1ebft k\u1ebf gi\u00fap b\u1ea3o v\u1ec7 d\u1eef li\u1ec7u c\u1ee7a doanh nghi\u1ec7p, gi\u00fap ng\u01b0\u1eddi d\u00f9ng y\u00ean t\u00e2m t\u1eadp trung v\u00e0o c\u00f4ng vi\u1ec7c hi\u1ec7n t\u1ea1i.\u00a0 D\u00f2ng m\u00e1y bizhub i-Series m\u1edbi n\u00e0y mang \u0111\u1ebfn cho doanh nghi\u1ec7p kh\u1ea3 n\u0103ng v\u1eadn h\u00e0nh m\u01b0\u1ee3t m\u00e0 v\u00e0 n\u0103ng su\u1ea5t cao.<\/p>\n<p><img loading=\"lazy\" decoding=\"async\" class=\"aligncenter size-large wp-image-10954\" src=\"https:\/\/www.konicaminolta.vn\/business\/wp-content\/uploads\/2024\/10\/key-visual_vi-05.jpg\" alt=\"\" width=\"1024\" height=\"536\" srcset=\"https:\/\/www.konicaminolta.vn\/business\/wp-content\/uploads\/2024\/10\/key-visual_vi-05.jpg 5000w, https:\/\/www.konicaminolta.vn\/business\/wp-content\/uploads\/2024\/10\/key-visual_vi-05-300x157.jpg 300w, https:\/\/www.konicaminolta.vn\/business\/wp-content\/uploads\/2024\/10\/key-visual_vi-05-768x402.jpg 768w, https:\/\/www.konicaminolta.vn\/business\/wp-content\/uploads\/2024\/10\/key-visual_vi-05-1024x536.jpg 1024w, https:\/\/www.konicaminolta.vn\/business\/wp-content\/uploads\/2024\/10\/key-visual_vi-05-600x314.jpg 600w\" sizes=\"auto, (max-width: 1024px) 100vw, 1024px\" \/><\/p>\n<h5 style=\"text-align: center;\"><span style=\"color: #c0167b;\"><strong>N\u00c2NG T\u1ea6M DOANH NGHI\u1ec6P C\u1ee6A B\u1ea0N.<\/strong><\/span><\/h5>\n<ul>\n<li style=\"text-align: justify;\"><strong>In \u1ea5n t\u1ed1c \u0111\u1ed9 cao:<\/strong> Cung c\u1ea5p t\u1ed1c \u0111\u1ed9 in l\u00ean \u0111\u1ebfn 95 trang in \u0111\u01a1n s\u1eafc\/ph\u00fat.<\/li>\n<li style=\"text-align: justify;\"><strong>Ch\u1ee9c n\u0103ng qu\u00e9t (scan) n\u00e2ng cao:<\/strong> T\u00edch h\u1ee3p ch\u1ee9c n\u0103ng scan t\u1ed1c \u0111\u1ed9 cao c\u00f3 kh\u1ea3 n\u0103ng qu\u00e9t c\u1ea3 hai m\u1eb7t t\u00e0i li\u1ec7u \u0111\u1ed3ng th\u1eddi, v\u1edbi t\u1ed1c \u0111\u1ed9 l\u00ean \u0111\u1ebfn 280 b\u1ea3n\/ph\u00fat.<\/li>\n<li style=\"text-align: justify;\"><strong>Dung l\u01b0\u1ee3ng gi\u1ea5y l\u1edbn:<\/strong> C\u00f3 dung l\u01b0\u1ee3ng gi\u1ea5y ti\u00eau chu\u1ea9n l\u00e0 3.650 t\u1edd, c\u00f3 th\u1ec3 m\u1edf r\u1ed9ng \u0111\u1ec3 ch\u1ee9a t\u1ed1i \u0111a 6.650 t\u1edd v\u1edbi c\u00e1c khay t\u00f9y ch\u1ecdn.<\/li>\n<li style=\"text-align: justify;\"><strong>T\u00f9y ch\u1ecdn ho\u00e0n thi\u1ec7n \u0111a d\u1ea1ng:<\/strong> H\u1ed7 tr\u1ee3 nhi\u1ec1u t\u00f9y ch\u1ecdn ho\u00e0n thi\u1ec7n, bao g\u1ed3m b\u1ea5m ghim, \u0111\u1ee5c l\u1ed7 v\u00e0 l\u00e0m s\u00e1ch, \u0111\u1ec3 ho\u00e0n thi\u1ec7n t\u00e0i li\u1ec7u cu\u1ed1i.<\/li>\n<li style=\"text-align: justify;\"><strong>Giao di\u1ec7n th\u00e2n thi\u1ec7n v\u1edbi ng\u01b0\u1eddi d\u00f9ng:<\/strong> \u0110\u01b0\u1ee3c trang b\u1ecb m\u00e0n h\u00ecnh c\u1ea3m \u1ee9ng l\u1edbn, tr\u1ef1c quan \u0111\u1ec3 d\u1ec5 d\u00e0ng \u0111i\u1ec1u h\u01b0\u1edbng v\u00e0 v\u1eadn h\u00e0nh.<\/li>\n<li style=\"text-align: justify;\"><strong>In \u1ea5n di \u0111\u1ed9ng:<\/strong> H\u1ed7 tr\u1ee3 c\u00e1c gi\u1ea3i ph\u00e1p in di \u0111\u1ed9ng, cho ph\u00e9p ng\u01b0\u1eddi d\u00f9ng in t\u1eeb \u0111i\u1ec7n tho\u1ea1i th\u00f4ng minh v\u00e0 m\u00e1y t\u00ednh b\u1ea3ng qua Wi-Fi ho\u1eb7c NFC.<\/li>\n<li style=\"text-align: justify;\"><strong>T\u00ednh n\u0103ng b\u1ea3o m\u1eadt:<\/strong> Bao g\u1ed3m c\u00e1c t\u00f9y ch\u1ecdn b\u1ea3o m\u1eadt n\u00e2ng cao nh\u01b0 x\u00e1c th\u1ef1c ng\u01b0\u1eddi d\u00f9ng, m\u00e3 h\u00f3a d\u1eef li\u1ec7u v\u00e0 in an to\u00e0n \u0111\u1ec3 b\u1ea3o v\u1ec7 th\u00f4ng tin nh\u1ea1y c\u1ea3m.<\/li>\n<li style=\"text-align: justify;\"><strong>Ti\u1ebft ki\u1ec7m n\u0103ng l\u01b0\u1ee3ng:<\/strong> \u0110\u01b0\u1ee3c thi\u1ebft k\u1ebf v\u1edbi c\u00e1c t\u00ednh n\u0103ng ti\u1ebft ki\u1ec7m n\u0103ng l\u01b0\u1ee3ng \u0111\u1ec3 gi\u1ea3m ti\u00eau th\u1ee5 \u0111i\u1ec7n v\u00e0 t\u00e1c \u0111\u1ed9ng \u0111\u1ebfn m\u00f4i tr\u01b0\u1eddng.<\/li>\n<li style=\"text-align: justify;\"><strong>X\u1eed l\u00fd ph\u01b0\u01a1ng ti\u1ec7n linh ho\u1ea1t:<\/strong> C\u00f3 kh\u1ea3 n\u0103ng x\u1eed l\u00fd nhi\u1ec1u k\u00edch th\u01b0\u1edbc v\u00e0 lo\u1ea1i ph\u01b0\u01a1ng ti\u1ec7n kh\u00e1c nhau, bao g\u1ed3m phong b\u00ec v\u00e0 nh\u00e3n.<\/li>\n<li style=\"text-align: justify;\"><strong>Kh\u1ea3 n\u0103ng t\u00edch h\u1ee3p:<\/strong> C\u00f3 th\u1ec3 \u0111\u01b0\u1ee3c t\u00edch h\u1ee3p v\u1edbi nhi\u1ec1u h\u1ec7 th\u1ed1ng qu\u1ea3n l\u00fd t\u00e0i li\u1ec7u v\u00e0 quy tr\u00ecnh l\u00e0m vi\u1ec7c \u0111\u1ec3 c\u1ea3i thi\u1ec7n hi\u1ec7u qu\u1ea3.<\/li>\n<\/ul>\n<p><img loading=\"lazy\" decoding=\"async\" class=\"aligncenter size-large wp-image-11117\" src=\"https:\/\/www.konicaminolta.vn\/business\/wp-content\/uploads\/2025\/01\/bizhub-950i-location-picture-1024x683.jpg\" alt=\"\" width=\"1024\" height=\"683\" srcset=\"https:\/\/www.konicaminolta.vn\/business\/wp-content\/uploads\/2025\/01\/bizhub-950i-location-picture-1024x683.jpg 1024w, https:\/\/www.konicaminolta.vn\/business\/wp-content\/uploads\/2025\/01\/bizhub-950i-location-picture-300x200.jpg 300w, https:\/\/www.konicaminolta.vn\/business\/wp-content\/uploads\/2025\/01\/bizhub-950i-location-picture-768x512.jpg 768w, https:\/\/www.konicaminolta.vn\/business\/wp-content\/uploads\/2025\/01\/bizhub-950i-location-picture-1536x1024.jpg 1536w, https:\/\/www.konicaminolta.vn\/business\/wp-content\/uploads\/2025\/01\/bizhub-950i-location-picture-2048x1365.jpg 2048w, https:\/\/www.konicaminolta.vn\/business\/wp-content\/uploads\/2025\/01\/bizhub-950i-location-picture-600x400.jpg 600w\" sizes=\"auto, (max-width: 1024px) 100vw, 1024px\" \/><\/p>\n","protected":false},"excerpt":{"rendered":"<p style=\"text-align: justify;\">M\u00e1y photocopy \u0111a ch\u1ee9c n\u0103ng \u0111\u01a1n s\u1eafc <strong>bizhub 950i<\/strong> \u0111\u01b0\u1ee3c thi\u1ebft k\u1ebf \u0111\u1ec3 t\u1ed1i \u01b0u h\u00f3a kh\u1ea3 n\u0103ng v\u1eadn h\u00e0nh v\u00e0 hi\u1ec7u su\u1ea5t v\u01b0\u1ee3t tr\u1ed9i, \u0111i\u1ec1u n\u00e0y r\u1ea5t c\u1ea7n thi\u1ebft \u0111\u1ec3 t\u1ed1i \u0111a h\u00f3a hi\u1ec7u qu\u1ea3 v\u00e0 h\u1ed7 tr\u1ee3 nhanh ch\u00f3ng, d\u1ec5 d\u00e0ng cho c\u00e1c c\u00f4ng vi\u1ec7c v\u0103n ph\u00f2ng. V\u1edbi \u0111\u1ed9 b\u1ec1n v\u00e0 c\u1ea5u tr\u00fac ch\u1eafc ch\u1eafn, m\u00e1y photocopy \u0111a ch\u1ee9c n\u0103ng \u0111\u01a1n s\u1eafc v\u0103n ph\u00f2ng v\u1edbi c\u00f4ng su\u1ea5t l\u1edbn n\u00e0y \u0111\u01b0\u1ee3c ch\u1ebf t\u1ea1o \u0111\u1ec3 ho\u1ea1t \u0111\u1ed9ng hi\u1ec7u qu\u1ea3 l\u00e2u d\u00e0i. S\u1ef1 \u1ed5n \u0111\u1ecbnh in \u1ea5n \u0111\u01b0\u1ee3c c\u1ea3i thi\u1ec7n th\u00f4ng qua nhi\u1ec1u n\u00e2ng c\u1ea5p cho c\u00e1c ch\u1ee9c n\u0103ng c\u1ed1t l\u00f5i. D\u00f2ng s\u1ea3n ph\u1ea9m i-Series k\u1ebft h\u1ee3p gi\u1eefa th\u1ea9m m\u1ef9 hi\u1ec7n \u0111\u1ea1i, tinh t\u1ebf v\u1edbi kh\u1ea3 n\u0103ng k\u1ebft n\u1ed1i k\u1ef9 thu\u1eadt s\u1ed1 ti\u00ean ti\u1ebfn, t\u1ea1o ra m\u1ed9t m\u00f4i tr\u01b0\u1eddng v\u0103n ph\u00f2ng h\u1ed7 tr\u1ee3 li\u1ec1n m\u1ea1ch cho quy tr\u00ecnh l\u00e0m vi\u1ec7c c\u1ee7a b\u1ea1n t\u1eeb trang \u0111\u1ea7u ti\u00ean \u0111\u1ebfn trang cu\u1ed1i c\u00f9ng.<\/p>\n","protected":false},"featured_media":11128,"comment_status":"closed","ping_status":"closed","template":"","meta":[],"product_cat":[151,153],"product_tag":[],"class_list":["post-11124","product","type-product","status-publish","has-post-thumbnail","hentry","product_cat-in-an-van-phong","product_cat-may-in-trang-den-da-chuc-nang"],"_links":{"self":[{"href":"https:\/\/www.konicaminolta.vn\/business\/wp-json\/wp\/v2\/product\/11124","targetHints":{"allow":["GET"]}}],"collection":[{"href":"https:\/\/www.konicaminolta.vn\/business\/wp-json\/wp\/v2\/product"}],"about":[{"href":"https:\/\/www.konicaminolta.vn\/business\/wp-json\/wp\/v2\/types\/product"}],"replies":[{"embeddable":true,"href":"https:\/\/www.konicaminolta.vn\/business\/wp-json\/wp\/v2\/comments?post=11124"}],"wp:featuredmedia":[{"embeddable":true,"href":"https:\/\/www.konicaminolta.vn\/business\/wp-json\/wp\/v2\/media\/11128"}],"wp:attachment":[{"href":"https:\/\/www.konicaminolta.vn\/business\/wp-json\/wp\/v2\/media?parent=11124"}],"wp:term":[{"taxonomy":"product_cat","embeddable":true,"href":"https:\/\/www.konicaminolta.vn\/business\/wp-json\/wp\/v2\/product_cat?post=11124"},{"taxonomy":"product_tag","embeddable":true,"href":"https:\/\/www.konicaminolta.vn\/business\/wp-json\/wp\/v2\/product_tag?post=11124"}],"curies":[{"name":"wp","href":"https:\/\/api.w.org\/{rel}","templated":true}]}}