{"id":11552,"date":"2025-07-23T17:02:15","date_gmt":"2025-07-23T10:02:27","guid":{"rendered":"https:\/\/www.konicaminolta.vn\/business\/?post_type=product&#038;p=11552"},"modified":"2025-07-24T09:31:51","modified_gmt":"2025-07-24T02:31:51","slug":"accuriopress-c7100-c7090-enhanced","status":"publish","type":"product","link":"https:\/\/www.konicaminolta.vn\/business\/product\/accuriopress-c7100-c7090-enhanced\/","title":{"rendered":"AccurioPress C7100\/C7090 ENHANCED"},"content":{"rendered":"<h4 style=\"text-align: center;\"><span style=\"color: #c0167b;\">CHINH PH\u1ee4C TH\u00c0NH C\u00d4NG M\u1edaI<\/span><\/h4>\n<p style=\"text-align: center;\"><strong>Phi\u00ean b\u1ea3n c\u1ea3i ti\u1ebfn c\u1ee7a d\u00f2ng m\u00e1y in m\u00e0u s\u1ea3n xu\u1ea5t AccurioPress C7100\/C7090 ENHANCED \u0111\u01b0\u1ee3c thi\u1ebft k\u1ebf \u0111\u1ec3 t\u1ef1 \u0111\u1ed9ng h\u00f3a, t\u0103ng c\u01b0\u1eddng hi\u1ec7u qu\u1ea3 v\u00e0 \u0111\u1ed9 tin c\u1eady trong c\u00e1c m\u00f4i tr\u01b0\u1eddng in \u1ea5n quy m\u00f4 nh\u1ecf v\u00e0 v\u1eeba. \u0110\u1ed3ng h\u00e0nh c\u00f9ng doanh nghi\u1ec7p l\u00e0 \u0111\u1ed9i ng\u0169 chuy\u00ean gia to\u00e0n c\u1ea7u c\u1ee7a Konica Minolta, nh\u1eefng ng\u01b0\u1eddi lu\u00f4n t\u1eadn t\u00e2m h\u1ed7 tr\u1ee3 doanh nghi\u1ec7p \u0111\u1ea1t \u0111\u01b0\u1ee3c m\u1ee5c ti\u00eau kinh doanh c\u1ee7a m\u00ecnh.<\/strong><\/p>\n<p><img loading=\"lazy\" decoding=\"async\" class=\"aligncenter size-large wp-image-11546\" src=\"https:\/\/www.konicaminolta.vn\/business\/wp-content\/uploads\/2025\/07\/AccurioPress-C7100-Enhanced-product-studio-picture-08-PF-812-RU-518m-IQ-501-RU-702-RU-510-FS-541-1024x293.jpg\" alt=\"\" width=\"1024\" height=\"293\" srcset=\"https:\/\/www.konicaminolta.vn\/business\/wp-content\/uploads\/2025\/07\/AccurioPress-C7100-Enhanced-product-studio-picture-08-PF-812-RU-518m-IQ-501-RU-702-RU-510-FS-541-1024x293.jpg 1024w, https:\/\/www.konicaminolta.vn\/business\/wp-content\/uploads\/2025\/07\/AccurioPress-C7100-Enhanced-product-studio-picture-08-PF-812-RU-518m-IQ-501-RU-702-RU-510-FS-541-300x86.jpg 300w, https:\/\/www.konicaminolta.vn\/business\/wp-content\/uploads\/2025\/07\/AccurioPress-C7100-Enhanced-product-studio-picture-08-PF-812-RU-518m-IQ-501-RU-702-RU-510-FS-541-768x219.jpg 768w, https:\/\/www.konicaminolta.vn\/business\/wp-content\/uploads\/2025\/07\/AccurioPress-C7100-Enhanced-product-studio-picture-08-PF-812-RU-518m-IQ-501-RU-702-RU-510-FS-541-1536x439.jpg 1536w, https:\/\/www.konicaminolta.vn\/business\/wp-content\/uploads\/2025\/07\/AccurioPress-C7100-Enhanced-product-studio-picture-08-PF-812-RU-518m-IQ-501-RU-702-RU-510-FS-541-2048x585.jpg 2048w, https:\/\/www.konicaminolta.vn\/business\/wp-content\/uploads\/2025\/07\/AccurioPress-C7100-Enhanced-product-studio-picture-08-PF-812-RU-518m-IQ-501-RU-702-RU-510-FS-541-600x171.jpg 600w\" sizes=\"auto, (max-width: 1024px) 100vw, 1024px\" \/><\/p>\n<p style=\"text-align: justify;\"><span style=\"color: #0062c2;\"><strong>T\u1ef1 \u0111\u1ed9ng ho\u00e1 th\u00f4ng minh<\/strong><\/span><br \/>\nAccurioPress s\u1edf h\u1eefu c\u00f4ng ngh\u1ec7 \u0111\u1ed9c quy\u1ec1n gi\u00fap t\u1ef1 \u0111\u1ed9ng h\u00f3a nhi\u1ec1u t\u00e1c v\u1ee5 th\u1ee7 c\u00f4ng t\u1ed1n th\u1eddi gian, v\u1ed1n l\u00e0m ch\u1eadm quy tr\u00ecnh s\u1ea3n xu\u1ea5t. Nh\u1edd r\u00fat ng\u1eafn th\u1eddi gian thi\u1ebft l\u1eadp, gi\u1ea3m l\u1ed7i v\u00e0 \u00edt gi\u00e1n \u0111o\u1ea1n h\u01a1n, c\u00e1c nh\u00e0 v\u1eadn h\u00e0nh \u0111\u01b0\u1ee3c gi\u1ea3i ph\u00f3ng \u0111\u1ec3 t\u1eadp trung v\u00e0o c\u00f4ng vi\u1ec7c s\u00e1ng t\u1ea1o \u0111\u00f2i h\u1ecfi k\u1ef9 n\u0103ng, mang l\u1ea1i gi\u00e1 tr\u1ecb cao nh\u1ea5t cho kh\u00e1ch h\u00e0ng v\u00e0 doanh nghi\u1ec7p c\u1ee7a b\u1ea1n.<\/p>\n<p style=\"text-align: justify;\"><span style=\"color: #0062c2;\"><strong>Kh\u1ea3 n\u0103ng v\u1eadn h\u00e0nh \u0111\u00e1ng tin c\u1eady<\/strong><\/span><br \/>\nKh\u1ea3 n\u0103ng mang l\u1ea1i ch\u1ea5t l\u01b0\u1ee3ng ho\u00e0n h\u1ea3o, m\u00e0u s\u1eafc s\u1ed1ng \u0111\u1ed9ng v\u00e0 th\u1eddi gian giao h\u00e0ng \u0111\u00e1ng tin c\u1eady l\u00e0 \u0111i\u1ec1u t\u1ea1o n\u00ean s\u1ef1 kh\u00e1c bi\u1ec7t v\u1edbi c\u00e1c \u0111\u1ed1i th\u1ee7 c\u1ea1nh tranh. Kh\u1ea3 n\u0103ng h\u1ed7 tr\u1ee3 doanh nghi\u1ec7p trong m\u1ecdi b\u01b0\u1edbc \u0111i l\u00e0 \u0111i\u1ec1u t\u1ea1o n\u00ean s\u1ef1 kh\u00e1c bi\u1ec7t gi\u1eefa Konica Minolta v\u1edbi c\u00e1c \u0111\u1ed1i th\u1ee7 c\u1ee7a m\u00ecnh. H\u1ec7 th\u1ed1ng in c\u1ee7a ch\u00fang t\u00f4i \u0111\u01b0\u1ee3c ch\u1ebf t\u1ea1o \u0111\u1ec3 s\u1eed d\u1ee5ng li\u00ean t\u1ee5c v\u00e0 \u0111\u1ea1t hi\u1ec7u su\u1ea5t cao v\u1edbi t\u1ed1c \u0111\u1ed9 nhanh, t\u00ednh n\u0103ng gi\u00e1m s\u00e1t v\u00e0 ch\u1ea9n \u0111o\u00e1n t\u1eeb xa \u0111\u1ea3m b\u1ea3o th\u1eddi gian ho\u1ea1t \u0111\u1ed9ng t\u1ed1i \u0111a, h\u1ed7 tr\u1ee3 doanh nghi\u1ec7p \u0111\u00e1p \u1ee9ng nh\u1eefng y\u00eau c\u1ea7u kh\u1eaft khe nh\u1ea5t c\u1ee7a kh\u00e1ch h\u00e0ng.<\/p>\n<p style=\"text-align: justify;\"><strong><span style=\"color: #0062c2;\">Hi\u1ec7u su\u1ea5t v\u1eadn h\u00e0nh b\u1ec1n v\u1eefng<\/span><\/strong><br \/>\nVi\u1ec7c gi\u1ea3m ti\u00eau th\u1ee5 n\u0103ng l\u01b0\u1ee3ng v\u00e0 t\u00e0i nguy\u00ean mang l\u1ea1i kho\u1ea3n ti\u1ebft ki\u1ec7m l\u1edbn trong su\u1ed1t v\u00f2ng \u0111\u1eddi \u0111\u1ea7u t\u01b0 c\u1ee7a doanh nghi\u1ec7p, nh\u1edd v\u00e0o ph\u01b0\u01a1ng ch\u00e2m ho\u1ea1t \u0111\u1ed9ng d\u1ef1a tr\u00ean t\u00ednh b\u1ec1n v\u1eefng c\u1ee7a Konica Minolta. Ngo\u00e0i ra, nh\u1eefng c\u1ea3i ti\u1ebfn v\u1ec1 hi\u1ec7u qu\u1ea3 nh\u1edd b\u1ed9 th\u00e0nh ph\u1ea9m t\u00edch h\u1ee3p, t\u00ednh n\u0103ng t\u1ef1 \u0111\u1ed9ng ph\u00e1t hi\u1ec7n v\u1eadt li\u1ec7u in v\u00e0 t\u1ed1i \u01b0u h\u00f3a ch\u1ea5t l\u01b0\u1ee3ng th\u00f4ng minh s\u1ebd gi\u00fap doanh nghi\u1ec7p ti\u1ebft ki\u1ec7m th\u1eddi gian v\u00e0 ti\u1ec1n b\u1ea1c b\u1eb1ng c\u00e1ch gi\u1ea3m thi\u1ec3u th\u1eddi gian ng\u1eebng m\u00e1y, \u0111\u1ed3ng th\u1eddi \u0111\u1ea3m b\u1ea3o lu\u00f4n k\u1ecbp ti\u1ebfn \u0111\u1ed9.<\/p>\n<p style=\"text-align: justify;\"><strong><span style=\"color: #0062c2;\">\u0110\u1ed1i t\u00e1c \u0111\u00e1ng tin c\u1eady<\/span><\/strong><br \/>\nB\u00ean c\u1ea1nh l\u1eafp \u0111\u1eb7t v\u00e0 b\u1ea3o tr\u00ec m\u00e1y m\u00f3c, ch\u00fang t\u00f4i c\u00f2n mang \u0111\u1ebfn ki\u1ebfn th\u1ee9c v\u1ec1 chuy\u00ean m\u00f4n k\u1ef9 thu\u1eadt v\u00e0 kinh doanh \u0111\u1ec3 h\u1ed7 tr\u1ee3 doanh nghi\u1ec7p theo \u0111u\u1ed5i c\u00e1c m\u1ee5c ti\u00eau c\u1ee7a m\u00ecnh. V\u1edbi h\u01a1n hai m\u01b0\u01a1i n\u0103m \u0111\u1ed5i m\u1edbi \u0111i \u0111\u1ea7u trong l\u0129nh v\u1ef1c in \u1ea5n s\u1ea3n xu\u1ea5t, \u0111\u1ed9i ng\u0169 t\u01b0 v\u1ea5n c\u1ee7a ch\u00fang t\u00f4i c\u00f3 \u0111\u1ee7 n\u0103ng l\u1ef1c gi\u00fap doanh nghi\u1ec7p x\u00e1c \u0111\u1ecbnh c\u00e1c c\u01a1 h\u1ed9i m\u1edbi, t\u1ed1i \u01b0u h\u00f3a quy tr\u00ecnh s\u1ea3n xu\u1ea5t v\u00e0 gi\u1ea3i quy\u1ebft c\u00e1c th\u00e1ch th\u1ee9c kinh doanh hi\u1ec7n c\u00f3.<\/p>\n<p style=\"text-align: center;\"><iframe loading=\"lazy\" src=\"\/\/www.youtube.com\/embed\/ir78E_Mdzag\" width=\"560\" height=\"314\" allowfullscreen=\"allowfullscreen\"><\/iframe><\/p>\n<h4 style=\"text-align: center;\"><a href=\"https:\/\/www.konicaminolta.vn\/business\/contact-us\/?swcfpc=1\"><span style=\"color: #c0167b;\">Y\u00caU C\u1ea6U BU\u1ed4I IN \u1ea4N TH\u1eec NGHI\u1ec6M<\/span><\/a><\/h4>\n","protected":false},"excerpt":{"rendered":"<p style=\"text-align: left;\">D\u00f2ng s\u1ea3n ph\u1ea9m <strong>AccurioPress C7100\/C7090 ENHANCED<\/strong> c\u1ea3i ti\u1ebfn m\u1edbi, t\u00edch h\u1ee3p c\u00e1c c\u00f4ng ngh\u1ec7 ti\u00ean ti\u1ebfn \u0111\u01b0\u1ee3c thi\u1ebft k\u1ebf \u0111\u1ec3 th\u00fac \u0111\u1ea9y th\u00e0nh c\u00f4ng c\u1ee7a b\u1ea1n. V\u1edbi kh\u1ea3 n\u0103ng t\u1ef1 \u0111\u1ed9ng h\u00f3a th\u00f4ng minh, c\u00e1c t\u00f9y ch\u1ecdn ho\u00e0n thi\u1ec7n v\u01b0\u1ee3t tr\u1ed9i v\u00e0 ch\u1ea5t l\u01b0\u1ee3ng ho\u00e0n h\u1ea3o, d\u00f2ng s\u1ea3n ph\u1ea9m n\u00e0y n\u00e2ng cao n\u0103ng l\u1ef1c c\u1ee7a b\u1ea1n v\u00e0 \u0111\u1ea3m b\u1ea3o \u0111\u1ed9 b\u1ec1n v\u01b0\u1ee3t tr\u1ed9i. Trao quy\u1ec1n cho doanh nghi\u1ec7p c\u1ee7a b\u1ea1n \u0111\u1ea1t \u0111\u1ebfn nh\u1eefng t\u1ea7m cao m\u1edbi v\u1edbi c\u00e1c t\u00ednh n\u0103ng v\u00e0 hi\u1ec7u su\u1ea5t c\u1ee7a d\u00f2ng s\u1ea3n ph\u1ea9m AccurioPress C7100 ENHANCED.<\/p>\n","protected":false},"featured_media":11556,"comment_status":"closed","ping_status":"closed","template":"","meta":[],"product_cat":[154,155],"product_tag":[],"class_list":["post-11552","product","type-product","status-publish","has-post-thumbnail","hentry","product_cat-he-thong-in-san-xuat","product_cat-he-thong-in-mau-san-xuat"],"_links":{"self":[{"href":"https:\/\/www.konicaminolta.vn\/business\/wp-json\/wp\/v2\/product\/11552","targetHints":{"allow":["GET"]}}],"collection":[{"href":"https:\/\/www.konicaminolta.vn\/business\/wp-json\/wp\/v2\/product"}],"about":[{"href":"https:\/\/www.konicaminolta.vn\/business\/wp-json\/wp\/v2\/types\/product"}],"replies":[{"embeddable":true,"href":"https:\/\/www.konicaminolta.vn\/business\/wp-json\/wp\/v2\/comments?post=11552"}],"wp:featuredmedia":[{"embeddable":true,"href":"https:\/\/www.konicaminolta.vn\/business\/wp-json\/wp\/v2\/media\/11556"}],"wp:attachment":[{"href":"https:\/\/www.konicaminolta.vn\/business\/wp-json\/wp\/v2\/media?parent=11552"}],"wp:term":[{"taxonomy":"product_cat","embeddable":true,"href":"https:\/\/www.konicaminolta.vn\/business\/wp-json\/wp\/v2\/product_cat?post=11552"},{"taxonomy":"product_tag","embeddable":true,"href":"https:\/\/www.konicaminolta.vn\/business\/wp-json\/wp\/v2\/product_tag?post=11552"}],"curies":[{"name":"wp","href":"https:\/\/api.w.org\/{rel}","templated":true}]}}