{"id":6488,"date":"2019-11-25T14:43:48","date_gmt":"2019-11-26T03:51:46","guid":{"rendered":"https:\/\/www.konicaminolta.vn\/business\/?post_type=product&#038;p=6488"},"modified":"2019-11-26T10:58:00","modified_gmt":"2019-11-26T03:58:00","slug":"riso-comcolor-gd-9630-9631","status":"publish","type":"product","link":"https:\/\/www.konicaminolta.vn\/business\/product\/riso-comcolor-gd-9630-9631\/","title":{"rendered":"Riso ComColor GD 9630\/9631"},"content":{"rendered":"<p><img loading=\"lazy\" decoding=\"async\" class=\"alignnone size-full wp-image-6489 alignleft\" src=\"https:\/\/www.konicaminolta.vn\/business\/wp-content\/uploads\/2019\/11\/CONCOM-1.jpg\" alt=\"\" width=\"1460\" height=\"386\" srcset=\"https:\/\/www.konicaminolta.vn\/business\/wp-content\/uploads\/2019\/11\/CONCOM-1.jpg 1460w, https:\/\/www.konicaminolta.vn\/business\/wp-content\/uploads\/2019\/11\/CONCOM-1-300x79.jpg 300w, https:\/\/www.konicaminolta.vn\/business\/wp-content\/uploads\/2019\/11\/CONCOM-1-768x203.jpg 768w, https:\/\/www.konicaminolta.vn\/business\/wp-content\/uploads\/2019\/11\/CONCOM-1-1024x271.jpg 1024w, https:\/\/www.konicaminolta.vn\/business\/wp-content\/uploads\/2019\/11\/CONCOM-1-600x159.jpg 600w\" sizes=\"auto, (max-width: 1460px) 100vw, 1460px\" \/><\/p>\n<p style=\"text-align: justify;\"><strong>\u01afu \u0111i\u1ec3m c\u1ee7a FORCEJET<\/strong><\/p>\n<p>C\u00f4ng ngh\u1ec7 in phun t\u1ed1c \u0111\u1ed9 cao RISO, FORCEJET, bao g\u1ed3m c\u00e1c \u0111\u1ea7u in phun r\u1ed9ng, m\u00e0u, in-line \u0111\u01b0\u1ee3c b\u1ed1 tr\u00ed song song \u0111\u1ec3 in m\u1ed9t l\u1ea7n in gi\u1ea5y \u0111en, l\u1ee5c lam, \u0111\u1ecf t\u01b0\u01a1i, v\u00e0ng v\u00e0 x\u00e1m tr\u00ean gi\u1ea5y n\u1ea1p c\u1ea1nh ng\u1eafn A3 \/ Ledger. Ch\u1ee9c n\u0103ng in nhanh k\u1ebft h\u1ee3p v\u1edbi vi\u1ec7c cung c\u1ea5p gi\u1ea5y nhanh v\u00e0 \u1ed5n \u0111\u1ecbnh d\u1eabn \u0111\u1ebfn t\u1ed1c \u0111\u1ed9 in 160 trang m\u1ed7i ph\u00fat cho ngu\u1ed3n c\u1ea5p d\u1eef li\u1ec7u c\u1ea1nh d\u00e0i A4, \u0111\u01a1n gi\u1ea3n theo ngh\u0129a \u0111en l\u00e0 nhanh nh\u1ea5t * 1 tr\u00ean th\u1ebf gi\u1edbi.<\/p>\n<p><img loading=\"lazy\" decoding=\"async\" class=\"size-full wp-image-6490 aligncenter\" src=\"https:\/\/www.konicaminolta.vn\/business\/wp-content\/uploads\/2019\/11\/0002-4-1.jpg\" alt=\"\" width=\"618\" height=\"544\" srcset=\"https:\/\/www.konicaminolta.vn\/business\/wp-content\/uploads\/2019\/11\/0002-4-1.jpg 618w, https:\/\/www.konicaminolta.vn\/business\/wp-content\/uploads\/2019\/11\/0002-4-1-300x264.jpg 300w, https:\/\/www.konicaminolta.vn\/business\/wp-content\/uploads\/2019\/11\/0002-4-1-600x528.jpg 600w\" sizes=\"auto, (max-width: 618px) 100vw, 618px\" \/><\/p>\n<p style=\"text-align: justify;\"><strong>N\u1ea1p gi\u1ea5y \u1ed5n \u0111\u1ecbnh<\/strong><\/p>\n<p style=\"text-align: justify;\">M\u1ed9t h\u1ec7 th\u1ed1ng n\u1ea1p \u0111\u01b0\u1eddng th\u1eb3ng cung c\u1ea5p gi\u1ea5y theo chi\u1ec1u ngang \u0111\u1ec3 cho ph\u00e9p in t\u1ed1c \u0111\u1ed9 cao v\u1edbi \u0111\u1ed9 in t\u1ed1i thi\u1ec3u. C\u00f4ng ngh\u1ec7 FORCEJET \u0111\u1ea3m b\u1ea3o t\u1ed1c \u0111\u1ed9 n\u1ea1p gi\u1ea5y t\u1ed1i \u01b0u ph\u00f9 h\u1ee3p v\u1edbi l\u01b0\u1ee3ng m\u1ef1c \u0111\u01b0\u1ee3c phun t\u1eeb \u0111\u1ea7u m\u1ef1c.<\/p>\n<p style=\"text-align: justify;\"><strong>M\u1ef1c in t\u1ed1c \u0111\u1ed9 cao<\/strong><\/p>\n<p style=\"text-align: justify;\">M\u1ef1c kh\u00f4 \u0111\u1eb7c bi\u1ec7t, l\u00e0m kh\u00f4 b\u1eb1ng d\u1ea7u \u0111\u1eb7c bi\u1ec7t \u0111\u01b0\u1ee3c ph\u00e1t tri\u1ec3n d\u00e0nh ri\u00eang cho d\u00f2ng ComColor GD ng\u0103n ch\u1eb7n s\u1ef1 \u0111\u1ea3o ng\u01b0\u1ee3c c\u1ee7a gi\u1ea5y in c\u0169ng nh\u01b0 \u1ed1ng n\u01b0\u1edbc, \u0111\u1ec3 cho ph\u00e9p in phun m\u1ef1c in hai m\u1eb7t t\u1ed1c \u0111\u1ed9 cao ch\u01b0a t\u1eebng th\u1ea5y. M\u1ef1c c\u0169ng c\u00f3 kh\u1ea3 n\u0103ng ch\u1ed1ng suy tho\u00e1i t\u1eeb \u00e1nh s\u00e1ng v\u00e0 n\u01b0\u1edbc.<\/p>\n<p style=\"text-align: justify;\"><strong>N\u0103ng su\u1ea5t cao h\u01a1n, ch\u1ea5t l\u01b0\u1ee3ng cao h\u01a1n<\/strong><\/p>\n<p style=\"text-align: justify;\">B\u1ea5t k\u1ec3 s\u1ed1 l\u01b0\u1ee3ng v\u00e0 lo\u1ea1i h\u00ecnh \u1ea3nh ho\u1eb7c kh\u1ed1i l\u01b0\u1ee3ng v\u0103n b\u1ea3n, h\u00ecnh \u1ea3nh \u0111\u1ea7y m\u00e0u s\u1eafc v\u1eabn \u0111\u00fang v\u1edbi b\u1ea3n g\u1ed1c. \u0110\u1ed1i v\u1edbi c\u00e1c t\u00e0i li\u1ec7u chuy\u00ean s\u00e2u v\u1ec1 v\u0103n b\u1ea3n, c\u00e1c t\u1eeb v\u1eabn r\u00f5 n\u00e9t v\u00e0 d\u1ec5 \u0111\u1ecdc.<\/p>\n<p><img loading=\"lazy\" decoding=\"async\" class=\"size-full wp-image-6491 aligncenter\" src=\"https:\/\/www.konicaminolta.vn\/business\/wp-content\/uploads\/2019\/11\/0004-1.jpg\" alt=\"\" width=\"968\" height=\"705\" srcset=\"https:\/\/www.konicaminolta.vn\/business\/wp-content\/uploads\/2019\/11\/0004-1.jpg 968w, https:\/\/www.konicaminolta.vn\/business\/wp-content\/uploads\/2019\/11\/0004-1-300x218.jpg 300w, https:\/\/www.konicaminolta.vn\/business\/wp-content\/uploads\/2019\/11\/0004-1-768x559.jpg 768w, https:\/\/www.konicaminolta.vn\/business\/wp-content\/uploads\/2019\/11\/0004-1-600x437.jpg 600w\" sizes=\"auto, (max-width: 968px) 100vw, 968px\" \/><\/p>\n<p style=\"text-align: justify;\"><strong>In si\u00eau t\u1ed1c \u0111\u1ed9 cao<\/strong><\/p>\n<p style=\"text-align: justify;\">C\u00f3 th\u1ec3 in m\u1ed9t m\u00e0u \u0111\u1ea7y \u0111\u1ee7 l\u00ean \u0111\u1ebfn 160 trang m\u00e0u c\u1ea1nh d\u00e0i A4 m\u1ed7i ph\u00fat b\u1eb1ng m\u1ef1c b\u1ed9t m\u00e0u kh\u00f4 nhanh c\u00f3 th\u1ec3 th\u00f4ng qua m\u1ed9t c\u00f4ng c\u1ee5 in \u0111\u1ed9c \u0111\u00e1o \u0111\u01b0\u1ee3c c\u1ea5u h\u00ecnh v\u1edbi \u0111\u1ea7u in phun t\u0129nh \u0111\u01b0\u1ee3c b\u1ed1 tr\u00ed song song. B\u1ea3n in giao d\u1ecbch, t\u00e0i li\u1ec7u xuy\u00ean bi\u00ean gi\u1edbi, h\u00f3a \u0111\u01a1n v\u00e0 c\u00e1c t\u00e0i li\u1ec7u kinh doanh th\u00f4ng th\u01b0\u1eddng kh\u00e1c c\u0169ng nhanh ch\u00f3ng.<\/p>\n<p style=\"text-align: justify;\"><strong>Ki\u1ec3m so\u00e1t ch\u1ea5t l\u01b0\u1ee3ng \u0111\u1ea7u ra<\/strong><\/p>\n<p style=\"text-align: justify;\">Ki\u1ec3m so\u00e1t n\u1ea1p gi\u1ea5y c\u00f3 \u0111\u1ed9 ch\u00ednh x\u00e1c cao cho ph\u00e9p in \u1edf c\u00f9ng t\u1ed1c \u0111\u1ed9 cho c\u1ea3 t\u00e0i li\u1ec7u \u0111\u01a1n gi\u1ea3n v\u00e0 in hai m\u1eb7t \u0111\u1ec3 t\u0103ng n\u0103ng su\u1ea5t. Th\u1eddi gian in \u0111\u1ea7u ti\u00ean \u0111\u00e1p \u1ee9ng ch\u1ec9 n\u0103m gi\u00e2y c\u00f3 ngh\u0129a l\u00e0 \u00edt ph\u1ea3i ch\u1edd \u0111\u1ee3i c\u00e1c c\u00f4ng vi\u1ec7c in s\u1ed1 l\u01b0\u1ee3ng l\u1edbn.<\/p>\n<p style=\"text-align: justify;\"><strong>Qu\u00e9t v\u00e0 sao ch\u00e9p nhanh h\u01a1n (T\u00f9y ch\u1ecdn)<\/strong><\/p>\n<p style=\"text-align: justify;\">M\u00e1y qu\u00e9t hai m\u1eb7t m\u1ed9t l\u1ea7n gi\u00fap c\u1ea3i thi\u1ec7n qu\u00e1 tr\u00ecnh qu\u00e9t ho\u1eb7c sao ch\u00e9p, t\u1ef1 h\u00e0o v\u1edbi t\u1ed1c \u0111\u1ed9 qu\u00e9t \u0111\u01a1n gi\u1ea3n \/ song c\u00f4ng l\u00e0 100 trang m\u1ed7i ph\u00fat v\u00e0 t\u1ed1c \u0111\u1ed9 sao ch\u00e9p 70 trang m\u1ed7i ph\u00fat. T\u00ean ng\u01b0\u1eddi d\u00f9ng \u0111\u01b0\u1ee3c t\u1ef1 \u0111\u1ed9ng th\u00eam v\u00e0o t\u00ean t\u00e0i li\u1ec7u v\u00e0 m\u1ed7i trang d\u1eef li\u1ec7u \u0111\u01b0\u1ee3c qu\u00e9t c\u00f3 th\u1ec3 \u0111\u01b0\u1ee3c l\u01b0u d\u01b0\u1edbi d\u1ea1ng c\u00e1c t\u1ec7p PDF ri\u00eang l\u1ebb. C\u00e1c t\u00ednh n\u0103ng nh\u01b0 n\u00e9n ZIP v\u00e0 l\u01b0u \u1edf \u0111\u1ecbnh d\u1ea1ng PDF \/ A c\u0169ng c\u00f3 s\u1eb5n.<\/p>\n","protected":false},"excerpt":{"rendered":"<p style=\"text-align: justify;\"><strong>Riso ComColor GD 9630\/9631:<\/strong> \u0110\u01b0\u1ee3c thi\u1ebft k\u1ebf \u0111\u1ec3 trao quy\u1ec1n cho doanh nghi\u1ec7p c\u1ee7a b\u1ea1n v\u1edbi s\u1ea3n l\u01b0\u1ee3ng l\u1edbn, \u0111\u00e1ng tin c\u1eady v\u00e0 ch\u1ea5t l\u01b0\u1ee3ng. \u0110\u01b0\u1ee3c thi\u1ebft k\u1ebf cho c\u00f4ng vi\u1ec7c in \u1ea5n t\u1ed1c \u0111\u1ed9, \u1ed5n \u0111\u1ecbnh v\u00e0 kh\u1ed1i l\u01b0\u1ee3ng l\u1edbn<\/p>\n","protected":false},"featured_media":6492,"comment_status":"closed","ping_status":"closed","template":"","meta":[],"product_cat":[171],"product_tag":[],"class_list":["post-6488","product","type-product","status-publish","has-post-thumbnail","hentry","product_cat-may-in-riso"],"_links":{"self":[{"href":"https:\/\/www.konicaminolta.vn\/business\/wp-json\/wp\/v2\/product\/6488","targetHints":{"allow":["GET"]}}],"collection":[{"href":"https:\/\/www.konicaminolta.vn\/business\/wp-json\/wp\/v2\/product"}],"about":[{"href":"https:\/\/www.konicaminolta.vn\/business\/wp-json\/wp\/v2\/types\/product"}],"replies":[{"embeddable":true,"href":"https:\/\/www.konicaminolta.vn\/business\/wp-json\/wp\/v2\/comments?post=6488"}],"wp:featuredmedia":[{"embeddable":true,"href":"https:\/\/www.konicaminolta.vn\/business\/wp-json\/wp\/v2\/media\/6492"}],"wp:attachment":[{"href":"https:\/\/www.konicaminolta.vn\/business\/wp-json\/wp\/v2\/media?parent=6488"}],"wp:term":[{"taxonomy":"product_cat","embeddable":true,"href":"https:\/\/www.konicaminolta.vn\/business\/wp-json\/wp\/v2\/product_cat?post=6488"},{"taxonomy":"product_tag","embeddable":true,"href":"https:\/\/www.konicaminolta.vn\/business\/wp-json\/wp\/v2\/product_tag?post=6488"}],"curies":[{"name":"wp","href":"https:\/\/api.w.org\/{rel}","templated":true}]}}