{"id":7461,"date":"2021-01-11T10:12:28","date_gmt":"2021-01-11T03:12:47","guid":{"rendered":"https:\/\/www.konicaminolta.vn\/business\/?post_type=product&#038;p=7461"},"modified":"2024-07-15T10:28:20","modified_gmt":"2024-07-15T03:28:20","slug":"bizhub-c650i-c550i-c450i","status":"publish","type":"product","link":"https:\/\/www.konicaminolta.vn\/business\/product\/bizhub-c650i-c550i-c450i\/","title":{"rendered":"bizhub C650i\/C550i\/C450i"},"content":{"rendered":"<p style=\"text-align: center;\"><iframe loading=\"lazy\" src=\"\/\/www.youtube.com\/embed\/xdeZNl7cOrk?t=15s\" width=\"560\" height=\"314\" allowfullscreen=\"allowfullscreen\"><\/iframe><\/p>\n<p><strong>C\u00e1c \u0111\u1eb7c \u0111i\u1ec3m n\u1ed5i b\u1eadt c\u1ee7a m\u00e1y photocopy\u00a0m\u00e0u \u0111a ch\u1ee9c n\u0103ng bizhub C650i \/C550i\/C450i:<\/strong><\/p>\n<ul>\n<li>T\u1ed1c \u0111\u1ed9 in \u1ea5n l\u00ean \u0111\u1ebfn 65\/55\/45 trang\/ph\u00fat in m\u00e0u v\u00e0 \u0111\u01a1n s\u1eafc<\/li>\n<li>\u0110\u1ecbnh d\u1ea1ng gi\u1ea5y: A6-SRA3, c\u00e1c \u0111\u1ecbnh d\u1ea1ng t\u00f9y ch\u1ec9nh v\u00e0 in banner c\u00f3 chi\u1ec1u d\u00e0i l\u00ean \u0111\u1ebfn 1,2 m.<\/li>\n<li>T\u1ef1 \u0111\u1ed9ng ph\u00e1t hi\u1ec7n lo\u1ea1i ph\u01b0\u01a1ng ti\u1ec7n gi\u00fap c\u1ea3i thi\u1ec7n Tr\u1ea3i nghi\u1ec7m Ng\u01b0\u1eddi d\u00f9ng.<\/li>\n<li>M\u00e0n h\u00ecnh giao di\u1ec7n m\u00e0u 10.1 inch \u0111\u01b0\u1ee3c thi\u1ebft k\u1ebf m\u00f4 ph\u1ecfng nh\u01b0 b\u1ea3ng \u0111i\u1ec1u khi\u1ec3n c\u1ea3m \u1ee9ng v\u1edbi giao di\u1ec7n ng\u01b0\u1eddi d\u00f9ng hi\u1ec7n \u0111\u1ea1i c\u00f3 th\u1ec3 t\u00f9y ch\u1ec9nh d\u1ec5 d\u00e0ng.<\/li>\n<li>B\u1ea3o m\u1eadt d\u1eef li\u1ec7u h\u00e0ng \u0111\u1ea7u nh\u1edd v\u00e0o c\u00e1c t\u00ednh n\u0103ng b\u1ea3o m\u1eadt kh\u00e1c nhau bao g\u1ed3m ph\u1ea7n m\u1ec1m ch\u1ed1ng vi-r\u00fat Bitdefender gi\u00fap gi\u1ea3m nguy c\u01a1 m\u1ea5t d\u1eef li\u1ec7u v\u00e0 gi\u1eef an to\u00e0n cho d\u1eef li\u1ec7u m\u1eadt<\/li>\n<li>Th\u00e2n thi\u1ec7n h\u01a1n v\u1edbi m\u00f4i tr\u01b0\u1eddng \u2013 ti\u00eau th\u1ee5 \u00edt n\u0103ng l\u01b0\u1ee3ng h\u01a1n, \u00edt ti\u1ebfng \u1ed3n h\u01a1n v\u00e0 th\u1eddi gi\u1ea3n kh\u1edfi \u0111\u1ed9ng ng\u1eafn.<\/li>\n<\/ul>\n<p><img loading=\"lazy\" decoding=\"async\" class=\"aligncenter size-large wp-image-7462\" src=\"https:\/\/www.konicaminolta.vn\/business\/wp-content\/uploads\/2021\/01\/bizhub-C450i-location-picture_EM2_6532-1.jpg\" alt=\"\" width=\"1024\" height=\"683\" srcset=\"https:\/\/www.konicaminolta.vn\/business\/wp-content\/uploads\/2021\/01\/bizhub-C450i-location-picture_EM2_6532-1.jpg 5760w, https:\/\/www.konicaminolta.vn\/business\/wp-content\/uploads\/2021\/01\/bizhub-C450i-location-picture_EM2_6532-1-300x200.jpg 300w, https:\/\/www.konicaminolta.vn\/business\/wp-content\/uploads\/2021\/01\/bizhub-C450i-location-picture_EM2_6532-1-768x512.jpg 768w, https:\/\/www.konicaminolta.vn\/business\/wp-content\/uploads\/2021\/01\/bizhub-C450i-location-picture_EM2_6532-1-1024x683.jpg 1024w, https:\/\/www.konicaminolta.vn\/business\/wp-content\/uploads\/2021\/01\/bizhub-C450i-location-picture_EM2_6532-1-600x400.jpg 600w\" sizes=\"auto, (max-width: 1024px) 100vw, 1024px\" \/><\/p>\n<p><strong>GI\u1ea2I TH\u01af\u1edeNG S\u1ea2N PH\u1ea8M<\/strong><\/p>\n<p style=\"text-align: justify;\"><strong>Gi\u1ea3i th\u01b0\u1edfng D\u00f2ng s\u1ea3n ph\u1ea9m kh\u1ed5 A3 xu\u1ea5t s\u1eafc c\u1ee7a n\u0103m 2021 (BLI 2021 A3 Line of the Year)<\/strong><\/p>\n<p><img loading=\"lazy\" decoding=\"async\" class=\"aligncenter wp-image-8000\" src=\"https:\/\/www.konicaminolta.vn\/business\/wp-content\/uploads\/2021\/01\/Seal-Konica-Minolta-Inc.-LOY-A3-AS-WINTER-2021-SEAL-1.jpg\" alt=\"\" width=\"200\" height=\"202\" srcset=\"https:\/\/www.konicaminolta.vn\/business\/wp-content\/uploads\/2021\/01\/Seal-Konica-Minolta-Inc.-LOY-A3-AS-WINTER-2021-SEAL-1.jpg 2954w, https:\/\/www.konicaminolta.vn\/business\/wp-content\/uploads\/2021\/01\/Seal-Konica-Minolta-Inc.-LOY-A3-AS-WINTER-2021-SEAL-1-297x300.jpg 297w, https:\/\/www.konicaminolta.vn\/business\/wp-content\/uploads\/2021\/01\/Seal-Konica-Minolta-Inc.-LOY-A3-AS-WINTER-2021-SEAL-1-768x775.jpg 768w, https:\/\/www.konicaminolta.vn\/business\/wp-content\/uploads\/2021\/01\/Seal-Konica-Minolta-Inc.-LOY-A3-AS-WINTER-2021-SEAL-1-1015x1024.jpg 1015w, https:\/\/www.konicaminolta.vn\/business\/wp-content\/uploads\/2021\/01\/Seal-Konica-Minolta-Inc.-LOY-A3-AS-WINTER-2021-SEAL-1-50x50.jpg 50w, https:\/\/www.konicaminolta.vn\/business\/wp-content\/uploads\/2021\/01\/Seal-Konica-Minolta-Inc.-LOY-A3-AS-WINTER-2021-SEAL-1-600x605.jpg 600w, https:\/\/www.konicaminolta.vn\/business\/wp-content\/uploads\/2021\/01\/Seal-Konica-Minolta-Inc.-LOY-A3-AS-WINTER-2021-SEAL-1-100x100.jpg 100w\" sizes=\"auto, (max-width: 200px) 100vw, 200px\" \/><\/p>\n<p style=\"text-align: justify;\">bizhub C650i \/ C550i \/ C450i \u0111\u00e3 nh\u1eadn \u0111\u01b0\u1ee3c Gi\u1ea3i th\u01b0\u1edfng BLI D\u00f2ng m\u00e1y A3 c\u1ee7a n\u0103m 2021. Gi\u1ea3i th\u01b0\u1edfng n\u00e0y c\u00f4ng nh\u1eadn d\u00f2ng s\u1ea3n ph\u1ea9m Konica Minolta bizhub i-Series \u0111\u01b0\u1ee3c \u0111\u00e1nh gi\u00e1 t\u1ed1t nh\u1ea5t v\u1ec1 t\u1ed5ng th\u1ec3 d\u1ef1a tr\u00ean c\u00e1c ti\u00eau chu\u1ea9n \u0111\u00e1nh gi\u00e1 nghi\u00eam ng\u1eb7t.<\/p>\n<p><strong>Gi\u1ea3i th\u01b0\u1edfng Good Packaging 2019<\/strong><\/p>\n<p style=\"text-align: justify;\">Air Cushion \u0111\u00e3 gi\u00e0nh \u0111\u01b0\u1ee3c gi\u1ea3i th\u01b0\u1edfng l\u1edbn, ch\u1ee7 t\u1ecbch c\u1ee7a Trung t\u00e2m N\u0103ng su\u1ea5t Nh\u1eadt B\u1ea3n cho Gi\u1ea3i th\u01b0\u1edfng Ph\u00e1t tri\u1ec3n Kinh t\u1ebf X\u00e3 h\u1ed9i\u201d trong \u201cCu\u1ed9c thi Bao b\u00ec Nh\u1eadt B\u1ea3n n\u0103m 2019\u201d.<\/p>\n<p><img loading=\"lazy\" decoding=\"async\" class=\"aligncenter size-full wp-image-7464\" src=\"https:\/\/www.konicaminolta.vn\/business\/wp-content\/uploads\/2021\/01\/good-packaging-1.jpg\" alt=\"\" width=\"564\" height=\"159\" srcset=\"https:\/\/www.konicaminolta.vn\/business\/wp-content\/uploads\/2021\/01\/good-packaging-1.jpg 564w, https:\/\/www.konicaminolta.vn\/business\/wp-content\/uploads\/2021\/01\/good-packaging-1-300x85.jpg 300w\" sizes=\"auto, (max-width: 564px) 100vw, 564px\" \/><\/p>\n<p style=\"text-align: justify;\">C\u00e1c nh\u00e0 s\u1ea3n xu\u1ea5t kh\u00e1c \u0111\u00e3 ghi nh\u1eadn t\u00ednh linh ho\u1ea1t cao c\u1ee7a Air Cushion. M\u1eb7t kh\u00e1c, ch\u00fang t\u00f4i \u0111ang m\u1edf r\u1ed9ng vi\u1ec7c s\u1eed d\u1ee5ng Air Cushion tr\u00ean c\u00e1c chi nh\u00e1nh c\u0169ng nh\u01b0 c\u00e1c k\u00eanh b\u00e1n h\u00e0ng tr\u1ef1c ti\u1ebfp.<\/p>\n","protected":false},"excerpt":{"rendered":"<p style=\"text-align: justify;\"><strong>Tinh gi\u1ea3n, B\u1ea3o m\u1eadt v\u00e0 K\u1ebft n\u1ed1i. C\u00f9ng kh\u00e1m ph\u00e1 d\u00f2ng m\u00e1y in cao c\u1ea5p bizhub i-Series<\/strong><\/p>\n<p style=\"text-align: justify;\">Th\u1ebf h\u1ec7 bizhub i-Series th\u1ee9 hai \u0111\u01b0\u1ee3c thi\u1ebft k\u1ebf nh\u01b0 m\u1ed9t m\u00e1y in v\u0103n ph\u00f2ng t\u00edch h\u1ee3p nhi\u1ec1u ch\u1ee9c n\u0103ng c\u00f9ng v\u1edbi kh\u1ea3 n\u0103ng v\u1eadn h\u00e0nh d\u1ec5 d\u00e0ng v\u00e0 hi\u1ec7u su\u1ea5t ch\u1ea5t l\u01b0\u1ee3ng cao. Bizhub i-Series h\u1ed7 tr\u1ee3 k\u1ebft n\u1ed1i IoT n\u00e2ng c\u1ea5p v\u0103n ph\u00f2ng l\u00e0m vi\u1ec7c l\u00ean m\u1ed9t c\u1ea5p \u0111\u1ed9 m\u1edbi. S\u1ef1 \u0111a d\u1ea1ng c\u00e1c t\u00ednh n\u0103ng t\u00f9y bi\u1ebfn ch\u00ednh l\u00e0 y\u1ebfu t\u1ed1 m\u00e0 bizhub i-Series tr\u1edf th\u00e0nh m\u00e1y photocopy l\u00fd t\u01b0\u1edfng d\u00e0nh cho b\u1ed9 ph\u1eadn chuy\u00ean m\u00f4n v\u1edbi kh\u1ed1i l\u01b0\u1ee3ng in \u1ea5n cao v\u00e0 ho\u1ea1t \u0111\u1ed9ng ti\u00ean phong cho ph\u1ea7n m\u1ec1m MCS (C\u00e1c d\u1ecbch v\u1ee5 n\u1ed9i dung \u0111\u01b0\u1ee3c qu\u1ea3n l\u00fd) nh\u01b0 c\u00e1c d\u1ecbnh v\u1ee5 cao c\u1ea5p c\u1ee7a \u00fd t\u01b0\u1edfng V\u0103n ph\u00f2ng K\u1ebft n\u1ed1i. Tr\u1ea3i nghi\u1ec7m n\u01a1i l\u00e0m vi\u1ec7c trong t\u01b0\u01a1ng lai ngay h\u00f4m nay v\u1edbi d\u00f2ng bizhub i-Series m\u1edbi \u0111\u00e3 c\u1ea3i ti\u1ebfn.<\/p>\n<p style=\"text-align: justify;\"><a href=\"https:\/\/rethinkthefuture.konicaminolta.asia\/?__hstc=253233494.ef694c44f2ecbdda9a7ae7fd2b981c03.1598493244714.1608535487063.1608690211546.23&amp;__hssc=253233494.9.1608690211546&amp;__hsfp=2967768925\">XEM TH\u00caM<\/a><\/p>\n","protected":false},"featured_media":10806,"comment_status":"closed","ping_status":"closed","template":"","meta":[],"product_cat":[151,152],"product_tag":[],"class_list":["post-7461","product","type-product","status-publish","has-post-thumbnail","hentry","product_cat-in-an-van-phong","product_cat-may-in-mau-da-chuc-nang"],"_links":{"self":[{"href":"https:\/\/www.konicaminolta.vn\/business\/wp-json\/wp\/v2\/product\/7461","targetHints":{"allow":["GET"]}}],"collection":[{"href":"https:\/\/www.konicaminolta.vn\/business\/wp-json\/wp\/v2\/product"}],"about":[{"href":"https:\/\/www.konicaminolta.vn\/business\/wp-json\/wp\/v2\/types\/product"}],"replies":[{"embeddable":true,"href":"https:\/\/www.konicaminolta.vn\/business\/wp-json\/wp\/v2\/comments?post=7461"}],"wp:featuredmedia":[{"embeddable":true,"href":"https:\/\/www.konicaminolta.vn\/business\/wp-json\/wp\/v2\/media\/10806"}],"wp:attachment":[{"href":"https:\/\/www.konicaminolta.vn\/business\/wp-json\/wp\/v2\/media?parent=7461"}],"wp:term":[{"taxonomy":"product_cat","embeddable":true,"href":"https:\/\/www.konicaminolta.vn\/business\/wp-json\/wp\/v2\/product_cat?post=7461"},{"taxonomy":"product_tag","embeddable":true,"href":"https:\/\/www.konicaminolta.vn\/business\/wp-json\/wp\/v2\/product_tag?post=7461"}],"curies":[{"name":"wp","href":"https:\/\/api.w.org\/{rel}","templated":true}]}}